000
CXUS54 KMEG 200636
CF6MEM
PRELIMINARY LOCAL CLIMATOLOGICAL DATA (WS FORM: F-6)

                                          STATION:   MEMPHIS
                                          MONTH:     AUGUST
                                          YEAR:      2017
                                          LATITUDE:   35  3 N
                                          LONGITUDE:  89 59 W

  TEMPERATURE IN F:       :PCPN:    SNOW:  WIND      :SUNSHINE: SKY     :PK WND
================================================================================
1   2   3   4   5  6A  6B    7    8   9   10  11  12  13   14  15   16   17  18
                                     12Z  AVG MX 2MIN
DY MAX MIN AVG DEP HDD CDD  WTR  SNW DPTH SPD SPD DIR MIN PSBL S-S WX    SPD DR
================================================================================

 1  85  72  79  -4   0  14 0.02  0.0    0  4.8 13 310   M    M   8        17 250
 2  88  68  78  -5   0  13 0.15  0.0    0  4.7 13 310   M    M   7 1      20 340
 3  90  71  81  -2   0  16 0.00  0.0    0  5.0 13 240   M    M   3        22 250
 4  85  68  77  -6   0  12 1.01  0.0    0  6.1 21 330   M    M   5 123    27 300
 5  88  67  78  -5   0  13 0.00  0.0    0  7.6 18 110   M    M   3        23 120
 6  85  72  79  -4   0  14 0.12  0.0    0  8.5 20 220   M    M   6 18     29 200
 7  83  73  78  -5   0  13 0.00  0.0    0  7.0 15  10   M    M   9 8      19  10
 8  87  72  80  -3   0  15 0.00  0.0    0 10.4 20  30   M    M   4        23  30
 9  89  70  80  -3   0  15 0.00  0.0    0  6.4 13  10   M    M   3        17 100
10  93  71  82  -1   0  17 0.00  0.0    0  3.0 10 190   M    M   4        20  80
11  88  70  79  -3   0  14 1.34  0.0    0  5.1 35 320   M    M   6 123    45 300
12  87  72  80  -2   0  15 0.00  0.0    0  6.3 15 360   M    M   6        23  20
13  82  72  77  -5   0  12 0.02  0.0    0  5.5 12  50   M    M  10 1      14  50
14  85  74  80  -2   0  15 0.30  0.0    0  6.7 21 260   M    M   9 13     30 260
15  89  73  81  -1   0  16 0.18  0.0    0  4.7 15 310   M    M   7 13     19 300
16  90  75  83   1   0  18 0.00  0.0    0  9.1 15 230   M    M   5        24 250
17  88  75  82   0   0  17 0.40  0.0    0  8.4 16 210   M    M   7 13     25 240
18  91  72  82   0   0  17 0.00  0.0    0  3.8 13 270   M    M   2        18 280
19  94  73  84   2   0  19 0.00  0.0    0  4.0 10 290   M    M   4        15 310
================================================================================
SM 1667 1360         0 285  3.54     0.0 117.1          M      108
================================================================================
AV 87.7 71.6                               6.2 FASTST   M    M   6    MAX(MPH)
                                 MISC ---->  # 35 320               # 45  300
================================================================================
NOTES:
# LAST OF SEVERAL OCCURRENCES

COLUMN 17 PEAK WIND IN M.P.H.

PRELIMINARY LOCAL CLIMATOLOGICAL DATA (WS FORM: F-6) , PAGE 2

                                          STATION:  MEMPHIS
                                          MONTH:    AUGUST
                                          YEAR:     2017
                                          LATITUDE:   35  3 N
                                          LONGITUDE:  89 59 W

[TEMPERATURE DATA]      [PRECIPITATION DATA]       SYMBOLS USED IN COLUMN 16

AVERAGE MONTHLY: 79.7   TOTAL FOR MONTH:   3.54    1 = FOG OR MIST
DPTR FM NORMAL:  -2.9   DPTR FM NORMAL:    1.58    2 = FOG REDUCING VISIBILITY
HIGHEST:    94 ON 19    GRTST 24HR  1.34 ON 11-11      TO 1/4 MILE OR LESS
LOWEST:     67 ON  5                               3 = THUNDER
                        SNOW, ICE PELLETS, HAIL    4 = ICE PELLETS
                        TOTAL MONTH:   0.0 INCH    5 = HAIL
                        GRTST 24HR     0.0         6 = FREEZING RAIN OR DRIZZLE
                        GRTST DEPTH:   0           7 = DUSTSTORM OR SANDSTORM:
                                                       VSBY 1/2 MILE OR LESS
                                                   8 = SMOKE OR HAZE
[NO. OF DAYS WITH]      [WEATHER - DAYS WITH]      9 = BLOWING SNOW
                                                   X = TORNADO
MAX 32 OR BELOW:   0    0.01 INCH OR MORE:   9
MAX 90 OR ABOVE:   5    0.10 INCH OR MORE:   7
MIN 32 OR BELOW:   0    0.50 INCH OR MORE:   2
MIN  0 OR BELOW:   0    1.00 INCH OR MORE:   2

[HDD (BASE 65) ]
TOTAL THIS MO.     0    CLEAR  (SCALE 0-3)   2
DPTR FM NORMAL     0    PTCLDY (SCALE 4-7)  13
TOTAL FM JUL 1     0    CLOUDY (SCALE 8-10)  4
DPTR FM NORMAL     0

[CDD (BASE 65) ]
TOTAL THIS MO.   285
DPTR FM NORMAL   -50    [PRESSURE DATA]
TOTAL FM JAN 1  1646    HIGHEST SLP M ON M
DPTR FM NORMAL     3    LOWEST  SLP 29.82 ON 14

[REMARKS]
