000
CXUS54 KMEG 290643
CF6MEM
PRELIMINARY LOCAL CLIMATOLOGICAL DATA (WS FORM: F-6)

                                          STATION:   MEMPHIS
                                          MONTH:     JULY
                                          YEAR:      2014
                                          LATITUDE:   35  3 N
                                          LONGITUDE:  89 59 W

  TEMPERATURE IN F:       :PCPN:    SNOW:  WIND      :SUNSHINE: SKY     :PK WND
================================================================================
1   2   3   4   5  6A  6B    7    8   9   10  11  12  13   14  15   16   17  18
                                     12Z  AVG MX 2MIN
DY MAX MIN AVG DEP HDD CDD  WTR  SNW DPTH SPD SPD DIR MIN PSBL S-S WX    SPD DR
================================================================================

 1  91  73  82   0   0  17 0.01  0.0    0  9.2 26  10   M    M   2        36  10
 2  89  69  79  -3   0  14 0.09  0.0    0  4.3 23 290   M    M   6 38     31 270
 3  82  68  75  -7   0  10 0.00  0.0    0  7.8 16  30   M    M   4        22  70
 4  83  64  74  -8   0   9 0.00  0.0    0  6.4 13  50   M    M   3        20 360
 5  86  64  75  -7   0  10 0.00  0.0    0  2.8 10 340   M    M   3 8      15  40
 6  87  65  76  -7   0  11 0.00  0.0    0  3.7  9 180   M    M   4        13  20
 7  91  74  83   0   0  18 0.00  0.0    0  9.2 17 250   M    M   6        22 210
 8  90  74  82  -1   0  17 0.85  0.0    0  9.0 28 300   M    M   8 13     36 300
 9  85  73  79  -4   0  14 0.03  0.0    0  4.6 12 280   M    M   7 3      16 270
10  90  71  81  -2   0  16 0.00  0.0    0  3.5 12  40   M    M   5        17 310
11  89  76  83   0   0  18 0.01  0.0    0  3.6 15  50   M    M   7 8      17  50
12  94  74  84   1   0  19    T  0.0    0  2.7 12 170   M    M   3        14 180
13  93  75  84   1   0  19 0.00  0.0    0  5.1 14  60   M    M   4        21 230
14  95  73  84   1   0  19 0.56  0.0    0  9.6 32 300   M    M   5 13     47 270
15  81  67  74  -9   0   9 0.00  0.0    0  8.9 17 360   M    M   6 1      22  10
16  80  62  71 -12   0   6 0.00  0.0    0  5.6 14  20   M    M   5        17  60
17  78  66  72 -11   0   7 0.08  0.0    0  5.7 10  80   M    M  10        16  60
18  69  65  67 -16   0   2 0.28  0.0    0  8.6 15  70   M    M  10 18     20  70
19  79  66  73 -10   0   8    T  0.0    0  3.9 12  20   M    M   9 1      17  10
20  84  67  76  -7   0  11 0.00  0.0    0  2.3  9  20   M    M   7 1      15 220
21  87  67  77  -6   0  12 0.00  0.0    0  3.5 10  30   M    M   3 1      17 210
22  92  71  82  -1   0  17 0.00  0.0    0  3.3  9 320   M    M   2        21 340
23  94  72  83   0   0  18 0.64  0.0    0  4.9 29 120   M    M   5 138    39 120
24  83  71  77  -6   0  12 0.00  0.0    0  7.8 16  20   M    M   2        22 350
25  87  66  77  -6   0  12 0.00  0.0    0  4.0 10 150   M    M   3        18  10
26  93  71  82  -1   0  17 0.00  0.0    0  8.1 15 220   M    M   3        24 240
27  93  79  86   3   0  21 0.00  0.0    0  8.8 17 230   M    M   6        23 200
28  86  73  80  -3   0  15 0.00  0.0    0  8.8 18  10   M    M   3        24  20
================================================================================
SM 2431 1956         0 378  2.55     0.0 165.7          M      141
================================================================================
AV 86.8 69.9                               5.9 FASTST   M    M   5    MAX(MPH)
                                 MISC ---->  # 32 300               # 47  270
================================================================================
NOTES:
# LAST OF SEVERAL OCCURRENCES

COLUMN 17 PEAK WIND IN M.P.H.

PRELIMINARY LOCAL CLIMATOLOGICAL DATA (WS FORM: F-6) , PAGE 2

                                          STATION:  MEMPHIS
                                          MONTH:    JULY
                                          YEAR:     2014
                                          LATITUDE:   35  3 N
                                          LONGITUDE:  89 59 W

[TEMPERATURE DATA]      [PRECIPITATION DATA]       SYMBOLS USED IN COLUMN 16

AVERAGE MONTHLY: 78.3   TOTAL FOR MONTH:   2.55    1 = FOG OR MIST
DPTR FM NORMAL:  -4.5   DPTR FM NORMAL:   -1.63    2 = FOG REDUCING VISIBILITY
HIGHEST:    95 ON 14    GRTST 24HR  0.87 ON  8- 9      TO 1/4 MILE OR LESS
LOWEST:     62 ON 16                               3 = THUNDER
                        SNOW, ICE PELLETS, HAIL    4 = ICE PELLETS
                        TOTAL MONTH:   0.0 INCH    5 = HAIL
                        GRTST 24HR     0.0         6 = FREEZING RAIN OR DRIZZLE
                        GRTST DEPTH:   0           7 = DUSTSTORM OR SANDSTORM:
                                                       VSBY 1/2 MILE OR LESS
                                                   8 = SMOKE OR HAZE
[NO. OF DAYS WITH]      [WEATHER - DAYS WITH]      9 = BLOWING SNOW
                                                   X = TORNADO
MAX 32 OR BELOW:   0    0.01 INCH OR MORE:   9
MAX 90 OR ABOVE:  11    0.10 INCH OR MORE:   4
MIN 32 OR BELOW:   0    0.50 INCH OR MORE:   3
MIN  0 OR BELOW:   0    1.00 INCH OR MORE:   0

[HDD (BASE 65) ]
TOTAL THIS MO.     0    CLEAR  (SCALE 0-3)   8
DPTR FM NORMAL     0    PTCLDY (SCALE 4-7)  17
TOTAL FM JUL 1     0    CLOUDY (SCALE 8-10)  3
DPTR FM NORMAL     0

[CDD (BASE 65) ]
TOTAL THIS MO.   378
DPTR FM NORMAL  -122    [PRESSURE DATA]
TOTAL FM JAN 1  1126    HIGHEST SLP M ON M
DPTR FM NORMAL  -133    LOWEST  SLP 29.83 ON 14

[REMARKS]
