114
CXUS54 KLZK 221130
CF6MEZ
PRELIMINARY LOCAL CLIMATOLOGICAL DATA (WS FORM: F-6)

                                          STATION:   Mena Airport
                                          MONTH:     NOVEMBER
                                          YEAR:      2017
                                          LATITUDE:   34  9 N
                                          LONGITUDE:  94 15 W

  TEMPERATURE IN F:       :PCPN:    SNOW:  WIND      :SUNSHINE: SKY     :PK WND
================================================================================
1   2   3   4   5  6A  6B    7    8   9   10  11  12  13   14  15   16   17  18
                                     12Z  AVG MX 2MIN
DY MAX MIN AVG DEP HDD CDD  WTR  SNW DPTH SPD SPD DIR MIN PSBL S-S WX    SPD DR
================================================================================

 1  70  45  58   3   7   0 0.01    M    M  0.9  5 190   M    M  10         M  M
 2  84  70  77  22   0  12 0.00    M    M  2.3  7 190   M    M   6         M  M
 3  82  63  73  18   0   8 0.00    M    M  1.7 10 250   M    M   6         M  M
 4  79  63  71  17   0   6 0.08    M    M  2.9  7 200   M    M   7         M  M
 5  82  64  73  19   0   8 0.00    M    M  4.2  8 210   M    M   7        20 220
 6  66  59  63   9   2   0 0.05    M    M  0.5  6 260   M    M  10         M  M
 7  59  52  56   3   9   0 0.00    M    M  1.6  6 360   M    M  10         M  M
 8  50  46  48  -5  17   0 0.02    M    M  2.9  8  50   M    M  10         M  M
 9  63  36  50  -2  15   0 0.01    M    M  0.8  6 350   M    M   2         M  M
10  64  34  49  -3  16   0 0.00    M    M  1.7  8  80   M    M   0         M  M
11  63  34  49  -3  16   0 0.00    M    M  0.5  5 180   M    M   9         M  M
12  72  50  61  10   4   0 0.00  0.0    0  0.9  8  20   M    M   6         M  M
13  64  41  53   2  12   0 0.00  0.0    0  1.1  6  90   M    M   6         M  M
14  61  52  57   6   8   0 0.00  0.0    0  0.3  4  70   M    M   9         M  M
15  68  59  64  14   1   0 0.01  0.0    0  2.5  8 260   M    M  10         M  M
16  61  50  56   6   9   0 0.00  0.0    0  2.8  7  90   M    M  10         M  M
17  73  59  66  17   0   1 0.00  0.0    0  5.9 13 200   M    M   8        24 220
18  75  46  61  12   4   0 0.00  0.0    0 11.7 28 280   M    M   6        38 280
19  61  32  47  -1  18   0 0.00  0.0    0  3.0 10 310   M    M   0         M  M
20  63  30  47  -1  18   0 0.00  0.0    0  2.1  8 210   M    M   0         M  M
21  64  41  53   5  12   0 0.00  0.0    0  3.0  9  10   M    M   3         M  M
================================================================================
SM 1424 1026       168  35  0.18     0.0  53.3          M      135
================================================================================
AV 67.8 48.9                               2.5 FASTST   M    M   6    MAX(MPH)
                                 MISC ---->  # 28 280               # 38  280
================================================================================
NOTES:
# LAST OF SEVERAL OCCURRENCES

COLUMN 17 PEAK WIND IN M.P.H.

PRELIMINARY LOCAL CLIMATOLOGICAL DATA (WS FORM: F-6) , PAGE 2

                                          STATION:  Mena Airport
                                          MONTH:    NOVEMBER
                                          YEAR:     2017
                                          LATITUDE:   34  9 N
                                          LONGITUDE:  94 15 W

[TEMPERATURE DATA]      [PRECIPITATION DATA]       SYMBOLS USED IN COLUMN 16

AVERAGE MONTHLY: 58.3   TOTAL FOR MONTH:   0.18    1 = FOG OR MIST
DPTR FM NORMAL:   6.7   DPTR FM NORMAL:   -3.85    2 = FOG REDUCING VISIBILITY
HIGHEST:    84 ON  2    GRTST 24HR  0.08 ON  4- 4      TO 1/4 MILE OR LESS
LOWEST:     30 ON 20                               3 = THUNDER
                        SNOW, ICE PELLETS, HAIL    4 = ICE PELLETS
                        TOTAL MONTH:   0.0 INCH    5 = HAIL
                        GRTST 24HR     0.0         6 = FREEZING RAIN OR DRIZZLE
                        GRTST DEPTH:   0           7 = DUSTSTORM OR SANDSTORM:
                                                       VSBY 1/2 MILE OR LESS
                                                   8 = SMOKE OR HAZE
[NO. OF DAYS WITH]      [WEATHER - DAYS WITH]      9 = BLOWING SNOW
                                                   X = TORNADO
MAX 32 OR BELOW:   0    0.01 INCH OR MORE:   6
MAX 90 OR ABOVE:   0    0.10 INCH OR MORE:   0
MIN 32 OR BELOW:   2    0.50 INCH OR MORE:   0
MIN  0 OR BELOW:   0    1.00 INCH OR MORE:   0

[HDD (BASE 65) ]
TOTAL THIS MO.   168    CLEAR  (SCALE 0-3)   5
DPTR FM NORMAL  -116    PTCLDY (SCALE 4-7)   7
TOTAL FM JUL 1   308    CLOUDY (SCALE 8-10)  9
DPTR FM NORMAL  -197

[CDD (BASE 65) ]
TOTAL THIS MO.    35
DPTR FM NORMAL    33    [PRESSURE DATA]
TOTAL FM JAN 1  2046    HIGHEST SLP M ON M
DPTR FM NORMAL   532    LOWEST  SLP M ON M

[REMARKS]
