000
CXUS54 KBRO 290900
CF6MFE
PRELIMINARY LOCAL CLIMATOLOGICAL DATA (WS FORM: F-6)

                                          STATION:   MCALLEN
                                          MONTH:     MARCH
                                          YEAR:      2017
                                          LATITUDE:   26 10 N
                                          LONGITUDE:  98 14 W

  TEMPERATURE IN F:       :PCPN:    SNOW:  WIND      :SUNSHINE: SKY     :PK WND
================================================================================
1   2   3   4   5  6A  6B    7    8   9   10  11  12  13   14  15   16   17  18
                                     12Z  AVG MX 2MIN
DY MAX MIN AVG DEP HDD CDD  WTR  SNW DPTH SPD SPD DIR MIN PSBL S-S WX    SPD DR
================================================================================

 1  88  70  79  11   0  14 0.00  0.0    0 12.3 22  10   M    M   6 18     30  30
 2  76  62  69   1   0   4 0.00  0.0    0 13.0 22  20   M    M   9        32  10
 3  74  63  69   1   0   4 0.00  0.0    0  9.2 15  70   M    M  10        23  40
 4  75  64  70   2   0   5 1.75  0.0    0  5.8 22 130   M    M  10 123    25 130
 5  85  65  75   7   0  10    T  0.0    0  7.0 17 140   M    M   7 1      22 150
 6  89  72  81  12   0  16 0.00  0.0    0 16.1 29 140   M    M   6 1      36 160
 7  89  74  82  13   0  17 0.00  0.0    0 13.0 21 150   M    M   6 18     29 160
 8  89  73  81  12   0  16    T  0.0    0  9.8 26 160   M    M   7 138    36 130
 9  85  71  78   9   0  13 0.72  0.0    0  7.1 29 160   M    M   6 13     36 150
10  84  71  78   8   0  13 0.04  0.0    0  8.3 22 130   M    M   6 13     25 130
11  87  69  78   8   0  13 0.01  0.0    0  4.4 15  50   M    M   8 1      18  80
12  75  60  68  -2   0   3    T  0.0    0 10.6 23  30   M    M   8 18     30  30
13  67  60  64  -6   1   0    T  0.0    0  5.8 16 360   M    M   9 18     20 350
14  80  53  67  -3   0   2 0.00  0.0    0  6.4 16 130   M    M   1 1      19 140
15  85  59  72   1   0   7 0.00  0.0    0 12.4 22 120   M    M   5        27 120
16  87  64  76   5   0  11 0.00  0.0    0 14.3 26 130   M    M   2 18     33 140
17  86  68  77   6   0  12 0.00  0.0    0 15.8 26 140   M    M   3        35 150
18  88  67  78   7   0  13 0.00  0.0    0 11.3 21 130   M    M   4 18     26 130
19  89  65  77   5   0  12 0.00  0.0    0 11.4 23 130   M    M   4 18     27 140
20  89  64  77   5   0  12 0.00  0.0    0 13.2 25 150   M    M   0        32 130
21  89  64  77   5   0  12 0.00  0.0    0 14.0 24 140   M    M   0        30 120
22  89  66  78   6   0  13 0.00  0.0    0 13.3 24 130   M    M   2 1      29 150
23  88  67  78   6   0  13 0.00  0.0    0 17.2 32 130   M    M   5        40 140
24  91  74  83  10   0  18 0.00  0.0    0 17.3 28 170   M    M   5 8      37 150
25  95  72  84  11   0  19 0.00  0.0    0  8.3 18 140   M    M   4 18     24 160
26  90  70  80   7   0  15 0.00  0.0    0 18.4 29 140   M    M   5 18     37 130
27  92  70  81   8   0  16 0.00  0.0    0 11.8 22 140   M    M   4 1      26 150
28  92  74  83  10   0  18 0.00  0.0    0 19.3 30 130   M    M   5 18     39 160
================================================================================
SM 2393 1871         1 321  2.52     0.0 326.7          M      147
================================================================================
AV 85.5 66.8                              11.7 FASTST   M    M   5    MAX(MPH)
                                 MISC ---->  # 32 130               # 40  140
================================================================================
NOTES:
# LAST OF SEVERAL OCCURRENCES

COLUMN 17 PEAK WIND IN M.P.H.

PRELIMINARY LOCAL CLIMATOLOGICAL DATA (WS FORM: F-6) , PAGE 2

                                          STATION:  MCALLEN
                                          MONTH:    MARCH
                                          YEAR:     2017
                                          LATITUDE:   26 10 N
                                          LONGITUDE:  98 14 W

[TEMPERATURE DATA]      [PRECIPITATION DATA]       SYMBOLS USED IN COLUMN 16

AVERAGE MONTHLY: 76.1   TOTAL FOR MONTH:   2.52    1 = FOG OR MIST
DPTR FM NORMAL:   5.6   DPTR FM NORMAL:    1.58    2 = FOG REDUCING VISIBILITY
HIGHEST:    95 ON 25    GRTST 24HR  1.75 ON  4- 4      TO 1/4 MILE OR LESS
LOWEST:     53 ON 14                               3 = THUNDER
                        SNOW, ICE PELLETS, HAIL    4 = ICE PELLETS
                        TOTAL MONTH:   0.0 INCH    5 = HAIL
                        GRTST 24HR     0.0         6 = FREEZING RAIN OR DRIZZLE
                        GRTST DEPTH:   0           7 = DUSTSTORM OR SANDSTORM:
                                                       VSBY 1/2 MILE OR LESS
                                                   8 = SMOKE OR HAZE
[NO. OF DAYS WITH]      [WEATHER - DAYS WITH]      9 = BLOWING SNOW
                                                   X = TORNADO
MAX 32 OR BELOW:   0    0.01 INCH OR MORE:   4
MAX 90 OR ABOVE:   5    0.10 INCH OR MORE:   2
MIN 32 OR BELOW:   0    0.50 INCH OR MORE:   2
MIN  0 OR BELOW:   0    1.00 INCH OR MORE:   1

[HDD (BASE 65) ]
TOTAL THIS MO.     1    CLEAR  (SCALE 0-3)   6
DPTR FM NORMAL   -38    PTCLDY (SCALE 4-7)  18
TOTAL FM JUL 1   189    CLOUDY (SCALE 8-10)  4
DPTR FM NORMAL  -383

[CDD (BASE 65) ]
TOTAL THIS MO.   321
DPTR FM NORMAL   131    [PRESSURE DATA]
TOTAL FM JAN 1   802    HIGHEST SLP 30.28 ON 14
DPTR FM NORMAL   453    LOWEST  SLP 29.63 ON 28

[REMARKS]
