000
CXUS54 KBMX 181216
CF6MGM
PRELIMINARY LOCAL CLIMATOLOGICAL DATA (WS FORM: F-6)

                                          STATION:   MONTGOMERY
                                          MONTH:     DECEMBER
                                          YEAR:      2014
                                          LATITUDE:   32 17 N
                                          LONGITUDE:  86 24 W

  TEMPERATURE IN F:       :PCPN:    SNOW:  WIND      :SUNSHINE: SKY     :PK WND
================================================================================
1   2   3   4   5  6A  6B    7    8   9   10  11  12  13   14  15   16   17  18
                                     12Z  AVG MX 2MIN
DY MAX MIN AVG DEP HDD CDD  WTR  SNW DPTH SPD SPD DIR MIN PSBL S-S WX    SPD DR
================================================================================

 1  78  47  63  11   2   0 0.00  0.0    0  0.8  6  50   M    M   4 12      9 360
 2  78  42  60   8   5   0 0.00  0.0    0  0.5  8 230   M    M   3 12     10 230
 3  78  52  65  14   0   0 0.00  0.0    0  1.6  9  30   M    M   3 1      12  20
 4  81  54  68  17   0   3 0.00  0.0    0  2.5  8  80   M    M   3 1      10 140
 5  77  52  65  14   0   0 0.00  0.0    0  5.9 13 100   M    M   1 1      18 160
 6  73  54  64  14   1   0 0.03  0.0    0  8.5 20 350   M    M   9 1      28 350
 7  65  47  56   6   9   0 0.00  0.0    0  8.1 15  90   M    M   2        21  10
 8  54  32  43  -7  22   0 0.00  0.0    0  7.0 17  80   M    M   7        23  80
 9  64  32  48  -2  17   0 0.00  0.0    0  7.7 23 310   M    M   1 1      30 290
10  56  32  44  -5  21   0 0.00  0.0    0  6.3 15 320   M    M   0        22 310
11  58  28  43  -6  22   0 0.00  0.0    0  5.5 13 300   M    M   0 1      18 330
12  64  28  46  -3  19   0 0.00  0.0    0  3.3  9 290   M    M   0        15 310
13  66  29  48  -1  17   0 0.00  0.0    0  6.3 16 320   M    M   0        20 330
14  63  30  47  -2  18   0 0.00  0.0    0  3.4 10 340   M    M   1 18     14 330
15  73  29  51   3  14   0 0.00  0.0    0  4.7 15 190   M    M   2 18     32 210
16  67  40  54   6  11   0 0.12  0.0    0  9.3 18 300   M    M   3 1      24 290
17  59  32  46  -2  19   0 0.00  0.0    0  4.1 10 340   M    M   0 1      15 280
================================================================================
SM 1154  660       197   3  0.15     0.0  85.5          M       39
================================================================================
AV 67.9 38.8                               5.0 FASTST   M    M   2    MAX(MPH)
                                 MISC ---->  # 23 310               # 32  210
================================================================================
NOTES:
# LAST OF SEVERAL OCCURRENCES

COLUMN 17 PEAK WIND IN M.P.H.

PRELIMINARY LOCAL CLIMATOLOGICAL DATA (WS FORM: F-6) , PAGE 2

                                          STATION:  MONTGOMERY
                                          MONTH:    DECEMBER
                                          YEAR:     2014
                                          LATITUDE:   32 17 N
                                          LONGITUDE:  86 24 W

[TEMPERATURE DATA]      [PRECIPITATION DATA]       SYMBOLS USED IN COLUMN 16

AVERAGE MONTHLY: 53.4   TOTAL FOR MONTH:   0.15    1 = FOG OR MIST
DPTR FM NORMAL:   3.6   DPTR FM NORMAL:   -2.59    2 = FOG REDUCING VISIBILITY
HIGHEST:    81 ON  4    GRTST 24HR  0.12 ON 16-16      TO 1/4 MILE OR LESS
LOWEST:     28 ON 12,11                            3 = THUNDER
                        SNOW, ICE PELLETS, HAIL    4 = ICE PELLETS
                        TOTAL MONTH:   0.0 INCH    5 = HAIL
                        GRTST 24HR     0.0         6 = FREEZING RAIN OR DRIZZLE
                        GRTST DEPTH:   0           7 = DUSTSTORM OR SANDSTORM:
                                                       VSBY 1/2 MILE OR LESS
                                                   8 = SMOKE OR HAZE
[NO. OF DAYS WITH]      [WEATHER - DAYS WITH]      9 = BLOWING SNOW
                                                   X = TORNADO
MAX 32 OR BELOW:   0    0.01 INCH OR MORE:   2
MAX 90 OR ABOVE:   0    0.10 INCH OR MORE:   1
MIN 32 OR BELOW:   9    0.50 INCH OR MORE:   0
MIN  0 OR BELOW:   0    1.00 INCH OR MORE:   0

[HDD (BASE 65) ]
TOTAL THIS MO.   197    CLEAR  (SCALE 0-3)  13
DPTR FM NORMAL   -67    PTCLDY (SCALE 4-7)   3
TOTAL FM JUL 1   660    CLOUDY (SCALE 8-10)  1
DPTR FM NORMAL    25

[CDD (BASE 65) ]
TOTAL THIS MO.     3
DPTR FM NORMAL     3    [PRESSURE DATA]
TOTAL FM JAN 1  2495    HIGHEST SLP M ON M
DPTR FM NORMAL   227    LOWEST  SLP 29.93 ON M

[REMARKS]
