000
CXUS54 KBMX 011216
CF6MGM
PRELIMINARY LOCAL CLIMATOLOGICAL DATA (WS FORM: F-6)

                                          STATION:   MONTGOMERY
                                          MONTH:     JANUARY
                                          YEAR:      2015
                                          LATITUDE:   32 17 N
                                          LONGITUDE:  86 24 W

  TEMPERATURE IN F:       :PCPN:    SNOW:  WIND      :SUNSHINE: SKY     :PK WND
================================================================================
1   2   3   4   5  6A  6B    7    8   9   10  11  12  13   14  15   16   17  18
                                     12Z  AVG MX 2MIN
DY MAX MIN AVG DEP HDD CDD  WTR  SNW DPTH SPD SPD DIR MIN PSBL S-S WX    SPD DR
================================================================================

 1  57  32  45  -1  20   0 0.02  0.0    0  3.5  9  80   M    M   3 18     12  80
 2  55  48  52   6  13   0 0.04    M    0  7.3 14  80   M    M  10 1      16 100
 3  73  54  64  18   1   0 0.07  0.0    0  8.1 20 170   M    M   9 13     25 170
 4  71  47  59  13   6   0 1.06  0.0    0  9.4 28 280   M    M   5 13     35 280
 5  54  33  44  -2  21   0 0.00  0.0    0  7.0 17 320   M    M   0        22 330
 6  60  29  45  -1  20   0 0.00  0.0    0  4.6 15 280   M    M   0        20 280
 7  50  21  36 -10  29   0 0.00  0.0    0 12.5 26 340   M    M   0        36 330
 8  35  14  25 -21  40   0 0.00  0.0    0  5.4 17 360   M    M   0        23  10
 9  42  20  31 -15  34   0 0.00  0.0    0  4.1 12 320   M    M   4        17 340
10  51  27  39  -7  26   0 0.00  0.0    0  4.4 10 350   M    M   0        14 350
11  57  31  44  -2  21   0    T  0.0    0  8.6 15 100   M    M   6        18  70
12  62  49  56  10   9   0    T  0.0    0  5.1 12  80   M    M  10 128    14  80
13  55  45  50   4  15   0 0.00  0.0    0  6.8 13 360   M    M  10 1      15 330
14  50  40  45  -1  20   0 0.00  0.0    0  4.8  9 330   M    M   9        10 330
15  44  38  41  -5  24   0 0.15  0.0    0  2.4  8 350   M    M   7 1      10 340
16  58  29  44  -2  21   0 0.00  0.0    0  3.6 10 320   M    M   0 18     16 320
17  65  31  48   2  17   0 0.00  0.0    0  4.4 14 180   M    M   0        17 180
18  66  32  49   3  16   0 0.00  0.0    0  7.6 20 290   M    M   1 1      25 290
19  71  26  49   3  16   0 0.00  0.0    0  3.0 12 220   M    M   0        18 240
20  71  39  55   9  10   0 0.00  0.0    0  3.8 12 210   M    M   1        24 280
21  70  39  55   8  10   0 0.00  0.0    0  5.2 14  10   M    M   1 12     17  30
22  61  45  53   6  12   0 0.43  0.0    0  9.1 18  50   M    M   5 1      23  60
23  55  44  50   3  15   0 1.00  0.0    0 10.6 21  90   M    M  10 1      28  50
24  53  32  43  -4  22   0 0.00  0.0    0  9.6 21 290   M    M   4 1      26 290
25  65  30  48   1  17   0 0.05  0.0    0  6.6 20 230   M    M   1        26 230
26  51  37  44  -3  21   0    T  0.0    0 10.6 22 300   M    M   6        29 310
27  63  33  48   1  17   0 0.00  0.0    0  7.5 21 330   M    M   0        26 340
28  59  32  46  -1  19   0 0.00  0.0    0  3.8 10  40   M    M   0        14  40
29  71  34  53   6  12   0 0.00  0.0    0  6.7 17 200   M    M   0        23 200
30  60  39  50   2  15   0 0.00  0.0    0  9.5 21 340   M    M   1        30 320
31  60  28  44  -4  21   0 0.00  0.0    0  4.4 13  70   M    M   0        17  80
================================================================================
SM 1815 1078       560   0  2.82     0.0 200.0          M      103
================================================================================
AV 58.5 34.8                               6.5 FASTST   M    M   3    MAX(MPH)
                                 MISC ---->  # 28 280               # 36  330
================================================================================
NOTES:
# LAST OF SEVERAL OCCURRENCES

COLUMN 17 PEAK WIND IN M.P.H.

PRELIMINARY LOCAL CLIMATOLOGICAL DATA (WS FORM: F-6) , PAGE 2

                                          STATION:  MONTGOMERY
                                          MONTH:    JANUARY
                                          YEAR:     2015
                                          LATITUDE:   32 17 N
                                          LONGITUDE:  86 24 W

[TEMPERATURE DATA]      [PRECIPITATION DATA]       SYMBOLS USED IN COLUMN 16

AVERAGE MONTHLY: 46.7   TOTAL FOR MONTH:   2.82    1 = FOG OR MIST
DPTR FM NORMAL:   0.1   DPTR FM NORMAL:   -1.83    2 = FOG REDUCING VISIBILITY
HIGHEST:    73 ON  3    GRTST 24HR  1.43 ON 22-23      TO 1/4 MILE OR LESS
LOWEST:     14 ON  8                               3 = THUNDER
                        SNOW, ICE PELLETS, HAIL    4 = ICE PELLETS
                        TOTAL MONTH:   0.0 INCH    5 = HAIL
                        GRTST 24HR     0.0         6 = FREEZING RAIN OR DRIZZLE
                        GRTST DEPTH:   0           7 = DUSTSTORM OR SANDSTORM:
                                                       VSBY 1/2 MILE OR LESS
                                                   8 = SMOKE OR HAZE
[NO. OF DAYS WITH]      [WEATHER - DAYS WITH]      9 = BLOWING SNOW
                                                   X = TORNADO
MAX 32 OR BELOW:   0    0.01 INCH OR MORE:   8
MAX 90 OR ABOVE:   0    0.10 INCH OR MORE:   4
MIN 32 OR BELOW:  15    0.50 INCH OR MORE:   2
MIN  0 OR BELOW:   0    1.00 INCH OR MORE:   2

[HDD (BASE 65) ]
TOTAL THIS MO.   560    CLEAR  (SCALE 0-3)  18
DPTR FM NORMAL   -14    PTCLDY (SCALE 4-7)   7
TOTAL FM JUL 1  1408    CLOUDY (SCALE 8-10)  6
DPTR FM NORMAL   -54

[CDD (BASE 65) ]
TOTAL THIS MO.     0
DPTR FM NORMAL    -2    [PRESSURE DATA]
TOTAL FM JAN 1     0    HIGHEST SLP 30.70 ON  7
DPTR FM NORMAL     0    LOWEST  SLP 29.77 ON 25

[REMARKS]
#FINAL-01-15#
