000
CXUS51 KPBZ 280804
CF6MGW
PRELIMINARY LOCAL CLIMATOLOGICAL DATA (WS FORM: F-6)

                                          STATION:   MORGANTOWN WV
                                          MONTH:     JULY
                                          YEAR:      2016
                                          LATITUDE:   39 39 N
                                          LONGITUDE:  79 55 W

  TEMPERATURE IN F:       :PCPN:    SNOW:  WIND      :SUNSHINE: SKY     :PK WND
================================================================================
1   2   3   4   5  6A  6B    7    8   9   10  11  12  13   14  15   16   17  18
                                     12Z  AVG MX 2MIN
DY MAX MIN AVG DEP HDD CDD  WTR  SNW DPTH SPD SPD DIR MIN PSBL S-S WX    SPD DR
================================================================================

 1  80  59  70  -3   0   5    T    M    M  4.1 15 210   M    M   4 1      23 210
 2  74  56  65  -8   0   0 0.00    M    M  3.5  9  10   M    M   2 1      12  10
 3  75  60  68  -5   0   3 0.00    M    M  3.2 10 160   M    M   4        14 190
 4  74  60  67  -6   0   2 0.87    M    M  3.1  9 130   M    M   8 13     14 200
 5  83  69  76   3   0  11    T    M    M  4.5 12 230   M    M   9 1      17 230
 6  88  69  79   6   0  14 0.71    M    M  4.6 17 160   M    M   5 138    24 350
 7  80  69  75   2   0  10    T    M    M  5.3 12 220   M    M   7 1      16 230
 8  84  72  78   5   0  13 0.01    M    M  6.0 15 210   M    M   8        22 220
 9  84  70  77   4   0  12    T    M    M  6.7 14 290   M    M   7 1      24 300
10  82  61  72  -1   0   7 0.00    M    M  2.3 12 360   M    M   3        15  10
11  87  59  73   0   0   8 0.00    M    M  1.4  7 360   M    M   2        10 360
12  89  63  76   3   0  11 0.00    M    M  3.9 10 200   M    M   1        18 180
13  89  72  81   8   0  16 0.00    M    M  5.8 12 200   M    M   6        18 220
14  90  74  82   9   0  17 0.00    M    M  6.8 16 220   M    M   4        23 220
15  88  69  79   6   0  14 0.00    M    M  6.5 13 210   M    M   5 3      19 200
16  86  65  76   3   0  11 0.00    M    M  3.4  9 220   M    M   2 3      14 220
17  88  64  76   3   0  11 0.00    M    M  3.8 13 220   M    M   3 1      18 220
18  83  67  75   2   0  10    T    M    M  5.8 14 200   M    M   3 3      21 240
19  90  68  79   6   0  14 0.00    M    M  3.5 10 330   M    M   4        16 340
20  86  61  74   1   0   9 0.00    M    M  2.4 10 350   M    M   0 1      14 360
21  90  56  73   0   0   8 0.00    M    M  2.9 12 160   M    M   2 8      16 160
22  89  67  78   5   0  13 0.11    M    M  3.7 21  30   M    M   2 13     30  30
23  94  70  82   9   0  17 0.00    M    M  3.3 13  10   M    M   4 13     17 360
24  94  71  83  10   0  18 0.02    M    M  3.4 15 350   M    M   3 138    21 350
25  94  71  83  10   0  18 2.08    M    M  5.2 23 350   M    M   5 1238   31 360
26  89  70  80   7   0  15 0.00    M    M  2.9  8 360   M    M   3 12     12 230
27  88  73  81   8   0  16 0.07    M    M  2.5 10 230   M    M   7 138    13 240
================================================================================
SM 2318 1785         0 303  3.87    M    110.5          M      113
================================================================================
AV 85.9 66.1                               4.1 FASTST   M    M   4    MAX(MPH)
                                 MISC ---->  # 23 350               # 31  360
================================================================================
NOTES:
# LAST OF SEVERAL OCCURRENCES

COLUMN 17 PEAK WIND IN M.P.H.

PRELIMINARY LOCAL CLIMATOLOGICAL DATA (WS FORM: F-6) , PAGE 2

                                          STATION:  MORGANTOWN WV
                                          MONTH:    JULY
                                          YEAR:     2016
                                          LATITUDE:   39 39 N
                                          LONGITUDE:  79 55 W

[TEMPERATURE DATA]      [PRECIPITATION DATA]       SYMBOLS USED IN COLUMN 16

AVERAGE MONTHLY: 76.0   TOTAL FOR MONTH:   3.87    1 = FOG OR MIST
DPTR FM NORMAL:   3.0   DPTR FM NORMAL:   -0.22    2 = FOG REDUCING VISIBILITY
HIGHEST:    94 ON 25,24 GRTST 24HR  2.10 ON 24-25      TO 1/4 MILE OR LESS
LOWEST:     56 ON 21, 2                            3 = THUNDER
                        SNOW, ICE PELLETS, HAIL    4 = ICE PELLETS
                        TOTAL MONTH:    M          5 = HAIL
                        GRTST 24HR    M  ON   M    6 = FREEZING RAIN OR DRIZZLE
                        GRTST DEPTH:  M  ON   M    7 = DUSTSTORM OR SANDSTORM:
                                                       VSBY 1/2 MILE OR LESS
                                                   8 = SMOKE OR HAZE
[NO. OF DAYS WITH]      [WEATHER - DAYS WITH]      9 = BLOWING SNOW
                                                   X = TORNADO
MAX 32 OR BELOW:   0    0.01 INCH OR MORE:   7
MAX 90 OR ABOVE:   6    0.10 INCH OR MORE:   4
MIN 32 OR BELOW:   0    0.50 INCH OR MORE:   3
MIN  0 OR BELOW:   0    1.00 INCH OR MORE:   1

[HDD (BASE 65) ]
TOTAL THIS MO.     0    CLEAR  (SCALE 0-3)  12
DPTR FM NORMAL     0    PTCLDY (SCALE 4-7)  13
TOTAL FM JUL 1     0    CLOUDY (SCALE 8-10)  2
DPTR FM NORMAL     0

[CDD (BASE 65) ]
TOTAL THIS MO.   303
DPTR FM NORMAL    87    [PRESSURE DATA]
TOTAL FM JAN 1   599    HIGHEST SLP  0.00 ON 27
DPTR FM NORMAL   154    LOWEST  SLP  0.00 ON 27

[REMARKS]
