000
CXUS53 KMPX 011000
CF6MIC
PRELIMINARY LOCAL CLIMATOLOGICAL DATA (WS FORM: F-6)

                                          STATION:   MINNEAPOLIS CRYSTAL MN
                                          MONTH:     JUNE
                                          YEAR:      2015
                                          LATITUDE:   45  4 N
                                          LONGITUDE:  93 21 W

  TEMPERATURE IN F:       :PCPN:    SNOW:  WIND      :SUNSHINE: SKY     :PK WND
================================================================================
1   2   3   4   5  6A  6B    7    8   9   10  11  12  13   14  15   16   17  18
                                     12Z  AVG MX 2MIN
DY MAX MIN AVG DEP HDD CDD  WTR  SNW DPTH SPD SPD DIR MIN PSBL S-S WX    SPD DR
================================================================================

 1  71  47  59  -5   6   0 0.00    M    M  8.0 16 140   M    M   0        21 170
 2  77  56  67   3   0   2 0.00    M    M 12.1 22 160   M    M   0        30 150
 3  69  63  66   2   0   1 0.81    M    M  7.8 16 170   M    M  10 18     22 160
 4  74  63  69   4   0   4 0.00    M    M  5.2 12  20   M    M   8 1      15  10
 5  76  60  68   3   0   3    T    M    M  6.9 14  80   M    M   4        23  70
 6  80  57  69   4   0   4 0.29    M    M 11.2 24 190   M    M   5 18     31 190
 7  84  60  72   6   0   7 0.23    M    M  9.2 23 350   M    M   3 1      30 260
 8  82  58  70   4   0   5 0.00    M    M  6.8 17 310   M    M   1        23 300
 9  92  63  78  12   0  13 0.01    M    M  4.5 18 330   M    M   1 8      27 310
10  80  63  72   5   0   7    T    M    M  8.6 18 330   M    M   1        22 340
11  66  57  62  -5   3   0 0.12    M    M  7.0 16  60   M    M   8 18     20  50
12  81  51  66  -1   0   1 0.00    M    M  7.5 17  80   M    M   0        22  40
13  72  62  67  -1   0   2 0.03    M    M  4.7 12 140   M    M   8 1      16  40
14  86  64  75   7   0  10 0.00    M    M  3.9 12 230   M    M   6        15 180
15  79  62  71   3   0   6 0.00    M    M  9.9 20 320   M    M   1        24 330
16  72  51  62  -7   3   0 0.01    M    M  5.9 16 350   M    M   3        23 360
17  78  58  68  -1   0   3 0.19    M    M  6.2 14 350   M    M   8 8      19 330
18  80  60  70   1   0   5 0.00    M    M  7.0 15 340   M    M   4        21 330
19  80  59  70   1   0   5 0.00    M    M  8.7 15 160   M    M   1        20 130
20  83  65  74   4   0   9 0.47    M    M  9.6 18 190   M    M   6 1      26 190
21  87  60  74   4   0   9 0.00    M    M  3.5 16 320   M    M   1 1      20 320
22  83  63  73   3   0   8 0.41    M    M 11.0 28  90   M    M   4 13     39 300
23  81  59  70   0   0   5 0.00    M    M  7.5 16 300   M    M   1        21 280
24  81  60  71   0   0   6 0.00    M    M  4.5 13 150   M    M   0        18 190
25  84  63  74   3   0   9 0.00    M    M  5.0 14 350   M    M   2 18     19 350
26  84  60  72   1   0   7 0.02    M    M  3.8 15  80   M    M   1        20  80
27  85  58  72   1   0   7 0.10    M    M  4.4 15 250   M    M   1 12     21 260
28  83  65  74   3   0   9 0.36    M    M  5.0 23  30   M    M   5 1      33  40
29  84  62  73   1   0   8 0.06    M    M  5.7 16  70   M    M   2 18     25  60
30  78  62  70  -2   0   5 0.00    M    M  6.0 12 110   M    M   1 18     15  30
================================================================================
SM 2392 1791        12 160  3.11    M    207.1          M       96
================================================================================
AV 79.7 59.7                               6.9 FASTST   M    M   3    MAX(MPH)
                                 MISC ---->  # 28  90               # 39  300
================================================================================
NOTES:
# LAST OF SEVERAL OCCURRENCES

COLUMN 17 PEAK WIND IN M.P.H.

PRELIMINARY LOCAL CLIMATOLOGICAL DATA (WS FORM: F-6) , PAGE 2

                                          STATION:  MINNEAPOLIS CRYSTAL MN
                                          MONTH:    JUNE
                                          YEAR:     2015
                                          LATITUDE:   45  4 N
                                          LONGITUDE:  93 21 W

[TEMPERATURE DATA]      [PRECIPITATION DATA]       SYMBOLS USED IN COLUMN 16

AVERAGE MONTHLY: 69.7   TOTAL FOR MONTH:   3.11    1 = FOG OR MIST
DPTR FM NORMAL:   1.5   DPTR FM NORMAL:   -1.38    2 = FOG REDUCING VISIBILITY
HIGHEST:    92 ON  9    GRTST 24HR  0.81 ON  3- 3      TO 1/4 MILE OR LESS
LOWEST:     47 ON  1                               3 = THUNDER
                        SNOW, ICE PELLETS, HAIL    4 = ICE PELLETS
                        TOTAL MONTH:    M          5 = HAIL
                        GRTST 24HR    M  ON   M    6 = FREEZING RAIN OR DRIZZLE
                        GRTST DEPTH:  M  ON   M    7 = DUSTSTORM OR SANDSTORM:
                                                       VSBY 1/2 MILE OR LESS
                                                   8 = SMOKE OR HAZE
[NO. OF DAYS WITH]      [WEATHER - DAYS WITH]      9 = BLOWING SNOW
                                                   X = TORNADO
MAX 32 OR BELOW:   0    0.01 INCH OR MORE:  14
MAX 90 OR ABOVE:   1    0.10 INCH OR MORE:   9
MIN 32 OR BELOW:   0    0.50 INCH OR MORE:   1
MIN  0 OR BELOW:   0    1.00 INCH OR MORE:   0

[HDD (BASE 65) ]
TOTAL THIS MO.    12    CLEAR  (SCALE 0-3)  17
DPTR FM NORMAL   -34    PTCLDY (SCALE 4-7)  10
TOTAL FM JUL 1  7463    CLOUDY (SCALE 8-10)  3
DPTR FM NORMAL  -258

[CDD (BASE 65) ]
TOTAL THIS MO.   160
DPTR FM NORMAL    20    [PRESSURE DATA]
TOTAL FM JAN 1   183    HIGHEST SLP 30.26 ON  1
DPTR FM NORMAL     5    LOWEST  SLP 29.36 ON 22

[REMARKS]
#FINAL-06-15#
