000
CXUS55 KEAX 250736
CF6MKC
PRELIMINARY LOCAL CLIMATOLOGICAL DATA (WS FORM: F-6)

                                          STATION:   Downtown Kansas City MO
                                          MONTH:     APRIL
                                          YEAR:      2017
                                          LATITUDE:   39  7 N
                                          LONGITUDE:  94 36 W

  TEMPERATURE IN F:       :PCPN:    SNOW:  WIND      :SUNSHINE: SKY     :PK WND
================================================================================
1   2   3   4   5  6A  6B    7    8   9   10  11  12  13   14  15   16   17  18
                                     12Z  AVG MX 2MIN
DY MAX MIN AVG DEP HDD CDD  WTR  SNW DPTH SPD SPD DIR MIN PSBL S-S WX    SPD DR
================================================================================

 1  52  43  48  -4  17   0    T    M    M  8.7 15  60   M    M   8 8      20  80
 2  66  50  58   6   7   0 0.10    M    M  6.2 13  80   M    M   9 1      16  80
 3  63  49  56   4   9   0 0.67    M    M  6.3 17 310   M    M   9 1      24 310
 4  53  47  50  -3  15   0 0.64    M    M  9.1 24  70   M    M   9 13     30  70
 5  55  43  49  -4  16   0 0.21    M    M 15.0 31  10   M    M   8 1      44  10
 6  62  42  52  -1  13   0 0.00    M    M  8.2 22 320   M    M   4        30 320
 7  67  37  52  -2  13   0 0.00    M    M  5.6 16 180   M    M   0        20 140
 8  79  55  67  13   0   2 0.00    M    M 16.3 28 190   M    M   0 8      35 190
 9  79  66  73  19   0   8 0.01    M    M 18.6 29 190   M    M   2 3      37 210
10  72  45  59   4   6   0 0.01    M    M 12.8 22 250   M    M   4        31 260
11  68  40  54  -1  11   0 0.00    M    M  5.7 14 320   M    M   2        19 350
12  78  45  62   6   3   0 0.00    M    M  9.8 23 180   M    M   2        29 170
13  81  61  71  15   0   6 0.00    M    M  6.7 17 200   M    M   1        21 190
14  80  62  71  15   0   6 0.01    M    M 12.5 29 180   M    M   5 13     38 180
15  82  62  72  16   0   7 0.14    M    M 16.7 29 190   M    M   3 13     39 200
16  73  58  66   9   0   1 0.21    M    M  7.6 18 230   M    M   7 13     28 230
17  74  53  64   7   1   0    T    M    M  7.2 13  80   M    M   0        24 180
18  79  57  68  10   0   3 0.00    M    M 10.1 18 190   M    M   2        24 190
19  82  62  72  14   0   7 0.00    M    M 13.7 30 200   M    M   2        39 180
20  73  54  64   6   1   0 0.02    M    M  9.2 18 320   M    M   4 13     24 320
21  57  48  53  -5  12   0    T    M    M 11.5 23  50   M    M   4        31  50
22  68  50  59   0   6   0 0.00    M    M 13.6 25  20   M    M   3        39  50
23  73  40  57  -2   8   0 0.00    M    M  3.2 13 170   M    M   0        17 180
24  77  49  63   3   2   0 0.00    M    M 12.9 25 170   M    M   0        37 180
================================================================================
SM 1693 1218       140  40  2.02    M    247.2          M       88
================================================================================
AV 70.5 50.8                              10.3 FASTST   M    M   4    MAX(MPH)
                                 MISC ---->  # 31  10               # 44   10
================================================================================
NOTES:
# LAST OF SEVERAL OCCURRENCES

COLUMN 17 PEAK WIND IN M.P.H.

PRELIMINARY LOCAL CLIMATOLOGICAL DATA (WS FORM: F-6) , PAGE 2

                                          STATION:  Downtown Kansas City MO
                                          MONTH:    APRIL
                                          YEAR:     2017
                                          LATITUDE:   39  7 N
                                          LONGITUDE:  94 36 W

[TEMPERATURE DATA]      [PRECIPITATION DATA]       SYMBOLS USED IN COLUMN 16

AVERAGE MONTHLY: 60.7   TOTAL FOR MONTH:   2.02    1 = FOG OR MIST
DPTR FM NORMAL:   5.0   DPTR FM NORMAL:   -0.79    2 = FOG REDUCING VISIBILITY
HIGHEST:    82 ON 19,15 GRTST 24HR  0.84 ON  4- 5      TO 1/4 MILE OR LESS
LOWEST:     37 ON  7                               3 = THUNDER
                        SNOW, ICE PELLETS, HAIL    4 = ICE PELLETS
                        TOTAL MONTH:    M          5 = HAIL
                        GRTST 24HR    M  ON   M    6 = FREEZING RAIN OR DRIZZLE
                        GRTST DEPTH:  M  ON   M    7 = DUSTSTORM OR SANDSTORM:
                                                       VSBY 1/2 MILE OR LESS
                                                   8 = SMOKE OR HAZE
[NO. OF DAYS WITH]      [WEATHER - DAYS WITH]      9 = BLOWING SNOW
                                                   X = TORNADO
MAX 32 OR BELOW:   0    0.01 INCH OR MORE:  10
MAX 90 OR ABOVE:   0    0.10 INCH OR MORE:   6
MIN 32 OR BELOW:   0    0.50 INCH OR MORE:   2
MIN  0 OR BELOW:   0    1.00 INCH OR MORE:   0

[HDD (BASE 65) ]
TOTAL THIS MO.   140    CLEAR  (SCALE 0-3)  13
DPTR FM NORMAL  -108    PTCLDY (SCALE 4-7)   8
TOTAL FM JUL 1  3437    CLOUDY (SCALE 8-10)  3
DPTR FM NORMAL -1134

[CDD (BASE 65) ]
TOTAL THIS MO.    40
DPTR FM NORMAL    17    [PRESSURE DATA]
TOTAL FM JAN 1    51    HIGHEST SLP  0.00 ON M
DPTR FM NORMAL    23    LOWEST  SLP  0.00 ON M

[REMARKS]
