000
CXUS53 KMKX 290900
CF6MKE
PRELIMINARY LOCAL CLIMATOLOGICAL DATA (WS FORM: F-6)

                                          STATION:   MILWAUKEE WI
                                          MONTH:     JULY
                                          YEAR:      2016
                                          LATITUDE:   42 57 N
                                          LONGITUDE:  87 54 W

  TEMPERATURE IN F:       :PCPN:    SNOW:  WIND      :SUNSHINE: SKY     :PK WND
================================================================================
1   2   3   4   5  6A  6B    7    8   9   10  11  12  13   14  15   16   17  18
                                     12Z  AVG MX 2MIN
DY MAX MIN AVG DEP HDD CDD  WTR  SNW DPTH SPD SPD DIR MIN PSBL S-S WX    SPD DR
================================================================================

 1  68  59  64  -7   1   0 0.00  0.0    0  9.3 20  40   M    M   5        25  20
 2  75  59  67  -4   0   2 0.00  0.0    0  7.2 18 140   M    M   7        22 140
 3  73  55  64  -7   1   0 0.00  0.0    0  4.7 14 100   M    M   4        17 110
 4  72  60  66  -5   0   1 0.00  0.0    0  6.0 15 140   M    M   8        19 130
 5  86  69  78   7   0  13 0.00  0.0    0  8.6 16 210   M    M   7 8      21 210
 6  87  68  78   6   0  13 0.12  0.0    0 11.9 26 220   M    M   6 38     38 230
 7  79  66  73   1   0   8 0.01  0.0    0  5.7 16  60   M    M   6 1      20 130
 8  86  65  76   4   0  11 0.00  0.0    0 12.0 28 280   M    M   5 1      34 290
 9  77  63  70  -2   0   5 0.00  0.0    0  9.2 20  40   M    M   3        23  40
10  79  59  69  -3   0   4    T  0.0    0  8.1 24 140   M    M   6        29 140
11  90  70  80   8   0  15 0.02  0.0    0 11.6 22 190   M    M   4        27 210
12  88  74  81   9   0  16 0.00  0.0    0 13.5 22 230   M    M   6        28 220
13  90  71  81   9   0  16    T  0.0    0 11.5 21 250   M    M   6 3      28 250
14  86  68  77   5   0  12 0.00  0.0    0 14.6 25 260   M    M   4 8      34 240
15  70  60  65  -7   0   0    T  0.0    0  7.2 16  40   M    M   8 1      21  20
16  76  57  67  -5   0   2 0.00  0.0    0  7.6 17 140   M    M   4        20 140
17  86  64  75   3   0  10 0.19  0.0    0 14.4 29 160   M    M   7 138    37 160
18  87  68  78   6   0  13 0.00  0.0    0  6.5 13 160   M    M   4 8      18 340
19  82  67  75   3   0  10 0.00  0.0    0  6.1 12  60   M    M   4        15  60
20  93  68  81   9   0  16 0.00  0.0    0  8.7 20 210   M    M   3 8      26 220
21  93  70  82  10   0  17 0.51  0.0    0 13.0 33 320   M    M   6 13     45 330
22  90  72  81   9   0  16 0.00  0.0    0  6.4 16 280   M    M   6        22 280
23  89  72  81   9   0  16 0.85  0.0    0  5.6 20 290   M    M   6 13     26 310
24  94  72  83  11   0  18 0.03  0.0    0 11.3 21 210   M    M   6 3      27 210
25  89  73  81   9   0  16 0.00  0.0    0  6.8 16 290   M    M   4        21 280
26  86  68  77   5   0  12 0.00  0.0    0  5.7 14 140   M    M   1        18 120
27  89  70  80   8   0  15 0.00  0.0    0  6.0 22  20   M    M   5        37  10
28  78  67  73   1   0   8 0.03  0.0    0 11.0 20  20   M    M   8 123    25  10
================================================================================
SM 2338 1854         2 285  1.76     0.0 250.2          M      149
================================================================================
AV 83.5 66.2                               8.9 FASTST   M    M   5    MAX(MPH)
                                 MISC ---->  # 33 320               # 45  330
================================================================================
NOTES:
# LAST OF SEVERAL OCCURRENCES

COLUMN 17 PEAK WIND IN M.P.H.

PRELIMINARY LOCAL CLIMATOLOGICAL DATA (WS FORM: F-6) , PAGE 2

                                          STATION:  MILWAUKEE WI
                                          MONTH:    JULY
                                          YEAR:     2016
                                          LATITUDE:   42 57 N
                                          LONGITUDE:  87 54 W

[TEMPERATURE DATA]      [PRECIPITATION DATA]       SYMBOLS USED IN COLUMN 16

AVERAGE MONTHLY: 74.9   TOTAL FOR MONTH:   1.76    1 = FOG OR MIST
DPTR FM NORMAL:   3.0   DPTR FM NORMAL:   -1.58    2 = FOG REDUCING VISIBILITY
HIGHEST:    94 ON 24    GRTST 24HR  0.88 ON 23-24      TO 1/4 MILE OR LESS
LOWEST:     55 ON  3                               3 = THUNDER
                        SNOW, ICE PELLETS, HAIL    4 = ICE PELLETS
                        TOTAL MONTH:   0.0 INCH    5 = HAIL
                        GRTST 24HR     0.0         6 = FREEZING RAIN OR DRIZZLE
                        GRTST DEPTH:   0           7 = DUSTSTORM OR SANDSTORM:
                                                       VSBY 1/2 MILE OR LESS
                                                   8 = SMOKE OR HAZE
[NO. OF DAYS WITH]      [WEATHER - DAYS WITH]      9 = BLOWING SNOW
                                                   X = TORNADO
MAX 32 OR BELOW:   0    0.01 INCH OR MORE:   8
MAX 90 OR ABOVE:   6    0.10 INCH OR MORE:   4
MIN 32 OR BELOW:   0    0.50 INCH OR MORE:   2
MIN  0 OR BELOW:   0    1.00 INCH OR MORE:   0

[HDD (BASE 65) ]
TOTAL THIS MO.     2    CLEAR  (SCALE 0-3)   2
DPTR FM NORMAL    -2    PTCLDY (SCALE 4-7)  26
TOTAL FM JUL 1     2    CLOUDY (SCALE 8-10)  0
DPTR FM NORMAL    -2

[CDD (BASE 65) ]
TOTAL THIS MO.   285
DPTR FM NORMAL    90    [PRESSURE DATA]
TOTAL FM JAN 1   481    HIGHEST SLP M ON M
DPTR FM NORMAL   136    LOWEST  SLP 29.66 ON 12

[REMARKS]
