013
CXUS54 KTSA 240840
CF6MKO
PRELIMINARY LOCAL CLIMATOLOGICAL DATA (WS FORM: F-6)

                                          STATION:   MUSKOGEE OKLAHOMA
                                          MONTH:     JUNE
                                          YEAR:      2017
                                          LATITUDE:   35 40 N
                                          LONGITUDE:  95 22 W

  TEMPERATURE IN F:       :PCPN:    SNOW:  WIND      :SUNSHINE: SKY     :PK WND
================================================================================
1   2   3   4   5  6A  6B    7    8   9   10  11  12  13   14  15   16   17  18
                                     12Z  AVG MX 2MIN
DY MAX MIN AVG DEP HDD CDD  WTR  SNW DPTH SPD SPD DIR MIN PSBL S-S WX    SPD DR
================================================================================

 1  86  63  75   2   0  10 0.00  0.0    0  4.9 14 220   M    M   1        19 200
 2  82  62  72  -1   0   7 0.00  0.0    0  6.8 15 120   M    M   1 1      21 140
 3  82  70  76   3   0  11 0.68  0.0    0  5.7 16 110   M    M   3 13     18 100
 4  78  69  74   0   0   9 1.49  0.0    0  3.6 12  90   M    M   6 13     13  60
 5  87  68  78   4   0  13 0.17  0.0    0  4.9 24  80   M    M   4 13     30  90
 6  90  65  78   4   0  13 0.00  0.0    0  7.9 17 360   M    M   0 1      23  10
 7  83  62  73  -1   0   8 0.00  0.0    0  6.4 14  30   M    M   1        19  30
 8  83  58  71  -4   0   6 0.00  0.0    0  3.7  8 190   M    M   0        12 140
 9  83  61  72  -3   0   7 0.00  0.0    0  7.5 15 170   M    M   1        20 160
10  85  64  75   0   0  10 0.00  0.0    0 10.7 23 180   M    M   2        29 190
11  86  69  78   3   0  13 0.00  0.0    0 11.2 22 180   M    M   1        30 180
12  90  68  79   3   0  14 0.00  0.0    0 10.0 22 180   M    M   1        27 190
13  90  73  82   6   0  17 0.00  0.0    0 10.7 20 180   M    M   5        25 150
14  89  74  82   6   0  17 0.00  0.0    0 10.2 21 200   M    M   4        27 180
15  88  67  78   2   0  13 0.91  0.0    0  8.1 41 340   M    M   1 138    57 340
16  93  66  80   3   0  15 0.01  0.0    0  7.9 26 110   M    M   0 138    31 110
17  88  70  79   2   0  14 0.84  0.0    0 10.0 25 120   M    M   2 13     33 120
18  77  62  70  -7   0   5 0.79  0.0    0  6.7 25  50   M    M   5 13     34 330
19  86  58  72  -5   0   7 0.00  0.0    0  4.2 10  50   M    M   3 12     13 100
20  89  64  77  -1   0  12 0.00  0.0    0  3.5  9 190   M    M   0 12     12 180
21  90  66  78   0   0  13 0.00  0.0    0  6.8 17 130   M    M   0 1      23 140
22  87  70  79   1   0  14 0.00  0.0    0  6.0 17 110   M    M   6 8      20 110
23  91  68  80   2   0  15 0.00  0.0    0  7.4 22 360   M    M   2 12     27 360
================================================================================
SM 1983 1517         0 263  4.89     0.0 164.8          M       49
================================================================================
AV 86.2 66.0                               7.2 FASTST   M    M   2    MAX(MPH)
                                 MISC ---->  # 41 340               # 57  340
================================================================================
NOTES:
# LAST OF SEVERAL OCCURRENCES

COLUMN 17 PEAK WIND IN M.P.H.

PRELIMINARY LOCAL CLIMATOLOGICAL DATA (WS FORM: F-6) , PAGE 2

                                          STATION:  MUSKOGEE OKLAHOMA
                                          MONTH:    JUNE
                                          YEAR:     2017
                                          LATITUDE:   35 40 N
                                          LONGITUDE:  95 22 W

[TEMPERATURE DATA]      [PRECIPITATION DATA]       SYMBOLS USED IN COLUMN 16

AVERAGE MONTHLY: 76.1   TOTAL FOR MONTH:   4.89    1 = FOG OR MIST
DPTR FM NORMAL:   0.5   DPTR FM NORMAL:    1.39    2 = FOG REDUCING VISIBILITY
HIGHEST:    93 ON 16    GRTST 24HR  1.49 ON  4- 4      TO 1/4 MILE OR LESS
LOWEST:     58 ON 19, 8                            3 = THUNDER
                        SNOW, ICE PELLETS, HAIL    4 = ICE PELLETS
                        TOTAL MONTH:   0.0 INCH    5 = HAIL
                        GRTST 24HR     0.0         6 = FREEZING RAIN OR DRIZZLE
                        GRTST DEPTH:   0           7 = DUSTSTORM OR SANDSTORM:
                                                       VSBY 1/2 MILE OR LESS
                                                   8 = SMOKE OR HAZE
[NO. OF DAYS WITH]      [WEATHER - DAYS WITH]      9 = BLOWING SNOW
                                                   X = TORNADO
MAX 32 OR BELOW:   0    0.01 INCH OR MORE:   7
MAX 90 OR ABOVE:   6    0.10 INCH OR MORE:   6
MIN 32 OR BELOW:   0    0.50 INCH OR MORE:   5
MIN  0 OR BELOW:   0    1.00 INCH OR MORE:   1

[HDD (BASE 65) ]
TOTAL THIS MO.     0    CLEAR  (SCALE 0-3)  16
DPTR FM NORMAL     0    PTCLDY (SCALE 4-7)   7
TOTAL FM JUL 1  2600    CLOUDY (SCALE 8-10)  0
DPTR FM NORMAL  -902

[CDD (BASE 65) ]
TOTAL THIS MO.   263
DPTR FM NORMAL    20    [PRESSURE DATA]
TOTAL FM JAN 1   496    HIGHEST SLP M ON M
DPTR FM NORMAL    62    LOWEST  SLP 29.64 ON 17

[REMARKS]
