000
CXUS53 KMPX 291000
CF6MKT
PRELIMINARY LOCAL CLIMATOLOGICAL DATA (WS FORM: F-6)

                                          STATION:   MANKATO MN
                                          MONTH:     MARCH
                                          YEAR:      2015
                                          LATITUDE:   44 13 N
                                          LONGITUDE:  93 55 W

  TEMPERATURE IN F:       :PCPN:    SNOW:  WIND      :SUNSHINE: SKY     :PK WND
================================================================================
1   2   3   4   5  6A  6B    7    8   9   10  11  12  13   14  15   16   17  18
                                     12Z  AVG MX 2MIN
DY MAX MIN AVG DEP HDD CDD  WTR  SNW DPTH SPD SPD DIR MIN PSBL S-S WX    SPD DR
================================================================================

 1  28  10  19  -6  46   0    M    M    M 12.7 18 280   M    M   5        27 260
 2  25   3  14 -12  51   0    M    M    M  9.3 18 150   M    M   4        20 140
 3  28   7  18  -8  47   0    M    M    M 17.5 30 310   M    M   8        40 310
 4  12  -2   5 -21  60   0    M    M    M 13.1 22 310   M    M   3        27 310
 5  18  -8   5 -22  60   0    M    M    M  7.2 12 170   M    M   0        17 170
 6  39  10  25  -2  40   0    M    M    M  9.8 17 310   M    M   1        25 310
 7  45  27  36   8  29   0    M    M    M 12.6 22 320   M    M   3        29 320
 8  48  30  39  11  26   0    M    M    M 11.2 20 290   M    M   3        25 300
 9  57  32  45  16  20   0    M    M    M 11.4 22 220   M    M   4        27 220
10  66  36  51  22  14   0    M    M    M 10.0 18 310   M    M   0        23 310
11  55  30  43  14  22   0    M    M    M  6.5 14 150   M    M   0         M  M
12  64  39  52  22  13   0    M    M    M 15.3 20 180   M    M   0        28 180
13  61  37  49  19  16   0    M    M    M 14.6 23 290   M    M   0        29 310
14  61  32  47  16  18   0    M    M    M  8.2 15 340   M    M   0        21 340
15  72  39  56  25   9   0    M    M    M 13.4 23 230   M    M   0        31 230
16  64  36  50  18  15   0    M    M    M 15.1 28 350   M    M   1        32 350
17  45  25  35   3  30   0    M    M    M 11.7 21 360   M    M   0        28 360
18  43  30  37   5  28   0    M    M    M  5.6 10 110   M    M   9         M  M
19  50  34  42   9  23   0    M    M    M 11.2 18 180   M    M   9        30 180
20  63  28  46  12  19   0    M    M    M 11.8 28 300   M    M   2        31 300
21  43  27  35   1  30   0    M    M    M 10.2 18 340   M    M   1        24 340
22  34  28  31  -3  34   0    M    M    M 15.2 22  90   M    M   9        29  90
23  30  28  29  -6  36   0    M    M    M 12.1 16 130   M    M  10        20 130
24  36  28  32  -3  33   0    M    M    M 14.4 21 130   M    M  10        27 150
25  37  30  34  -2  31   0    M    M    M 17.8 31 290   M    M   8        38 290
26  34  21  28  -8  37   0    M    M    M 12.9 17 320   M    M   3        24 320
27  32  16  24 -13  41   0    M    M    M  6.1 13 130   M    M   1         M  M
28  45  21  33  -4  32   0    M    M    M 11.5 17 160   M    M   3        28 170
================================================================================
SM 1235  674       860   0    M     M    328.4          M       97
================================================================================
AV 44.1 24.1                              11.7 FASTST   M    M   3    MAX(MPH)
                                 MISC ---->    31   M                 40    M
================================================================================
NOTES:
# LAST OF SEVERAL OCCURRENCES

COLUMN 17 PEAK WIND IN M.P.H.

PRELIMINARY LOCAL CLIMATOLOGICAL DATA (WS FORM: F-6) , PAGE 2

                                          STATION:  MANKATO MN
                                          MONTH:    MARCH
                                          YEAR:     2015
                                          LATITUDE:   44 13 N
                                          LONGITUDE:  93 55 W

[TEMPERATURE DATA]      [PRECIPITATION DATA]       SYMBOLS USED IN COLUMN 16

AVERAGE MONTHLY: 34.1   TOTAL FOR MONTH:      M    1 = FOG OR MIST
DPTR FM NORMAL:   3.1   DPTR FM NORMAL:       M    2 = FOG REDUCING VISIBILITY
HIGHEST:    72 ON 15    GRTST 24HR    M  ON   M        TO 1/4 MILE OR LESS
LOWEST:     -8 ON  5                               3 = THUNDER
                        SNOW, ICE PELLETS, HAIL    4 = ICE PELLETS
                        TOTAL MONTH:    M          5 = HAIL
                        GRTST 24HR    M  ON   M    6 = FREEZING RAIN OR DRIZZLE
                        GRTST DEPTH:  M  ON   M    7 = DUSTSTORM OR SANDSTORM:
                                                       VSBY 1/2 MILE OR LESS
                                                   8 = SMOKE OR HAZE
[NO. OF DAYS WITH]      [WEATHER - DAYS WITH]      9 = BLOWING SNOW
                                                   X = TORNADO
MAX 32 OR BELOW:   7    0.01 INCH OR MORE:   0
MAX 90 OR ABOVE:   0    0.10 INCH OR MORE:   0
MIN 32 OR BELOW:  22    0.50 INCH OR MORE:   0
MIN  0 OR BELOW:   2    1.00 INCH OR MORE:   0

[HDD (BASE 65) ]
TOTAL THIS MO.   860    CLEAR  (SCALE 0-3)  15
DPTR FM NORMAL   -91    PTCLDY (SCALE 4-7)   8
TOTAL FM JUL 1  6780    CLOUDY (SCALE 8-10)  5
DPTR FM NORMAL   -94

[CDD (BASE 65) ]
TOTAL THIS MO.     0
DPTR FM NORMAL     0    [PRESSURE DATA]
TOTAL FM JAN 1     0    HIGHEST SLP M ON M
DPTR FM NORMAL     0    LOWEST  SLP M ON M

[REMARKS]
