000
CXUS53 KMPX 301000
CF6MKT
PRELIMINARY LOCAL CLIMATOLOGICAL DATA (WS FORM: F-6)

                                          STATION:   MANKATO MN
                                          MONTH:     JANUARY
                                          YEAR:      2015
                                          LATITUDE:   44 13 N
                                          LONGITUDE:  93 55 W

  TEMPERATURE IN F:       :PCPN:    SNOW:  WIND      :SUNSHINE: SKY     :PK WND
================================================================================
1   2   3   4   5  6A  6B    7    8   9   10  11  12  13   14  15   16   17  18
                                     12Z  AVG MX 2MIN
DY MAX MIN AVG DEP HDD CDD  WTR  SNW DPTH SPD SPD DIR MIN PSBL S-S WX    SPD DR
================================================================================

 1  32  10  21   6  44   0    M    M    M 13.1 18 270   M    M   6        23 320
 2  27   9  18   3  47   0    M    M    M  8.1 13 140   M    M   7        17 200
 3  30  10  20   5  45   0    M    M    M 15.0 24 340   M    M   5        31 340
 4  10  -6   2 -12  63   0    M    M    M 17.9 25 310   M    M   4        38 350
 5   3 -11  -4 -18  69   0    M    M    M  8.5 16 310   M    M   4        21 300
 6   7  -9  -1 -15  66   0    M    M    M 12.9 25 320   M    M   1        32 320
 7   0  -8  -4 -18  69   0    M    M    M 18.7 24 320   M    M   3        32 320
 8   M   M   M   M   M   M    M    M    M   M   M   M   M    M   M         M  M
 9   7   0   4 -10  61   0    M    M    M 13.8 21 290   M    M   3        25 310
10  23  -6   9  -5  56   0    M    M    M  8.9 16 180   M    M   3        25 180
11  18   1  10  -4  55   0    M    M    M  5.3 12 360   M    M   3         M  M
12   9  -8   1 -13  64   0    M    M    M  8.1 14 350   M    M   0         M  M
13  16 -13   2 -12  63   0    M    M    M  8.2 15 200   M    M   3        21 200
14  25  16  21   7  44   0    M    M    M  8.0 13 200   M    M   7         M  M
15  34  19  27  13  38   0    M    M    M  9.4 18 290   M    M   2        23 290
16  34  18  26  12  39   0    M    M    M 10.1 18 110   M    M   2        22 110
17  39  25  32  18  33   0    M    M    M 13.0 24 290   M    M   5        31 290
18  37  27  32  18  33   0    M    M    M  9.1 17 290   M    M   0         M  M
19  43  23  33  19  32   0    M    M    M  8.4 15 180   M    M   4        17 170
20  36  28  32  18  33   0    M    M    M  7.0 14  40   M    M  10         M  M
21  28  25  27  13  38   0    M    M    M 10.3 14  10   M    M  10         M  M
22  28  10  19   5  46   0    M    M    M 10.3 16 190   M    M   6        20 200
23  37  27  32  18  33   0    M    M    M 11.4 15 200   M    M   3        23 200
24  41  27  34  20  31   0    M    M    M  6.4 10 290   M    M   4         M  M
25  36  23  30  15  35   0    M    M    M  9.8 18  30   M    M   9        20  50
26  45  25  35  20  30   0    M    M    M 14.1 24 310   M    M   7        29 200
27  36  30  33  18  32   0    M    M    M  8.3 17 150   M    M  10        23 150
28  34  30  32  17  33   0    M    M    M 13.5 22 150   M    M  10        28 150
29  34  16  25  10  40   0    M    M    M 20.4 29 330   M    M   7        39 330
================================================================================
SM  749  338      1272   0    M     M    308.0          M      138
================================================================================
AV 26.8 12.1                              11.0 FASTST   M    M   5    MAX(MPH)
                                 MISC ---->    29   M                 39    M
================================================================================
NOTES:
# LAST OF SEVERAL OCCURRENCES

COLUMN 17 PEAK WIND IN M.P.H.

PRELIMINARY LOCAL CLIMATOLOGICAL DATA (WS FORM: F-6) , PAGE 2

                                          STATION:  MANKATO MN
                                          MONTH:    JANUARY
                                          YEAR:     2015
                                          LATITUDE:   44 13 N
                                          LONGITUDE:  93 55 W

[TEMPERATURE DATA]      [PRECIPITATION DATA]       SYMBOLS USED IN COLUMN 16

AVERAGE MONTHLY: 19.4   TOTAL FOR MONTH:      M    1 = FOG OR MIST
DPTR FM NORMAL:   5.1   DPTR FM NORMAL:       M    2 = FOG REDUCING VISIBILITY
HIGHEST:    45 ON 26    GRTST 24HR    M  ON   M        TO 1/4 MILE OR LESS
LOWEST:    -13 ON 13                               3 = THUNDER
                        SNOW, ICE PELLETS, HAIL    4 = ICE PELLETS
                        TOTAL MONTH:    M          5 = HAIL
                        GRTST 24HR    M  ON   M    6 = FREEZING RAIN OR DRIZZLE
                        GRTST DEPTH:  M  ON   M    7 = DUSTSTORM OR SANDSTORM:
                                                       VSBY 1/2 MILE OR LESS
                                                   8 = SMOKE OR HAZE
[NO. OF DAYS WITH]      [WEATHER - DAYS WITH]      9 = BLOWING SNOW
                                                   X = TORNADO
MAX 32 OR BELOW:  15    0.01 INCH OR MORE:   0
MAX 90 OR ABOVE:   0    0.10 INCH OR MORE:   0
MIN 32 OR BELOW:  28    0.50 INCH OR MORE:   0
MIN  0 OR BELOW:   8    1.00 INCH OR MORE:   0

[HDD (BASE 65) ]
TOTAL THIS MO.  1272    CLEAR  (SCALE 0-3)   9
DPTR FM NORMAL  -198    PTCLDY (SCALE 4-7)  14
TOTAL FM JUL 1  4349    CLOUDY (SCALE 8-10)  5
DPTR FM NORMAL  -211

[CDD (BASE 65) ]
TOTAL THIS MO.     0
DPTR FM NORMAL     0    [PRESSURE DATA]
TOTAL FM JAN 1     0    HIGHEST SLP M ON M
DPTR FM NORMAL     0    LOWEST  SLP M ON M

[REMARKS]
