000
CXUS54 KTSA 260940
CF6MLC
PRELIMINARY LOCAL CLIMATOLOGICAL DATA (WS FORM: F-6)

                                          STATION:   MCALESTER OKLAHOMA
                                          MONTH:     DECEMBER
                                          YEAR:      2014
                                          LATITUDE:   34 52 N
                                          LONGITUDE:  95 47 W

  TEMPERATURE IN F:       :PCPN:    SNOW:  WIND      :SUNSHINE: SKY     :PK WND
================================================================================
1   2   3   4   5  6A  6B    7    8   9   10  11  12  13   14  15   16   17  18
                                     12Z  AVG MX 2MIN
DY MAX MIN AVG DEP HDD CDD  WTR  SNW DPTH SPD SPD DIR MIN PSBL S-S WX    SPD DR
================================================================================

 1  38  30  34 -12  31   0    T    M    0 13.3 23 360   M    M  10        29 350
 2  43  29  36  -9  29   0 0.00  0.0    0  5.6 14 210   M    M   8        19 200
 3  47  43  45   0  20   0 0.01  0.0    0  2.5  9 170   M    M  10 1      14 170
 4  58  47  53   8  12   0 0.01  0.0    0  2.8  9 200   M    M  10 1      14 180
 5  65  53  59  15   6   0 0.39  0.0    0  7.6 20 360   M    M  10 1      25 360
 6  53  45  49   5  16   0 0.00  0.0    0  9.1 17  20   M    M  10 18     22  20
 7  52  39  46   2  19   0 0.02  0.0    0  2.9 10 120   M    M   8 1      13 120
 8  57  36  47   3  18   0 0.00  0.0    0  1.2  9 320   M    M   7 12     11 320
 9  56  34  45   2  20   0 0.00  0.0    0  4.3 13  20   M    M   5 12     20  10
10  58  31  45   2  20   0 0.00  0.0    0  4.0 12 180   M    M   4 1      16 130
11  52  43  48   5  17   0    T  0.0    0  2.4  8 160   M    M  10 18     12 170
12  52  47  50   8  15   0 0.06  0.0    0  3.0  9 120   M    M  10 1      14 140
13  61  51  56  14   9   0 0.00  0.0    0  4.9 14 170   M    M   9 1      19 170
14  65  55  60  18   5   0 0.75  0.0    0 10.4 26 230   M    M   9 13     35 220
15  63  40  52  10  13   0 0.00  0.0    0  9.5 20 260   M    M   5        25 290
16  49  32  41  -1  24   0 0.00  0.0    0  7.8 16 330   M    M   4        22 360
17  40  33  37  -4  28   0 0.71    M    0  4.2 13 120   M    M   8 1      19 120
18  46  40  43   2  22   0 0.00  0.0    0  2.8  9  20   M    M  10 1      11  10
19  44  41  43   2  22   0 0.00  0.0    0  6.1 10  10   M    M  10 12     13  20
20  46  41  44   3  21   0 0.00  0.0    0  2.0  7  10   M    M  10 12      8 120
21  49  44  47   6  18   0 0.00  0.0    0  6.9 14 150   M    M  10 18     22 180
22  58  41  50   9  15   0    T    M    0  6.9 15 260   M    M   7        23 180
23  52  41  47   6  18   0 0.00  0.0    0  7.8 21 330   M    M   6        26 330
24  47  30  39  -1  26   0    T    M    0  9.2 18 310   M    M   7        25 310
25  61  33  47   7  18   0    T    M    0 12.1 25 190   M    M   2        35 190
================================================================================
SM 1312  999       462   0  1.95     0.0 149.3          M      199
================================================================================
AV 52.5 40.0                               6.0 FASTST   M    M   8    MAX(MPH)
                                 MISC ---->  # 26 230               # 35  220
================================================================================
NOTES:
# LAST OF SEVERAL OCCURRENCES

COLUMN 17 PEAK WIND IN M.P.H.

PRELIMINARY LOCAL CLIMATOLOGICAL DATA (WS FORM: F-6) , PAGE 2

                                          STATION:  MCALESTER OKLAHOMA
                                          MONTH:    DECEMBER
                                          YEAR:     2014
                                          LATITUDE:   34 52 N
                                          LONGITUDE:  95 47 W

[TEMPERATURE DATA]      [PRECIPITATION DATA]       SYMBOLS USED IN COLUMN 16

AVERAGE MONTHLY: 46.2   TOTAL FOR MONTH:   1.95    1 = FOG OR MIST
DPTR FM NORMAL:   3.7   DPTR FM NORMAL:   -0.51    2 = FOG REDUCING VISIBILITY
HIGHEST:    65 ON 14, 5 GRTST 24HR  0.75 ON 14-14      TO 1/4 MILE OR LESS
LOWEST:     29 ON  2                               3 = THUNDER
                        SNOW, ICE PELLETS, HAIL    4 = ICE PELLETS
                        TOTAL MONTH:   0.0 INCH    5 = HAIL
                        GRTST 24HR     0.0         6 = FREEZING RAIN OR DRIZZLE
                        GRTST DEPTH:   0           7 = DUSTSTORM OR SANDSTORM:
                                                       VSBY 1/2 MILE OR LESS
                                                   8 = SMOKE OR HAZE
[NO. OF DAYS WITH]      [WEATHER - DAYS WITH]      9 = BLOWING SNOW
                                                   X = TORNADO
MAX 32 OR BELOW:   0    0.01 INCH OR MORE:   7
MAX 90 OR ABOVE:   0    0.10 INCH OR MORE:   3
MIN 32 OR BELOW:   5    0.50 INCH OR MORE:   2
MIN  0 OR BELOW:   0    1.00 INCH OR MORE:   0

[HDD (BASE 65) ]
TOTAL THIS MO.   462    CLEAR  (SCALE 0-3)   1
DPTR FM NORMAL  -101    PTCLDY (SCALE 4-7)   9
TOTAL FM JUL 1  1069    CLOUDY (SCALE 8-10) 15
DPTR FM NORMAL   -52

[CDD (BASE 65) ]
TOTAL THIS MO.     0
DPTR FM NORMAL     0    [PRESSURE DATA]
TOTAL FM JAN 1  2059    HIGHEST SLP M ON M
DPTR FM NORMAL     8    LOWEST  SLP 29.52 ON 22

[REMARKS]
