000
CXUS55 KDVN 221100
CF6MLI
PRELIMINARY LOCAL CLIMATOLOGICAL DATA (WS FORM: F-6)

                                          STATION:   MOLINE IL
                                          MONTH:     MARCH
                                          YEAR:      2017
                                          LATITUDE:   41 27 N
                                          LONGITUDE:  90 31 W

  TEMPERATURE IN F:       :PCPN:    SNOW:  WIND      :SUNSHINE: SKY     :PK WND
================================================================================
1   2   3   4   5  6A  6B    7    8   9   10  11  12  13   14  15   16   17  18
                                     12Z  AVG MX 2MIN
DY MAX MIN AVG DEP HDD CDD  WTR  SNW DPTH SPD SPD DIR MIN PSBL S-S WX    SPD DR
================================================================================

 1  50  32  41   9  24   0 0.05  0.0    0 18.2 33 300   M    M   8 1      44 300
 2  38  26  32  -1  33   0 0.00  0.0    0 13.1 23 310   M    M   3        30 310
 3  39  21  30  -3  35   0 0.00  0.0    0  7.3 13 110   M    M   3        16 110
 4  55  29  42   8  23   0 0.00  0.0    0 13.9 21 110   M    M   1        26 120
 5  68  33  51  17  14   0 0.00  0.0    0 14.4 25 220   M    M   7        32 200
 6  68  52  60  25   5   0 0.55  0.0    0 19.5 47 260   M    M   6 13     57 270
 7  56  38  47  12  18   0 0.01  0.0    0 16.9 28 230   M    M   2 13     36 240
 8  55  36  46  10  19   0 0.00  0.0    0 16.8 36 270   M    M   1        47 280
 9  49  29  39   3  26   0 0.00  0.0    0  9.2 18 340   M    M   1        24 330
10  36  24  30  -6  35   0 0.00  0.0    0 11.9 22 340   M    M   4        29 310
11  34  22  28  -9  37   0 0.00  0.0    0  7.1 13 310   M    M   7        16 310
12  37  18  28  -9  37   0 0.12  1.6    0  7.1 17 160   M    M   4 1      23 160
13  32  23  28 -10  37   0 0.23  3.2    4 12.5 18  70   M    M  10 18     24  80
14  26  16  21 -17  44   0 0.06  1.1    3  9.2 20  40   M    M   4 1      25  30
15  33  11  22 -17  43   0 0.00  0.0    2  4.9 13 280   M    M   0        17 300
16  44  14  29 -10  36   0 0.00  0.0    0  7.8 16 140   M    M   4        20 130
17  63  38  51  11  14   0 0.03  0.0    0 13.5 30 310   M    M   6        38 300
18  48  29  39  -1  26   0 0.00  0.0    0 12.0 26 300   M    M   7        36 300
19  59  23  41   1  24   0 0.00  0.0    0  9.3 22 160   M    M   1        27 170
20  66  41  54  13  11   0 0.00  0.0    0  7.4 16  30   M    M   2 3      23  20
21  53  36  45   4  20   0    T  0.0    0  7.3 23 310   M    M   2 18     31 320
================================================================================
SM 1009  591       561   0  1.05     5.9 239.3          M       83
================================================================================
AV 48.1 28.1                              11.4 FASTST   M    M   4    MAX(MPH)
                                 MISC ---->  # 47 260               # 57  270
================================================================================
NOTES:
# LAST OF SEVERAL OCCURRENCES

COLUMN 17 PEAK WIND IN M.P.H.

PRELIMINARY LOCAL CLIMATOLOGICAL DATA (WS FORM: F-6) , PAGE 2

                                          STATION:  MOLINE IL
                                          MONTH:    MARCH
                                          YEAR:     2017
                                          LATITUDE:   41 27 N
                                          LONGITUDE:  90 31 W

[TEMPERATURE DATA]      [PRECIPITATION DATA]       SYMBOLS USED IN COLUMN 16

AVERAGE MONTHLY: 38.1   TOTAL FOR MONTH:   1.05    1 = FOG OR MIST
DPTR FM NORMAL:   1.2   DPTR FM NORMAL:   -0.85    2 = FOG REDUCING VISIBILITY
HIGHEST:    68 ON  6, 5 GRTST 24HR  0.55 ON  6- 6      TO 1/4 MILE OR LESS
LOWEST:     11 ON 15                               3 = THUNDER
                        SNOW, ICE PELLETS, HAIL    4 = ICE PELLETS
                        TOTAL MONTH:   5.9 INCHES  5 = HAIL
                        GRTST 24HR   3.2 ON   M    6 = FREEZING RAIN OR DRIZZLE
                        GRTST DEPTH:   4 ON 13     7 = DUSTSTORM OR SANDSTORM:
                                                       VSBY 1/2 MILE OR LESS
                                                   8 = SMOKE OR HAZE
[NO. OF DAYS WITH]      [WEATHER - DAYS WITH]      9 = BLOWING SNOW
                                                   X = TORNADO
MAX 32 OR BELOW:   2    0.01 INCH OR MORE:   7
MAX 90 OR ABOVE:   0    0.10 INCH OR MORE:   3
MIN 32 OR BELOW:  14    0.50 INCH OR MORE:   1
MIN  0 OR BELOW:   0    1.00 INCH OR MORE:   0

[HDD (BASE 65) ]
TOTAL THIS MO.   561    CLEAR  (SCALE 0-3)   9
DPTR FM NORMAL   -30    PTCLDY (SCALE 4-7)  11
TOTAL FM JUL 1  4364    CLOUDY (SCALE 8-10)  1
DPTR FM NORMAL -1025

[CDD (BASE 65) ]
TOTAL THIS MO.     0
DPTR FM NORMAL     0    [PRESSURE DATA]
TOTAL FM JAN 1     0    HIGHEST SLP M ON M
DPTR FM NORMAL     0    LOWEST  SLP 29.39 ON  6

[REMARKS]
