000
CXUS55 KBYZ 271055
CF6MLS
PRELIMINARY LOCAL CLIMATOLOGICAL DATA (WS FORM: F-6)

                                          STATION:   MILES CITY MT
                                          MONTH:     FEBRUARY
                                          YEAR:      2015
                                          LATITUDE:   46 25 N
                                          LONGITUDE: 105 53 W

  TEMPERATURE IN F:       :PCPN:    SNOW:  WIND      :SUNSHINE: SKY     :PK WND
================================================================================
1   2   3   4   5  6A  6B    7    8   9   10  11  12  13   14  15   16   17  18
                                     12Z  AVG MX 2MIN
DY MAX MIN AVG DEP HDD CDD  WTR  SNW DPTH SPD SPD DIR MIN PSBL S-S WX    SPD DR
================================================================================

 1  17  -5   6 -15  59   0    T    M    M  6.3 14 160   M    M   3 1      16 160
 2  24  15  20  -1  45   0 0.02    M    M  8.1 18 340   M    M   6 1      22 350
 3  22  -1  11 -11  54   0 0.10    M    M 10.4 22 340   M    M   9 12     24 340
 4  20 -12   4 -18  61   0 0.00    M    M  7.2 14 150   M    M   0 1      17 160
 5  43   9  26   4  39   0 0.00    M    M  7.1 12 170   M    M   4        15 150
 6  55  29  42  20  23   0 0.00    M    M  8.6 15 160   M    M   0        19 160
 7  51  34  43  21  22   0    T    M    M  6.9 16 330   M    M   6        22 320
 8  58  34  46  24  19   0 0.00    M    M  7.7 21 290   M    M   3        25 300
 9  50  27  39  16  26   0 0.00    M    M  7.5 14 300   M    M   7 12     18 130
10  42  22  32   9  33   0 0.00    M    M 12.5 24 340   M    M   9 1      28 330
11  26  19  23   0  42   0 0.00    M    M  7.5 14  60   M    M  10 1      16  70
12  54  20  37  14  28   0 0.00    M    M  9.8 22 310   M    M   2        27 300
13  60  33  47  23  18   0 0.00    M    M  9.7 23 310   M    M   1        28 290
14  36  26  31   7  34   0 0.00    M    M 12.8 25 140   M    M   6 1      34 140
15  47  29  38  14  27   0 0.00    M    M 10.3 21 330   M    M   8        25 330
16  34  13  24   0  41   0 0.01    M    M 13.5 25  20   M    M   9 18     32  20
17  20   4  12 -13  53   0 0.00    M    M 10.1 20 320   M    M   2        24 320
18  27  14  21  -4  44   0 0.00    M    M  6.3 12 150   M    M   8        14 160
19  52  23  38  13  27   0 0.00    M    M 11.4 33 310   M    M   1        40 310
20  43  28  36  10  29   0    T    M    M 13.6 29 320   M    M   8 1      36 310
21  27   7  17  -9  48   0    T    M    M 12.6 23 330   M    M   8 1      29 330
22  20  -3   9 -17  56   0 0.00    M    M  5.1 12 330   M    M   0        14  20
23  43   4  24  -3  41   0 0.00    M    M 12.5 25 260   M    M   1        32 220
24  57  28  43  16  22   0    T    M    M 10.8 26 320   M    M   4        32 320
25  39  -1  19  -8  46   0    T    M    M 15.1 28 360   M    M   8 12     35 360
26  14  -9   3 -25  62   0 0.00    M    M  4.9 12  40   M    M   0        14 140
================================================================================
SM  981  387       999   0  0.13    M    248.3          M      123
================================================================================
AV 37.7 14.9                               9.6 FASTST   M    M   5    MAX(MPH)
                                 MISC ---->  # 33 310               # 40  310
================================================================================
NOTES:
# LAST OF SEVERAL OCCURRENCES

COLUMN 17 PEAK WIND IN M.P.H.

PRELIMINARY LOCAL CLIMATOLOGICAL DATA (WS FORM: F-6) , PAGE 2

                                          STATION:  MILES CITY MT
                                          MONTH:    FEBRUARY
                                          YEAR:     2015
                                          LATITUDE:   46 25 N
                                          LONGITUDE: 105 53 W

[TEMPERATURE DATA]      [PRECIPITATION DATA]       SYMBOLS USED IN COLUMN 16

AVERAGE MONTHLY: 26.3   TOTAL FOR MONTH:   0.13    1 = FOG OR MIST
DPTR FM NORMAL:   2.3   DPTR FM NORMAL:   -0.08    2 = FOG REDUCING VISIBILITY
HIGHEST:    60 ON 13    GRTST 24HR  0.10 ON  3- 3      TO 1/4 MILE OR LESS
LOWEST:    -12 ON  4                               3 = THUNDER
                        SNOW, ICE PELLETS, HAIL    4 = ICE PELLETS
                        TOTAL MONTH:    M          5 = HAIL
                        GRTST 24HR    M  ON   M    6 = FREEZING RAIN OR DRIZZLE
                        GRTST DEPTH:  M  ON   M    7 = DUSTSTORM OR SANDSTORM:
                                                       VSBY 1/2 MILE OR LESS
                                                   8 = SMOKE OR HAZE
[NO. OF DAYS WITH]      [WEATHER - DAYS WITH]      9 = BLOWING SNOW
                                                   X = TORNADO
MAX 32 OR BELOW:  10    0.01 INCH OR MORE:   3
MAX 90 OR ABOVE:   0    0.10 INCH OR MORE:   1
MIN 32 OR BELOW:  23    0.50 INCH OR MORE:   0
MIN  0 OR BELOW:   6    1.00 INCH OR MORE:   0

[HDD (BASE 65) ]
TOTAL THIS MO.   999    CLEAR  (SCALE 0-3)  11
DPTR FM NORMAL   -65    PTCLDY (SCALE 4-7)  10
TOTAL FM JUL 1  5367    CLOUDY (SCALE 8-10)  5
DPTR FM NORMAL  -293

[CDD (BASE 65) ]
TOTAL THIS MO.     0
DPTR FM NORMAL     0    [PRESSURE DATA]
TOTAL FM JAN 1     0    HIGHEST SLP M ON M
DPTR FM NORMAL     0    LOWEST  SLP 29.48 ON  7

[REMARKS]
