000
CXUS54 KSHV 011300
CF6MLU
PRELIMINARY LOCAL CLIMATOLOGICAL DATA (WS FORM: F-6)

                                          STATION:   MONROE
                                          MONTH:     FEBRUARY
                                          YEAR:      2015
                                          LATITUDE:   32 30 N
                                          LONGITUDE:  92  2 W

  TEMPERATURE IN F:       :PCPN:    SNOW:  WIND      :SUNSHINE: SKY     :PK WND
================================================================================
1   2   3   4   5  6A  6B    7    8   9   10  11  12  13   14  15   16   17  18
                                     12Z  AVG MX 2MIN
DY MAX MIN AVG DEP HDD CDD  WTR  SNW DPTH SPD SPD DIR MIN PSBL S-S WX    SPD DR
================================================================================

 1  71  42  57   9   8   0 0.38  0.0    0 12.9 25 300   M    M   7 138    33 310
 2  44  29  37 -11  28   0 0.00  0.0    0  8.4 24 320   M    M   0        30 320
 3  48  30  39  -9  26   0 0.00  0.0    0  1.5  8 130   M    M   0        12 140
 4  51  34  43  -5  22   0 0.00  0.0    0  2.3  8 140   M    M   5        11 150
 5  50  29  40  -8  25   0 0.01  0.0    0  9.3 21  40   M    M   5 1      27  30
 6  58  24  41  -8  24   0 0.00  0.0    0  2.0  8 210   M    M   0        11 210
 7  68  32  50   1  15   0 0.00  0.0    0  7.9 17 210   M    M   0 8      26 210
 8  75  54  65  16   0   0 0.00  0.0    0  8.8 21 220   M    M   8        27 210
 9  73  43  58   9   7   0 0.00  0.0    0  9.3 20  50   M    M   0 12     25  40
10  56  34  45  -4  20   0 0.00  0.0    0  5.9 15  50   M    M   0 8      18  30
11  68  33  51   1  14   0 0.00  0.0    0  3.6 10  10   M    M   0        13  10
12  55  33  44  -6  21   0 0.00  0.0    0 11.4 20 340   M    M   0        26  20
13  49  25  37 -13  28   0 0.00  0.0    0  3.1 10  60   M    M   0        15  60
14  74  32  53   3  12   0 0.00  0.0    0  3.3 15 260   M    M   0        20 260
15  52  35  44  -6  21   0 0.02  0.0    0  9.8 23  50   M    M   3        31  50
16  59  29  44  -7  21   0 1.29  0.0    0  9.7 28 350   M    M   9 1      36 350
17  39  25  32 -19  33   0 0.00  0.0    0  6.9 16  20   M    M   3        22 350
18  51  27  39 -12  26   0 0.00  0.0    0  8.0 18 320   M    M   0        27 330
19  42  25  34 -17  31   0 0.00  0.0    0  6.0 15  20   M    M   1        19  20
20  59  28  44  -8  21   0 0.02  0.0    0  8.2 20 170   M    M   9        29 170
21  70  42  56   4   9   0 1.02  0.0    0 14.2 25 340   M    M  10 13     34 210
22  42  35  39 -13  26   0 0.88  0.0    0 11.3 21  30   M    M   8 18     28  40
23  35  25  30 -22  35   0 0.42  0.5    0 12.2 23  20   M    M  10 146    29  20
24  36  24  30 -23  35   0 0.00  0.0    0  5.3 14  10   M    M   6 1      19  30
25  34  31  33 -20  32   0 0.81  3.0    0  4.8 12 350   M    M   9 1      16 350
26  41  31  36 -17  29   0 0.00  0.0    1  7.5 17  30   M    M   9 8      21  30
27  36  28  32 -22  33   0 0.00  0.0    0 11.4 21  50   M    M   8        26  60
28  50  29  40 -14  25   0 0.00  0.0    0  7.5 15  60   M    M   8        19  50
================================================================================
SM 1486  888       627   0  4.85     3.5 212.5          M      118
================================================================================
AV 53.1 31.7                               7.6 FASTST   M    M   4    MAX(MPH)
                                 MISC ---->  # 28 350               # 36  350
================================================================================
NOTES:
# LAST OF SEVERAL OCCURRENCES

COLUMN 17 PEAK WIND IN M.P.H.

PRELIMINARY LOCAL CLIMATOLOGICAL DATA (WS FORM: F-6) , PAGE 2

                                          STATION:  MONROE
                                          MONTH:    FEBRUARY
                                          YEAR:     2015
                                          LATITUDE:   32 30 N
                                          LONGITUDE:  92  2 W

[TEMPERATURE DATA]      [PRECIPITATION DATA]       SYMBOLS USED IN COLUMN 16

AVERAGE MONTHLY: 42.4   TOTAL FOR MONTH:   4.85    1 = FOG OR MIST
DPTR FM NORMAL:  -8.1   DPTR FM NORMAL:    0.22    2 = FOG REDUCING VISIBILITY
HIGHEST:    75 ON  8    GRTST 24HR  1.31 ON 15-16      TO 1/4 MILE OR LESS
LOWEST:     24 ON 24, 6                            3 = THUNDER
                        SNOW, ICE PELLETS, HAIL    4 = ICE PELLETS
                        TOTAL MONTH:   3.5 INCHES  5 = HAIL
                        GRTST 24HR   3.0 ON 25-25  6 = FREEZING RAIN OR DRIZZLE
                        GRTST DEPTH:   1 ON 26     7 = DUSTSTORM OR SANDSTORM:
                                                       VSBY 1/2 MILE OR LESS
                                                   8 = SMOKE OR HAZE
[NO. OF DAYS WITH]      [WEATHER - DAYS WITH]      9 = BLOWING SNOW
                                                   X = TORNADO
MAX 32 OR BELOW:   0    0.01 INCH OR MORE:   9
MAX 90 OR ABOVE:   0    0.10 INCH OR MORE:   6
MIN 32 OR BELOW:  18    0.50 INCH OR MORE:   4
MIN  0 OR BELOW:   0    1.00 INCH OR MORE:   2

[HDD (BASE 65) ]
TOTAL THIS MO.   627    CLEAR  (SCALE 0-3)  13
DPTR FM NORMAL   214    PTCLDY (SCALE 4-7)   8
TOTAL FM JUL 1  2204    CLOUDY (SCALE 8-10)  7
DPTR FM NORMAL   310

[CDD (BASE 65) ]
TOTAL THIS MO.     0
DPTR FM NORMAL    -7    [PRESSURE DATA]
TOTAL FM JAN 1     0    HIGHEST SLP 30.56 ON 27
DPTR FM NORMAL   -11    LOWEST  SLP 29.77 ON  1

[REMARKS]
#FINAL-02-15#
