000
CXUS51 KLWX 230620
CF6MRB
PRELIMINARY LOCAL CLIMATOLOGICAL DATA (WS FORM: F-6)

                                          STATION:   MARTINSBURG WV
                                          MONTH:     OCTOBER
                                          YEAR:      2014
                                          LATITUDE:   39 24 N
                                          LONGITUDE:  77 59 W

  TEMPERATURE IN F:       :PCPN:    SNOW:  WIND      :SUNSHINE: SKY     :PK WND
================================================================================
1   2   3   4   5  6A  6B    7    8   9   10  11  12  13   14  15   16   17  18
                                     12Z  AVG MX 2MIN
DY MAX MIN AVG DEP HDD CDD  WTR  SNW DPTH SPD SPD DIR MIN PSBL S-S WX    SPD DR
================================================================================

 1  72  57  65   6   0   0 0.08    M    M  2.3 10  40   M    M   7 18     12  30
 2  76  57  67   8   0   2 0.00    M    M  1.9  9  80   M    M   5 128     M  M
 3  69  59  64   6   1   0 0.20    M    M  7.2 20 150   M    M  10 18     29 150
 4  66  38  52  -6  13   0 0.01    M    M 11.9 29 280   M    M   5 1      36 280
 5  62  38  50  -8  15   0 0.00    M    M  5.1 21 280   M    M   2        26 270
 6  73  35  54  -3  11   0 0.10    M    M  5.9 22 160   M    M   3        32 140
 7  66  55  61   4   4   0 0.11    M    M  6.5 13 190   M    M   3 1      18 190
 8  75  50  63   7   2   0 0.00    M    M  8.7 23 270   M    M   2 18     31 250
 9  71  43  57   1   8   0 0.00    M    M  6.4 22 270   M    M   1        27 250
10  59  52  56   0   9   0 0.10    M    M  2.2  7  10   M    M   8 18      8  20
11  61  50  56   1   9   0 0.41    M    M  3.2 10  20   M    M   8 18     14  10
12  61  48  55   0  10   0    T    M    M  2.5  9 180   M    M   9 18     14 160
13  67  54  61   6   4   0    T    M    M  2.4  9 160   M    M   8 12     27 160
14  78  54  66  12   0   1 0.02    M    M  9.3 21 140   M    M   9 128    31 140
15  71  58  65  11   0   0 2.08    M    M  3.8 17 280   M    M   9 128    24 150
16  67  54  61   7   4   0    T    M    M  2.8  9 250   M    M  10 12     12 170
17  72  53  63  10   2   0 0.00    M    M  6.0 17 260   M    M   2        22 260
18  67  51  59   6   6   0 0.00    M    M 11.7 24 250   M    M   8        33 250
19  59  38  49  -4  16   0    T    M    M  9.9 22 340   M    M   4        29 310
20  63  34  49  -3  16   0    T    M    M  1.8 10 220   M    M   3        15 220
21  65  44  55   3  10   0 0.04    M    M  2.9 15 310   M    M   7 128    18 310
22  57  51  54   2  11   0 0.03    M    M 13.1 22 310   M    M   9        35 300
================================================================================
SM 1477 1073       151   3  3.18    M    127.5          M      132
================================================================================
AV 67.1 48.8                               5.8 FASTST   M    M   6    MAX(MPH)
                                 MISC ---->  # 29 280               # 36  280
================================================================================
NOTES:
# LAST OF SEVERAL OCCURRENCES

COLUMN 17 PEAK WIND IN M.P.H.

PRELIMINARY LOCAL CLIMATOLOGICAL DATA (WS FORM: F-6) , PAGE 2

                                          STATION:  MARTINSBURG WV
                                          MONTH:    OCTOBER
                                          YEAR:     2014
                                          LATITUDE:   39 24 N
                                          LONGITUDE:  77 59 W

[TEMPERATURE DATA]      [PRECIPITATION DATA]       SYMBOLS USED IN COLUMN 16

AVERAGE MONTHLY: 58.0   TOTAL FOR MONTH:   3.18    1 = FOG OR MIST
DPTR FM NORMAL:   2.7   DPTR FM NORMAL:    1.01    2 = FOG REDUCING VISIBILITY
HIGHEST:    78 ON 14    GRTST 24HR  2.10 ON 14-15      TO 1/4 MILE OR LESS
LOWEST:     34 ON 20                               3 = THUNDER
                        SNOW, ICE PELLETS, HAIL    4 = ICE PELLETS
                        TOTAL MONTH:    M          5 = HAIL
                        GRTST 24HR    M  ON   M    6 = FREEZING RAIN OR DRIZZLE
                        GRTST DEPTH:  M  ON   M    7 = DUSTSTORM OR SANDSTORM:
                                                       VSBY 1/2 MILE OR LESS
                                                   8 = SMOKE OR HAZE
[NO. OF DAYS WITH]      [WEATHER - DAYS WITH]      9 = BLOWING SNOW
                                                   X = TORNADO
MAX 32 OR BELOW:   0    0.01 INCH OR MORE:  11
MAX 90 OR ABOVE:   0    0.10 INCH OR MORE:   6
MIN 32 OR BELOW:   0    0.50 INCH OR MORE:   1
MIN  0 OR BELOW:   0    1.00 INCH OR MORE:   1

[HDD (BASE 65) ]
TOTAL THIS MO.   151    CLEAR  (SCALE 0-3)   5
DPTR FM NORMAL   -71    PTCLDY (SCALE 4-7)  10
TOTAL FM JUL 1   205    CLOUDY (SCALE 8-10)  7
DPTR FM NORMAL  -108

[CDD (BASE 65) ]
TOTAL THIS MO.     3
DPTR FM NORMAL    -5    [PRESSURE DATA]
TOTAL FM JAN 1   958    HIGHEST SLP M ON M
DPTR FM NORMAL    65    LOWEST  SLP 29.60 ON  4

[REMARKS]
