498
CXUS55 KLIX 271000
CF6MSY
PRELIMINARY LOCAL CLIMATOLOGICAL DATA (WS FORM: F-6)

                                          STATION:   NEW ORLEANS
                                          MONTH:     SEPTEMBER
                                          YEAR:      2016
                                          LATITUDE:   29 58 N
                                          LONGITUDE:  90 15 W

  TEMPERATURE IN F:       :PCPN:    SNOW:  WIND      :SUNSHINE: SKY     :PK WND
================================================================================
1   2   3   4   5  6A  6B    7    8   9   10  11  12  13   14  15   16   17  18
                                     12Z  AVG MX 2MIN
DY MAX MIN AVG DEP HDD CDD  WTR  SNW DPTH SPD SPD DIR MIN PSBL S-S WX    SPD DR
================================================================================

 1  98  84  91   9   0  26 0.00  0.0    0  8.9 21  50   M    M   4 3      25  40
 2  97  82  90   8   0  25 0.19  0.0    0  6.9 18 220   M    M   5 3      22 220
 3  95  81  88   6   0  23 0.00  0.0    0  5.8 18 110   M    M   4 3      25 120
 4  95  80  88   6   0  23 0.17  0.0    0  3.6 17 190   M    M   7 13     21 200
 5  86  77  82   0   0  17 1.43  0.0    0  3.1 13 160   M    M   7 13     17 170
 6  93  78  86   4   0  21    T  0.0    0  4.1 16 170   M    M   5 3      22 180
 7  92  78  85   3   0  20 0.00  0.0    0  5.5 16 150   M    M   3        21 150
 8  92  77  85   3   0  20 0.00  0.0    0  5.2 15 160   M    M   3 8      17 160
 9  92  79  86   5   0  21 0.00  0.0    0  5.8 15 160   M    M   4 3      19 160
10  95  78  87   6   0  22    T  0.0    0  5.3 22 180   M    M   5 3      26 180
11  91  74  83   2   0  18 1.87  0.0    0  5.4 26 130   M    M   7 138    35 140
12  92  77  85   4   0  20 0.19  0.0    0  7.1 16 110   M    M   6 3      20 120
13  91  79  85   4   0  20 0.00  0.0    0  7.1 16  90   M    M   5        20  40
14  92  78  85   5   0  20 0.01  0.0    0  8.4 17  50   M    M   5        25  50
15  93  81  87   7   0  22    T  0.0    0  7.2 20 140   M    M   6 3      26 140
16  86  78  82   2   0  17 0.43  0.0    0  6.4 17 200   M    M   8 13     23 200
17  88  79  84   4   0  19 0.02  0.0    0  5.8 18 220   M    M   8        26 210
18  92  78  85   6   0  20    T  0.0    0  5.5 13 150   M    M   7 3      16 160
19  94  78  86   7   0  21 0.00  0.0    0  6.1 14  20   M    M   2 18     16 350
20  95  81  88   9   0  23 0.00  0.0    0  6.0 13  60   M    M   2        17  40
21  96  80  88   9   0  23 0.00  0.0    0  4.9 13 180   M    M   4 8      15 180
22  94  78  86   8   0  21 0.00  0.0    0  4.6 13 190   M    M   4        16 170
23  93  78  86   8   0  21 0.04  0.0    0  3.4 20 240   M    M   3 38     27 230
24  94  77  86   8   0  21 0.28  0.0    0  2.7 22 260   M    M   3        25 260
25  94  76  85   7   0  20 0.00  0.0    0  3.7 14  90   M    M   4 1      18  90
26  95  77  86   9   0  21 0.00  0.0    0  4.6 20 330   M    M   5 138    24 320
================================================================================
SM 2415 2043         0 545  4.63     0.0 143.1          M      126
================================================================================
AV 92.9 78.6                               5.5 FASTST   M    M   5    MAX(MPH)
                                 MISC ---->  # 26 130               # 35  140
================================================================================
NOTES:
# LAST OF SEVERAL OCCURRENCES

COLUMN 17 PEAK WIND IN M.P.H.

PRELIMINARY LOCAL CLIMATOLOGICAL DATA (WS FORM: F-6) , PAGE 2

                                          STATION:  NEW ORLEANS
                                          MONTH:    SEPTEMBER
                                          YEAR:     2016
                                          LATITUDE:   29 58 N
                                          LONGITUDE:  90 15 W

[TEMPERATURE DATA]      [PRECIPITATION DATA]       SYMBOLS USED IN COLUMN 16

AVERAGE MONTHLY: 85.7   TOTAL FOR MONTH:   4.63    1 = FOG OR MIST
DPTR FM NORMAL:   5.5   DPTR FM NORMAL:    0.16    2 = FOG REDUCING VISIBILITY
HIGHEST:    98 ON  1    GRTST 24HR  1.87 ON 11-11      TO 1/4 MILE OR LESS
LOWEST:     74 ON 11                               3 = THUNDER
                        SNOW, ICE PELLETS, HAIL    4 = ICE PELLETS
                        TOTAL MONTH:   0.0 INCH    5 = HAIL
                        GRTST 24HR     0.0         6 = FREEZING RAIN OR DRIZZLE
                        GRTST DEPTH:   0           7 = DUSTSTORM OR SANDSTORM:
                                                       VSBY 1/2 MILE OR LESS
                                                   8 = SMOKE OR HAZE
[NO. OF DAYS WITH]      [WEATHER - DAYS WITH]      9 = BLOWING SNOW
                                                   X = TORNADO
MAX 32 OR BELOW:   0    0.01 INCH OR MORE:  10
MAX 90 OR ABOVE:  23    0.10 INCH OR MORE:   7
MIN 32 OR BELOW:   0    0.50 INCH OR MORE:   2
MIN  0 OR BELOW:   0    1.00 INCH OR MORE:   2

[HDD (BASE 65) ]
TOTAL THIS MO.     0    CLEAR  (SCALE 0-3)   4
DPTR FM NORMAL     0    PTCLDY (SCALE 4-7)  22
TOTAL FM JUL 1     0    CLOUDY (SCALE 8-10)  0
DPTR FM NORMAL     0

[CDD (BASE 65) ]
TOTAL THIS MO.   545
DPTR FM NORMAL   149    [PRESSURE DATA]
TOTAL FM JAN 1  3247    HIGHEST SLP M ON M
DPTR FM NORMAL   605    LOWEST  SLP 29.76 ON  1

[REMARKS]
