000
CXUS55 KGJT 241000
CF6MTJ
PRELIMINARY LOCAL CLIMATOLOGICAL DATA (WS FORM: F-6)

                                          STATION:   MONTROSE CO
                                          MONTH:     MAY
                                          YEAR:      2016
                                          LATITUDE:   38 30 N
                                          LONGITUDE: 107 53 W

  TEMPERATURE IN F:       :PCPN:    SNOW:  WIND      :SUNSHINE: SKY     :PK WND
================================================================================
1   2   3   4   5  6A  6B    7    8   9   10  11  12  13   14  15   16   17  18
                                     12Z  AVG MX 2MIN
DY MAX MIN AVG DEP HDD CDD  WTR  SNW DPTH SPD SPD DIR MIN PSBL S-S WX    SPD DR
================================================================================

 1  56  32  44  -9  21   0    T    M    M  7.1 29 100   M    M   6 8      37  80
 2  63  41  52  -2  13   0 0.01    M    M  4.3 14 320   M    M   4        18 320
 3  71  36  54   0  11   0 0.00    M    M  6.8 15 300   M    M   0        20 320
 4  77  40  59   5   6   0 0.00    M    M  7.0 14 330   M    M   0 8      18 350
 5  80  43  62   7   3   0 0.00    M    M  7.3 14  70   M    M   0        19  80
 6  82  51  67  12   0   2    T    M    M 13.2 35 140   M    M   3 38     51 200
 7  57  39  48  -7  17   0 0.04    M    M  8.3 25 310   M    M   5 3      34 140
 8  61  34  48  -8  17   0 0.03    M    M  9.8 33 240   M    M   5 3      43 240
 9  65  43  54  -2  11   0 0.12    M    M  5.8 20 250   M    M   6 1      25 230
10  61  44  53  -3  12   0 0.28    M    M  8.3 26 150   M    M   9 1      32 150
11  61  36  49  -8  16   0 0.00    M    M  6.7 13 130   M    M   3        17 160
12  72  34  53  -4  12   0 0.00    M    M  7.6 16 140   M    M   0        19 140
13  79  40  60   3   5   0 0.00    M    M  6.4 14 140   M    M   0        15 320
14  84  46  65   7   0   0 0.00    M    M  8.8 24 260   M    M   0        32 260
15  75  52  64   6   1   0 0.01    M    M 11.5 43 240   M    M   4 38     52 240
16  59  45  52  -6  13   0 0.46    M    M  8.6 23 210   M    M   6 13     31 210
17  62  39  51  -8  14   0    T    M    M  6.9 21 110   M    M   5 3      27 110
18  70  44  57  -2   8   0 0.00    M    M  7.4 21 180   M    M   5        30 190
19  71  45  58  -1   7   0 0.00    M    M  4.8 20 300   M    M   3        24 290
20  77  53  65   5   0   0 0.00    M    M  8.7 22 210   M    M   3        29 210
21  81  49  65   5   0   0 0.00    M    M 10.4 30 220   M    M   1        42 160
22  72  47  60   0   5   0 0.00    M    M 13.4 33 150   M    M   2        47 160
23  73  38  56  -5   9   0 0.00    M    M  8.8 23 250   M    M   1        29 240
================================================================================
SM 1609  971       201   2  0.95    M    187.9          M       71
================================================================================
AV 70.0 42.2                               8.2 FASTST   M    M   3    MAX(MPH)
                                 MISC ---->  # 43 240               # 52  240
================================================================================
NOTES:
# LAST OF SEVERAL OCCURRENCES

COLUMN 17 PEAK WIND IN M.P.H.

PRELIMINARY LOCAL CLIMATOLOGICAL DATA (WS FORM: F-6) , PAGE 2

                                          STATION:  MONTROSE CO
                                          MONTH:    MAY
                                          YEAR:     2016
                                          LATITUDE:   38 30 N
                                          LONGITUDE: 107 53 W

[TEMPERATURE DATA]      [PRECIPITATION DATA]       SYMBOLS USED IN COLUMN 16

AVERAGE MONTHLY: 56.1   TOTAL FOR MONTH:   0.95    1 = FOG OR MIST
DPTR FM NORMAL:  -0.9   DPTR FM NORMAL:    0.03    2 = FOG REDUCING VISIBILITY
HIGHEST:    84 ON 14    GRTST 24HR  0.46 ON 16-16      TO 1/4 MILE OR LESS
LOWEST:     32 ON  1                               3 = THUNDER
                        SNOW, ICE PELLETS, HAIL    4 = ICE PELLETS
                        TOTAL MONTH:    M          5 = HAIL
                        GRTST 24HR    M  ON   M    6 = FREEZING RAIN OR DRIZZLE
                        GRTST DEPTH:  M  ON   M    7 = DUSTSTORM OR SANDSTORM:
                                                       VSBY 1/2 MILE OR LESS
                                                   8 = SMOKE OR HAZE
[NO. OF DAYS WITH]      [WEATHER - DAYS WITH]      9 = BLOWING SNOW
                                                   X = TORNADO
MAX 32 OR BELOW:   0    0.01 INCH OR MORE:   7
MAX 90 OR ABOVE:   0    0.10 INCH OR MORE:   3
MIN 32 OR BELOW:   1    0.50 INCH OR MORE:   0
MIN  0 OR BELOW:   0    1.00 INCH OR MORE:   0

[HDD (BASE 65) ]
TOTAL THIS MO.   201    CLEAR  (SCALE 0-3)  11
DPTR FM NORMAL     9    PTCLDY (SCALE 4-7)  11
TOTAL FM JUL 1  5858    CLOUDY (SCALE 8-10)  1
DPTR FM NORMAL  -272

[CDD (BASE 65) ]
TOTAL THIS MO.     2
DPTR FM NORMAL    -3    [PRESSURE DATA]
TOTAL FM JAN 1     2    HIGHEST SLP M ON M
DPTR FM NORMAL    -3    LOWEST  SLP 29.49 ON  9

[REMARKS]
