000
CXUS53 KGRB 200723
CF6MTW
PRELIMINARY LOCAL CLIMATOLOGICAL DATA (WS FORM: F-6)

                                          STATION:   MANITOWOC AWOS
                                          MONTH:     JULY
                                          YEAR:      2017
                                          LATITUDE:   44  7 N
                                          LONGITUDE:  87 40 W

  TEMPERATURE IN F:       :PCPN:    SNOW:  WIND      :SUNSHINE: SKY     :PK WND
================================================================================
1   2   3   4   5  6A  6B    7    8   9   10  11  12  13   14  15   16   17  18
                                     12Z  AVG MX 2MIN
DY MAX MIN AVG DEP HDD CDD  WTR  SNW DPTH SPD SPD DIR MIN PSBL S-S WX    SPD DR
================================================================================

 1  71  61  66   M   0   1    T  0.0    0  5.8 10 130   M    M   4 1       M  M
 2  77  56  67   M   0   2 0.29  0.0    0  6.3 15 250   M    M   3 13     22 250
 3  72  54  63   M   2   0 0.00  0.0    0  4.3 10 100   M    M   1 128     M  M
 4  76  55  66   M   0   1    T  0.0    0  4.0  9 150   M    M   0 1       M  M
 5  78  58  68   M   0   3 0.09  0.0    0  5.0 12 160   M    M   1 13      M  M
 6  87  66  77   M   0  12    T  0.0    0  6.0 14 270   M    M   1        22  99
 7   M   M   M   M   M   M 0.22    M    0  7.1 12  90   M    M   2 3      20 360
 8  74  66  70   M   0   5 0.00  0.0    0  6.5 14 300   M    M   0         M  M
 9  82  61  72   M   0   7    T  0.0    0  7.2 13 250   M    M   3        20 260
10  77  61  69   M   0   4    T  0.0    0  5.4 12 130   M    M   2 18      M  M
11  79  62  71   M   0   6 0.00  0.0    0  5.4 14 170   M    M   3 128     M  M
12  79  66  73   M   0   8 0.26  0.0    0  7.0 12 130   M    M   7 13      M  M
13   M   M   M   M   M   M 0.08    M    0  6.9 13 340   M    M   7 1       M  M
14  72  61  67   M   0   2 0.02  0.0    0  7.7 14 340   M    M   7 1       M  M
15  82  62  72   M   0   7    T  0.0    0  9.3 15 250   M    M   0 3      22 250
16  71  53  62   M   3   0 0.00  0.0    0  7.0 13  50   M    M   5        21  50
17  72  52  62   M   3   0 0.00  0.0    0  4.1 10 120   M    M   0 1       M  M
18  83  59  71   M   0   6 0.16  0.0    0  7.4 20 170   M    M   2 3       M  M
19  78  69  74   M   0   9    T  0.0    0  6.0 10 110   M    M   1         M  M
================================================================================
SM 1310 1022         8  73  1.12     0.0 118.4          M       49
================================================================================
AV 77.1 60.1                               6.2 FASTST   M    M   3    MAX(MPH)
                                 MISC ---->  # 20 170               # 22  250
================================================================================
NOTES:
# LAST OF SEVERAL OCCURRENCES

COLUMN 17 PEAK WIND IN M.P.H.

PRELIMINARY LOCAL CLIMATOLOGICAL DATA (WS FORM: F-6) , PAGE 2

                                          STATION:  MANITOWOC AWOS
                                          MONTH:    JULY
                                          YEAR:     2017
                                          LATITUDE:   44  7 N
                                          LONGITUDE:  87 40 W

[TEMPERATURE DATA]      [PRECIPITATION DATA]       SYMBOLS USED IN COLUMN 16

AVERAGE MONTHLY: 68.6   TOTAL FOR MONTH:   1.12    1 = FOG OR MIST
DPTR FM NORMAL:     M   DPTR FM NORMAL:       M    2 = FOG REDUCING VISIBILITY
HIGHEST:    87 ON  6    GRTST 24HR  0.29 ON  2- 2      TO 1/4 MILE OR LESS
LOWEST:     52 ON 17                               3 = THUNDER
                        SNOW, ICE PELLETS, HAIL    4 = ICE PELLETS
                        TOTAL MONTH:   0.0 INCH    5 = HAIL
                        GRTST 24HR     0.0         6 = FREEZING RAIN OR DRIZZLE
                        GRTST DEPTH:   0           7 = DUSTSTORM OR SANDSTORM:
                                                       VSBY 1/2 MILE OR LESS
                                                   8 = SMOKE OR HAZE
[NO. OF DAYS WITH]      [WEATHER - DAYS WITH]      9 = BLOWING SNOW
                                                   X = TORNADO
MAX 32 OR BELOW:   0    0.01 INCH OR MORE:   7
MAX 90 OR ABOVE:   0    0.10 INCH OR MORE:   4
MIN 32 OR BELOW:   0    0.50 INCH OR MORE:   0
MIN  0 OR BELOW:   0    1.00 INCH OR MORE:   0

[HDD (BASE 65) ]
TOTAL THIS MO.     8    CLEAR  (SCALE 0-3)  13
DPTR FM NORMAL     M    PTCLDY (SCALE 4-7)   6
TOTAL FM JUL 1     8    CLOUDY (SCALE 8-10)  0
DPTR FM NORMAL     M

[CDD (BASE 65) ]
TOTAL THIS MO.    73
DPTR FM NORMAL     M    [PRESSURE DATA]
TOTAL FM JAN 1   161    HIGHEST SLP M ON M
DPTR FM NORMAL   161    LOWEST  SLP M ON M

[REMARKS]
