000
CXUS55 KBOI 201002
CF6MUO
PRELIMINARY LOCAL CLIMATOLOGICAL DATA (WS FORM: F-6)

                                          STATION:   MOUNTAIN HOME AFB
                                          MONTH:     OCTOBER
                                          YEAR:      2017
                                          LATITUDE:   43  2 N
                                          LONGITUDE: 115 52 W

  TEMPERATURE IN F:       :PCPN:    SNOW:  WIND      :SUNSHINE: SKY     :PK WND
================================================================================
1   2   3   4   5  6A  6B    7    8   9   10  11  12  13   14  15   16   17  18
                                     12Z  AVG MX 2MIN
DY MAX MIN AVG DEP HDD CDD  WTR  SNW DPTH SPD SPD DIR MIN PSBL S-S WX    SPD DR
================================================================================

 1  60  37  49  -8  16   0    T    M    M 12.3 23 330   M    M   4        33 320
 2  58  32  45 -12  20   0 0.00    M    M  6.2 10 310   M    M   1         M  M
 3  64  29  47 -10  18   0    T    M    M  8.8 21 110   M    M   0        25 110
 4  54  39  47  -9  18   0 0.05    M    M  8.2 22 290   M    M   6         M  M
 5  64  33  49  -7  16   0    T    M    M  6.2 14 110   M    M   0        18 110
 6  71  31  51  -4  14   0 0.00    M    M  4.1 12  90   M    M   0         M  M
 7  71  40  56   1   9   0 0.00    M    M 10.7 25 340   M    M   0        36 310
 8  58  40  49  -6  16   0    T    M    M 18.6 30 310   M    M   1        41 310
 9  58  28  43 -11  22   0 0.00    M    M  6.4 12 290   M    M   0 8       M  M
10  67  38  53  -1  12   0 0.00    M    M 16.8 27 120   M    M   3        37 120
11  57  36  47  -6  18   0 0.00    M    M 12.6 18 320   M    M   3 8      24 330
12  53  25  39 -14  26   0 0.00    M    M  5.0 13 320   M    M   0 8       M  M
13  53  34  44  -9  21   0 0.02    M    M  6.9 18 330   M    M   7 8      37 320
14  51  28  40 -12  25   0 0.00    M    M  9.3 16 310   M    M   0         M  M
15  63  23  43  -9  22   0 0.00    M    M  7.6 16 100   M    M   0 8      22 120
16  65  27  46  -5  19   0 0.00    M    M  4.6  9 120   M    M   0 8       M  M
17  68  35  52   1  13   0 0.00    M    M  7.9 21 120   M    M   3         M  M
18  75  31  53   2  12   0 0.00    M    M  8.3 17 110   M    M   0         M  M
19  77  41  59   9   6   0 0.00    M    M 10.9 20 120   M    M   1         M  M
================================================================================
SM 1187  627       323   0  0.07    M    171.4          M       29
================================================================================
AV 62.5 33.0                               9.0 FASTST   M    M   2    MAX(MPH)
                                 MISC ---->  # 30 310               # 41  310
================================================================================
NOTES:
# LAST OF SEVERAL OCCURRENCES

COLUMN 17 PEAK WIND IN M.P.H.

PRELIMINARY LOCAL CLIMATOLOGICAL DATA (WS FORM: F-6) , PAGE 2

                                          STATION:  MOUNTAIN HOME AFB
                                          MONTH:    OCTOBER
                                          YEAR:     2017
                                          LATITUDE:   43  2 N
                                          LONGITUDE: 115 52 W

[TEMPERATURE DATA]      [PRECIPITATION DATA]       SYMBOLS USED IN COLUMN 16

AVERAGE MONTHLY: 47.7   TOTAL FOR MONTH:   0.07    1 = FOG OR MIST
DPTR FM NORMAL:  -6.0   DPTR FM NORMAL:   -0.34    2 = FOG REDUCING VISIBILITY
HIGHEST:    77 ON 19    GRTST 24HR  0.05 ON  4- 4      TO 1/4 MILE OR LESS
LOWEST:     23 ON 15                               3 = THUNDER
                        SNOW, ICE PELLETS, HAIL    4 = ICE PELLETS
                        TOTAL MONTH:    M          5 = HAIL
                        GRTST 24HR    M  ON   M    6 = FREEZING RAIN OR DRIZZLE
                        GRTST DEPTH:  M  ON   M    7 = DUSTSTORM OR SANDSTORM:
                                                       VSBY 1/2 MILE OR LESS
                                                   8 = SMOKE OR HAZE
[NO. OF DAYS WITH]      [WEATHER - DAYS WITH]      9 = BLOWING SNOW
                                                   X = TORNADO
MAX 32 OR BELOW:   0    0.01 INCH OR MORE:   2
MAX 90 OR ABOVE:   0    0.10 INCH OR MORE:   0
MIN 32 OR BELOW:   9    0.50 INCH OR MORE:   0
MIN  0 OR BELOW:   0    1.00 INCH OR MORE:   0

[HDD (BASE 65) ]
TOTAL THIS MO.   323    CLEAR  (SCALE 0-3)  16
DPTR FM NORMAL   111    PTCLDY (SCALE 4-7)   3
TOTAL FM JUL 1   503    CLOUDY (SCALE 8-10)  0
DPTR FM NORMAL   158

[CDD (BASE 65) ]
TOTAL THIS MO.     0
DPTR FM NORMAL    -2    [PRESSURE DATA]
TOTAL FM JAN 1  1243    HIGHEST SLP M ON M
DPTR FM NORMAL   330    LOWEST  SLP M ON M

[REMARKS]
