066
CXUS55 KBOI 241002
CF6MUO
PRELIMINARY LOCAL CLIMATOLOGICAL DATA (WS FORM: F-6)

                                          STATION:   MOUNTAIN HOME AFB
                                          MONTH:     JUNE
                                          YEAR:      2017
                                          LATITUDE:   43  2 N
                                          LONGITUDE: 115 52 W

  TEMPERATURE IN F:       :PCPN:    SNOW:  WIND      :SUNSHINE: SKY     :PK WND
================================================================================
1   2   3   4   5  6A  6B    7    8   9   10  11  12  13   14  15   16   17  18
                                     12Z  AVG MX 2MIN
DY MAX MIN AVG DEP HDD CDD  WTR  SNW DPTH SPD SPD DIR MIN PSBL S-S WX    SPD DR
================================================================================

 1  73  51  62  -1   3   0 0.14    M    M 10.2 22 320   M    M   4 13     32 320
 2  83  48  66   3   0   1    T    M    M  3.3  9 310   M    M   2         M  M
 3  92  53  73   9   0   8 0.00    M    M  9.7 21 120   M    M   2 8      30 120
 4  91  55  73   9   0   8    T    M    M 11.1 59 320   M    M   2 78     69 320
 5  79  47  63  -1   2   0 0.00    M    M 10.5 15 320   M    M   0        22 320
 6  91  46  69   5   0   4 0.00    M    M  7.0 17 330   M    M   3         M  M
 7  98  54  76  11   0  11 0.00    M    M  7.7 18 120   M    M   2        30 350
 8   M   M   M   M   M   M    T    M    M 10.5 29 330   M    M   4        39 330
 9  77  51  64  -1   1   0 0.00    M    M 10.2 22 310   M    M   2        37 260
10  67  47  57  -9   8   0 0.02    M    M 10.4 15 310   M    M   2        30 310
11  62  39  51 -15  14   0 0.04    M    M 10.8 23 300   M    M   2 3      33 310
12  59  48  54 -12  11   0 0.44    M    M  6.7 10 140   M    M   8 1       M  M
13  70  48  59  -7   6   0 0.09    M    M 11.4 28 310   M    M   4        33 300
14  82  53  68   1   0   3 0.00    M    M  5.6 14 350   M    M   1        16 320
15  80  51  66  -1   0   1 0.00    M    M  4.9 13  10   M    M   4         M  M
16  77  61  69   2   0   4 0.00    M    M 11.5 22 340   M    M   2        32 330
17  79  57  68   0   0   3 0.00    M    M 12.7 17 330   M    M   1        25 330
18  86  52  69   1   0   4 0.00    M    M  9.4 20 330   M    M   0        31 320
19  95  57  76   8   0  11 0.00    M    M  8.6 20 110   M    M   0        23 130
20  99  69  84  15   0  19    T    M    M  9.7 20 360   M    M   2        31 300
21  87  64  76   7   0  11 0.00    M    M 18.6 25 320   M    M   0        36 310
22  83  57  70   1   0   5 0.00    M    M 19.3 30 310   M    M   0        37 320
23  85  52  69  -1   0   4 0.00    M    M  9.6 17 310   M    M   0        18 320
================================================================================
SM 1795 1160        45  97  0.73    M    229.4          M       47
================================================================================
AV 81.6 52.7                              10.0 FASTST   M    M   2    MAX(MPH)
                                 MISC ---->  # 59 320               # 69  320
================================================================================
NOTES:
# LAST OF SEVERAL OCCURRENCES

COLUMN 17 PEAK WIND IN M.P.H.

PRELIMINARY LOCAL CLIMATOLOGICAL DATA (WS FORM: F-6) , PAGE 2

                                          STATION:  MOUNTAIN HOME AFB
                                          MONTH:    JUNE
                                          YEAR:     2017
                                          LATITUDE:   43  2 N
                                          LONGITUDE: 115 52 W

[TEMPERATURE DATA]      [PRECIPITATION DATA]       SYMBOLS USED IN COLUMN 16

AVERAGE MONTHLY: 67.2   TOTAL FOR MONTH:   0.73    1 = FOG OR MIST
DPTR FM NORMAL:   1.0   DPTR FM NORMAL:    0.21    2 = FOG REDUCING VISIBILITY
HIGHEST:    99 ON 20    GRTST 24HR  0.44 ON 12-12      TO 1/4 MILE OR LESS
LOWEST:     39 ON 11                               3 = THUNDER
                        SNOW, ICE PELLETS, HAIL    4 = ICE PELLETS
                        TOTAL MONTH:    M          5 = HAIL
                        GRTST 24HR    M  ON   M    6 = FREEZING RAIN OR DRIZZLE
                        GRTST DEPTH:  M  ON   M    7 = DUSTSTORM OR SANDSTORM:
                                                       VSBY 1/2 MILE OR LESS
                                                   8 = SMOKE OR HAZE
[NO. OF DAYS WITH]      [WEATHER - DAYS WITH]      9 = BLOWING SNOW
                                                   X = TORNADO
MAX 32 OR BELOW:   0    0.01 INCH OR MORE:   5
MAX 90 OR ABOVE:   6    0.10 INCH OR MORE:   2
MIN 32 OR BELOW:   0    0.50 INCH OR MORE:   0
MIN  0 OR BELOW:   0    1.00 INCH OR MORE:   0

[HDD (BASE 65) ]
TOTAL THIS MO.    45    CLEAR  (SCALE 0-3)  17
DPTR FM NORMAL   -23    PTCLDY (SCALE 4-7)   5
TOTAL FM JUL 1  5725    CLOUDY (SCALE 8-10)  1
DPTR FM NORMAL  -106

[CDD (BASE 65) ]
TOTAL THIS MO.    97
DPTR FM NORMAL     9    [PRESSURE DATA]
TOTAL FM JAN 1   122    HIGHEST SLP M ON M
DPTR FM NORMAL    -2    LOWEST  SLP M ON M

[REMARKS]
