000
CXUS54 KFWD 160730
CF6MWL
PRELIMINARY LOCAL CLIMATOLOGICAL DATA (WS FORM: F-6)

                                          STATION:   MINERAL WELLS
                                          MONTH:     JANUARY
                                          YEAR:      2017
                                          LATITUDE:   32 46 N
                                          LONGITUDE:  98  4 W

  TEMPERATURE IN F:       :PCPN:    SNOW:  WIND      :SUNSHINE: SKY     :PK WND
================================================================================
1   2   3   4   5  6A  6B    7    8   9   10  11  12  13   14  15   16   17  18
                                     12Z  AVG MX 2MIN
DY MAX MIN AVG DEP HDD CDD  WTR  SNW DPTH SPD SPD DIR MIN PSBL S-S WX    SPD DR
================================================================================

 1  71  37  54  10  11   0 0.05  0.0    0  6.8 14 140   M    M   2 1      18 140
 2  72  50  61  17   4   0 0.35  0.0    0  9.0 20 290   M    M   3 123    25 290
 3  59  31  45   1  20   0 0.00  0.0    0 13.3 25 320   M    M   5        30 350
 4  43  28  36  -8  29   0 0.00  0.0    0  8.0 16 360   M    M   0        20 350
 5  37  21  29 -15  36   0 0.00  0.0    0 12.0 21 360   M    M   3 18     27 350
 6  26  15  21 -23  44   0    T    T    0 12.7 20 360   M    M   8        25 360
 7  42   9  26 -18  39   0 0.00  0.0    0  4.5 10 140   M    M   0        12 150
 8  49  19  34 -10  31   0 0.00  0.0    0 12.1 25 170   M    M   0        32 160
 9  70  32  51   7  14   0 0.00  0.0    0 13.3 23 210   M    M   0        30 170
10  78  48  63  19   2   0 0.00  0.0    0  7.6 21 230   M    M   0 8      25 240
11  81  48  65  21   0   0 0.00  0.0    0 13.4 26 190   M    M   0 1      35 190
12  70  45  58  13   7   0 0.00  0.0    0  7.8 16 360   M    M   6 1      20 350
13  46  35  41  -4  24   0 0.24  0.0    0  9.3 16  10   M    M  10 18     20  10
14  39  33  36  -9  29   0    T  0.0    0  7.5 13 340   M    M  10 1      15 340
15  59  39  49   4  16   0 1.10  0.0    0  6.2 38 290   M    M  10 123    49 280
================================================================================
SM  842  490       306   0  1.74    T    143.5          M       57
================================================================================
AV 56.1 32.7                               9.6 FASTST   M    M   4    MAX(MPH)
                                 MISC ---->  # 38 290               # 49  280
================================================================================
NOTES:
# LAST OF SEVERAL OCCURRENCES

COLUMN 17 PEAK WIND IN M.P.H.

PRELIMINARY LOCAL CLIMATOLOGICAL DATA (WS FORM: F-6) , PAGE 2

                                          STATION:  MINERAL WELLS
                                          MONTH:    JANUARY
                                          YEAR:     2017
                                          LATITUDE:   32 46 N
                                          LONGITUDE:  98  4 W

[TEMPERATURE DATA]      [PRECIPITATION DATA]       SYMBOLS USED IN COLUMN 16

AVERAGE MONTHLY: 44.4   TOTAL FOR MONTH:   1.74    1 = FOG OR MIST
DPTR FM NORMAL:   0.1   DPTR FM NORMAL:    1.15    2 = FOG REDUCING VISIBILITY
HIGHEST:    81 ON 11    GRTST 24HR  1.10 ON 15-15      TO 1/4 MILE OR LESS
LOWEST:      9 ON  7                               3 = THUNDER
                        SNOW, ICE PELLETS, HAIL    4 = ICE PELLETS
                        TOTAL MONTH:    T          5 = HAIL
                        GRTST 24HR    T  ON  6- 6  6 = FREEZING RAIN OR DRIZZLE
                        GRTST DEPTH:   0           7 = DUSTSTORM OR SANDSTORM:
                                                       VSBY 1/2 MILE OR LESS
                                                   8 = SMOKE OR HAZE
[NO. OF DAYS WITH]      [WEATHER - DAYS WITH]      9 = BLOWING SNOW
                                                   X = TORNADO
MAX 32 OR BELOW:   1    0.01 INCH OR MORE:   4
MAX 90 OR ABOVE:   0    0.10 INCH OR MORE:   3
MIN 32 OR BELOW:   7    0.50 INCH OR MORE:   1
MIN  0 OR BELOW:   0    1.00 INCH OR MORE:   1

[HDD (BASE 65) ]
TOTAL THIS MO.   306    CLEAR  (SCALE 0-3)   8
DPTR FM NORMAL    -5    PTCLDY (SCALE 4-7)   3
TOTAL FM JUL 1  1039    CLOUDY (SCALE 8-10)  4
DPTR FM NORMAL  -301

[CDD (BASE 65) ]
TOTAL THIS MO.     0
DPTR FM NORMAL     0    [PRESSURE DATA]
TOTAL FM JAN 1     0    HIGHEST SLP M ON M
DPTR FM NORMAL     0    LOWEST  SLP 29.68 ON  2

[REMARKS]
