000
CXUS56 KSGX 181545
CF6MYF
PRELIMINARY LOCAL CLIMATOLOGICAL DATA (WS FORM: F-6)

                                          STATION:   SAN DIEGO/MONTGOMERY FLD CA
                                          MONTH:     FEBRUARY
                                          YEAR:      2018
                                          LATITUDE:   32 49 N
                                          LONGITUDE: 117  9 W

  TEMPERATURE IN F:       :PCPN:    SNOW:  WIND      :SUNSHINE: SKY     :PK WND
================================================================================
1   2   3   4   5  6A  6B    7    8   9   10  11  12  13   14  15   16   17  18
                                     12Z  AVG MX 2MIN
DY MAX MIN AVG DEP HDD CDD  WTR  SNW DPTH SPD SPD DIR MIN PSBL S-S WX    SPD DR
================================================================================

 1  80  51  66  11   0   1 0.00  0.0    0  2.1 12 240   M    M   0 8      14 250
 2  77  51  64   9   1   0 0.00  0.0    0  2.0 12 240   M    M   0        13 240
 3  81  50  66  11   0   1 0.00  0.0    0  2.8 13 310   M    M   0 8      15 300
 4  83  50  67  12   0   2 0.00  0.0    0  2.3 10 320   M    M   0 8      12 260
 5  74  49  62   7   3   0 0.00  0.0    0  3.7 14 260   M    M   2 128    16 250
 6  67  53  60   5   5   0 0.00  0.0    0  4.3 10 260   M    M   3 18     13 260
 7  84  48  66  10   0   1 0.00  0.0    0  4.3 15 310   M    M   2 12     18 330
 8  82  48  65   9   0   0 0.00  0.0    0  3.0 15 310   M    M   0        19 340
 9  70  47  59   3   6   0 0.00  0.0    0  4.4 10 200   M    M   2 128    14 240
10  64  54  59   3   6   0 0.00  0.0    0  7.3 16 200   M    M   9 18     21 210
11  69  51  60   4   5   0 0.00  0.0    0  4.6 16 200   M    M   4        20 180
12  61  53  57   1   8   0    T  0.0    0  7.5 15 250   M    M   9        21 360
13  65  49  57   1   8   0 0.02    M    0  4.2 13 240   M    M   6 1      19 240
14  71  53  62   6   3   0    T  0.0    0  3.9 13 200   M    M   7        16 220
15  71  51  61   5   4   0 0.00  0.0    0  6.4 17 310   M    M   1        22 310
16  76  50  63   7   2   0 0.00  0.0    0  5.1 17 310   M    M   0        22 300
17  76  46  61   5   4   0 0.00  0.0    0  4.3 14 320   M    M   0        17 310
================================================================================
SM 1251  854        55   5  0.02     0.0  72.2          M       45
================================================================================
AV 73.6 50.2                               4.2 FASTST   M    M   3    MAX(MPH)
                                 MISC ---->  # 17 310               # 22  310
================================================================================
NOTES:
# LAST OF SEVERAL OCCURRENCES

COLUMN 17 PEAK WIND IN M.P.H.

PRELIMINARY LOCAL CLIMATOLOGICAL DATA (WS FORM: F-6) , PAGE 2

                                          STATION:  SAN DIEGO/MONTGOMERY FLD CA
                                          MONTH:    FEBRUARY
                                          YEAR:     2018
                                          LATITUDE:   32 49 N
                                          LONGITUDE: 117  9 W

[TEMPERATURE DATA]      [PRECIPITATION DATA]       SYMBOLS USED IN COLUMN 16

AVERAGE MONTHLY: 61.9   TOTAL FOR MONTH:   0.02    1 = FOG OR MIST
DPTR FM NORMAL:   6.3   DPTR FM NORMAL:   -1.21    2 = FOG REDUCING VISIBILITY
HIGHEST:    84 ON  7    GRTST 24HR  0.02 ON 13-13      TO 1/4 MILE OR LESS
LOWEST:     46 ON 17                               3 = THUNDER
                        SNOW, ICE PELLETS, HAIL    4 = ICE PELLETS
                        TOTAL MONTH:   0.0 INCH    5 = HAIL
                        GRTST 24HR     0.0         6 = FREEZING RAIN OR DRIZZLE
                        GRTST DEPTH:   0           7 = DUSTSTORM OR SANDSTORM:
                                                       VSBY 1/2 MILE OR LESS
                                                   8 = SMOKE OR HAZE
[NO. OF DAYS WITH]      [WEATHER - DAYS WITH]      9 = BLOWING SNOW
                                                   X = TORNADO
MAX 32 OR BELOW:   0    0.01 INCH OR MORE:   1
MAX 90 OR ABOVE:   0    0.10 INCH OR MORE:   0
MIN 32 OR BELOW:   0    0.50 INCH OR MORE:   0
MIN  0 OR BELOW:   0    1.00 INCH OR MORE:   0

[HDD (BASE 65) ]
TOTAL THIS MO.    55    CLEAR  (SCALE 0-3)  11
DPTR FM NORMAL  -105    PTCLDY (SCALE 4-7)   4
TOTAL FM JUL 1   247    CLOUDY (SCALE 8-10)  2
DPTR FM NORMAL  -729

[CDD (BASE 65) ]
TOTAL THIS MO.     5
DPTR FM NORMAL     5    [PRESSURE DATA]
TOTAL FM JAN 1    48    HIGHEST SLP M ON M
DPTR FM NORMAL    46    LOWEST  SLP 29.81 ON 12

[REMARKS]
