041
CXUS56 KSGX 201445
CF6MYF
PRELIMINARY LOCAL CLIMATOLOGICAL DATA (WS FORM: F-6)

                                          STATION:   SAN DIEGO/MONTGOMERY FLD CA
                                          MONTH:     OCTOBER
                                          YEAR:      2017
                                          LATITUDE:   32 49 N
                                          LONGITUDE: 117  9 W

  TEMPERATURE IN F:       :PCPN:    SNOW:  WIND      :SUNSHINE: SKY     :PK WND
================================================================================
1   2   3   4   5  6A  6B    7    8   9   10  11  12  13   14  15   16   17  18
                                     12Z  AVG MX 2MIN
DY MAX MIN AVG DEP HDD CDD  WTR  SNW DPTH SPD SPD DIR MIN PSBL S-S WX    SPD DR
================================================================================

 1  75  66  71   2   0   6 0.00  0.0    0  7.0 14 200   M    M   7        19 190
 2  78  65  72   3   0   7    T  0.0    0  5.3 14 250   M    M   6        19 250
 3  75  66  71   3   0   6    T  0.0    0  5.7 15 200   M    M   8        20 200
 4  79  60  70   2   0   5 0.00  0.0    0  5.6 16 300   M    M   1        21 310
 5  85  59  72   4   0   7 0.00  0.0    0  3.9 12 320   M    M   0 8      16 310
 6  91  57  74   6   0   9 0.00  0.0    0  4.2 17 330   M    M   0        22 340
 7  97  61  79  11   0  14 0.00  0.0    0  3.5 13 300   M    M   0 128    16 290
 8  75  66  71   3   0   6 0.00  0.0    0  8.5 16 210   M    M   7 8      21 210
 9  84  64  74   7   0   9 0.00  0.0    0  4.6 12 230   M    M   3        19 310
10  87  59  73   6   0   8 0.00  0.0    0  4.3 13 280   M    M   0 128    17 290
11  79  62  71   4   0   6 0.00  0.0    0  5.5 14 300   M    M   4 18     21 300
12  77  63  70   3   0   5 0.00  0.0    0  4.9 14 270   M    M   4        20 290
13  78  63  71   4   0   6 0.00  0.0    0  4.8 13 220   M    M   4 8      17 230
14  84  60  72   5   0   7 0.00  0.0    0  3.6 10 250   M    M   1 128    15 270
15 100  61  81  15   0  16 0.00  0.0    0  2.6 12 210   M    M   0 8      16 200
16 100  67  84  18   0  19 0.00  0.0    0  4.4 20 320   M    M   0        22 320
17  94  68  81  15   0  16 0.00  0.0    0  3.0 14 250   M    M   0        16 250
18  83  65  74   8   0   9 0.00  0.0    0  5.2 15 190   M    M   1 8      19 220
19  77  66  72   6   0   7 0.00  0.0    0  4.8 12 230   M    M   4 8      15 260
================================================================================
SM 1598 1198         0 168    T      0.0  91.4          M       50
================================================================================
AV 84.1 63.1                               4.8 FASTST   M    M   3    MAX(MPH)
                                 MISC ---->  # 20 320               # 22  340
================================================================================
NOTES:
# LAST OF SEVERAL OCCURRENCES

COLUMN 17 PEAK WIND IN M.P.H.

PRELIMINARY LOCAL CLIMATOLOGICAL DATA (WS FORM: F-6) , PAGE 2

                                          STATION:  SAN DIEGO/MONTGOMERY FLD CA
                                          MONTH:    OCTOBER
                                          YEAR:     2017
                                          LATITUDE:   32 49 N
                                          LONGITUDE: 117  9 W

[TEMPERATURE DATA]      [PRECIPITATION DATA]       SYMBOLS USED IN COLUMN 16

AVERAGE MONTHLY: 73.6   TOTAL FOR MONTH:      T    1 = FOG OR MIST
DPTR FM NORMAL:   6.3   DPTR FM NORMAL:   -0.36    2 = FOG REDUCING VISIBILITY
HIGHEST:   100 ON 16,15 GRTST 24HR    T  ON  3- 3      TO 1/4 MILE OR LESS
LOWEST:     57 ON  6                               3 = THUNDER
                        SNOW, ICE PELLETS, HAIL    4 = ICE PELLETS
                        TOTAL MONTH:   0.0 INCH    5 = HAIL
                        GRTST 24HR     0.0         6 = FREEZING RAIN OR DRIZZLE
                        GRTST DEPTH:   0           7 = DUSTSTORM OR SANDSTORM:
                                                       VSBY 1/2 MILE OR LESS
                                                   8 = SMOKE OR HAZE
[NO. OF DAYS WITH]      [WEATHER - DAYS WITH]      9 = BLOWING SNOW
                                                   X = TORNADO
MAX 32 OR BELOW:   0    0.01 INCH OR MORE:   0
MAX 90 OR ABOVE:   5    0.10 INCH OR MORE:   0
MIN 32 OR BELOW:   0    0.50 INCH OR MORE:   0
MIN  0 OR BELOW:   0    1.00 INCH OR MORE:   0

[HDD (BASE 65) ]
TOTAL THIS MO.     0    CLEAR  (SCALE 0-3)  11
DPTR FM NORMAL   -14    PTCLDY (SCALE 4-7)   8
TOTAL FM JUL 1     0    CLOUDY (SCALE 8-10)  0
DPTR FM NORMAL   -18

[CDD (BASE 65) ]
TOTAL THIS MO.   168
DPTR FM NORMAL   112    [PRESSURE DATA]
TOTAL FM JAN 1  1372    HIGHEST SLP M ON M
DPTR FM NORMAL   568    LOWEST  SLP 29.70 ON  8

[REMARKS]
