000
CXUS55 KBOI 011002
CF6MYL
PRELIMINARY LOCAL CLIMATOLOGICAL DATA (WS FORM: F-6)

                                          STATION:   MCCALL ID
                                          MONTH:     FEBRUARY
                                          YEAR:      2015
                                          LATITUDE:   44 52 N
                                          LONGITUDE: 116  6 W

  TEMPERATURE IN F:       :PCPN:    SNOW:  WIND      :SUNSHINE: SKY     :PK WND
================================================================================
1   2   3   4   5  6A  6B    7    8   9   10  11  12  13   14  15   16   17  18
                                     12Z  AVG MX 2MIN
DY MAX MIN AVG DEP HDD CDD  WTR  SNW DPTH SPD SPD DIR MIN PSBL S-S WX    SPD DR
================================================================================

 1  31  19  25   4  40   0 0.30    M    M  0.7  6  50   M    M   9 12      6  50
 2  34  25  30   9  35   0 0.09    M    M  1.6 10 330   M    M   8 12     12 330
 3  33  24  29   8  36   0 0.35    M    M  0.2  5 350   M    M   9 12     18 330
 4  37  30  34  13  31   0 0.10    M    M  1.6  7 350   M    M   9 1       8 340
 5  42  29  36  15  29   0    T    M    M  4.5 13 330   M    M   7 1      14 340
 6  50  35  43  22  22   0 0.11    M    M 13.4 41 170   M    M  10 1      53 170
 7  43  35  39  18  26   0 0.75    M    M 12.5 29 190   M    M  10 1      39 180
 8  47  32  40  19  25   0    T    M    M  1.6 10 150   M    M   6 18     14 150
 9  41  34  38  17  27   0 0.62    M    M  9.3 22 170   M    M  10 1      28 180
10  42  25  34  13  31   0 0.03    M    M  1.8  9 270   M    M   9 12     12 130
11  41  23  32  11  33   0 0.00    M    M  1.4  7 330   M    M   5 128     7 330
12  48  23  36  15  29   0 0.00    M    M  1.0  6 340   M    M   3 12      7 330
13  49  20  35  13  30   0 0.00    M    M  1.1  5 310   M    M   0 8       6 330
14  52  29  41  19  24   0 0.00    M    M  5.3 16 360   M    M   2        20 360
15  44  23  34  12  31   0 0.00    M    M  6.4 15 350   M    M   0        21 330
16  42  18  30   8  35   0 0.00    M    M  4.3 10 360   M    M   0        15  30
17  43  16  30   8  35   0 0.00    M    M  1.1  7 300   M    M   0         9 160
18  50  17  34  12  31   0 0.00    M    M  1.8 12 290   M    M   0        14 290
19  48  20  34  11  31   0 0.00    M    M  2.8 12 270   M    M   3        13 270
20  41  27  34  11  31   0    T    M    M  4.4 12 270   M    M   8        16 300
21  38  22  30   7  35   0 0.01    M    M  6.3 18 350   M    M   6 1      26 360
22  33  13  23   0  42   0 0.00    M    M  8.2 15  10   M    M   0        20 360
23  42   7  25   2  40   0 0.00    M    M  3.5 16 290   M    M   0        24 290
24  47  17  32   8  33   0 0.00    M    M  2.3 10 300   M    M   3        14 290
25  45  21  33   9  32   0 0.00    M    M  4.5 14 340   M    M   2        18 340
26  39  27  33   9  32   0 0.05    M    M  2.6 13 250   M    M  10 1      15 330
27  40  22  31   7  34   0    T    M    M  1.2  7  10   M    M   8 1      10  20
28  40  24  32   7  33   0 0.00    M    M  9.1 18 360   M    M   4        25 360
================================================================================
SM 1182  657       893   0  2.41    M    114.5          M      141
================================================================================
AV 42.2 23.5                               4.1 FASTST   M    M   5    MAX(MPH)
                                 MISC ---->  # 41 170               # 53  170
================================================================================
NOTES:
# LAST OF SEVERAL OCCURRENCES

COLUMN 17 PEAK WIND IN M.P.H.

PRELIMINARY LOCAL CLIMATOLOGICAL DATA (WS FORM: F-6) , PAGE 2

                                          STATION:  MCCALL ID
                                          MONTH:    FEBRUARY
                                          YEAR:     2015
                                          LATITUDE:   44 52 N
                                          LONGITUDE: 116  6 W

[TEMPERATURE DATA]      [PRECIPITATION DATA]       SYMBOLS USED IN COLUMN 16

AVERAGE MONTHLY: 32.8   TOTAL FOR MONTH:   2.41    1 = FOG OR MIST
DPTR FM NORMAL:  10.7   DPTR FM NORMAL:    0.67    2 = FOG REDUCING VISIBILITY
HIGHEST:    52 ON 14    GRTST 24HR  0.77 ON  6- 7      TO 1/4 MILE OR LESS
LOWEST:      7 ON 23                               3 = THUNDER
                        SNOW, ICE PELLETS, HAIL    4 = ICE PELLETS
                        TOTAL MONTH:    M          5 = HAIL
                        GRTST 24HR    M  ON   M    6 = FREEZING RAIN OR DRIZZLE
                        GRTST DEPTH:  M  ON   M    7 = DUSTSTORM OR SANDSTORM:
                                                       VSBY 1/2 MILE OR LESS
                                                   8 = SMOKE OR HAZE
[NO. OF DAYS WITH]      [WEATHER - DAYS WITH]      9 = BLOWING SNOW
                                                   X = TORNADO
MAX 32 OR BELOW:   1    0.01 INCH OR MORE:  10
MAX 90 OR ABOVE:   0    0.10 INCH OR MORE:   6
MIN 32 OR BELOW:  25    0.50 INCH OR MORE:   2
MIN  0 OR BELOW:   0    1.00 INCH OR MORE:   0

[HDD (BASE 65) ]
TOTAL THIS MO.   893    CLEAR  (SCALE 0-3)  12
DPTR FM NORMAL  -308    PTCLDY (SCALE 4-7)   7
TOTAL FM JUL 1  5371    CLOUDY (SCALE 8-10)  9
DPTR FM NORMAL -1304

[CDD (BASE 65) ]
TOTAL THIS MO.     0
DPTR FM NORMAL     0    [PRESSURE DATA]
TOTAL FM JAN 1     0    HIGHEST SLP 30.51 ON 11
DPTR FM NORMAL     0    LOWEST  SLP 29.60 ON  7

[REMARKS]
#FINAL-02-15#
