000
CXUS53 KBIS 300726
CF6N60
PRELIMINARY LOCAL CLIMATOLOGICAL DATA (WS FORM: F-6)

                                          STATION:   GARRISON (AMOS) ND
                                          MONTH:     JANUARY
                                          YEAR:      2015
                                          LATITUDE:   47 39 N
                                          LONGITUDE: 101 23 W

  TEMPERATURE IN F:       :PCPN:    SNOW:  WIND      :SUNSHINE: SKY     :PK WND
================================================================================
1   2   3   4   5  6A  6B    7    8   9   10  11  12  13   14  15   16   17  18
                                     12Z  AVG MX 2MIN
DY MAX MIN AVG DEP HDD CDD  WTR  SNW DPTH SPD SPD DIR MIN PSBL S-S WX    SPD DR
================================================================================

 1  29  23  26   M  39   0 0.00    M    M 10.0 23 260   M    M   0        29 260
 2  38  11  25   M  40   0 0.09    M    M  9.6 25  30   M    M   0        33  20
 3  11 -10   1   M  64   0 0.10    M    M 15.0 29 350   M    M   0        36  20
 4  -4 -16 -10   M  75   0 0.00    M    M 13.4 24 300   M    M   0        30 310
 5   1 -19  -9   M  74   0 0.09    M    M  7.2 16 290   M    M   0        20 280
 6   4  -9  -2   M  67   0 0.00    M    M 20.4 32 330   M    M   0        38 320
 7   7 -15  -4   M  69   0 0.00    M    M 12.7 24 330   M    M   0        28 330
 8  17  -2   8   M  57   0 0.05    M    M 26.9 45 320   M    M   0        53 330
 9   4  -9  -2   M  67   0 0.00    M    M 15.6 31 300   M    M   0        38 300
10   8 -12  -2   M  67   0 0.00    M    M  5.2 14 340   M    M   0        16 350
11  11  -8   2   M  63   0 0.00    M    M  8.2 18 310   M    M   0        21 310
12   4 -21  -8   M  73   0 0.00    M    M  7.0 14 170   M    M   0        17 170
13  18  -4   7   M  58   0 0.00    M    M 10.3 22 290   M    M   0        27 280
14  35  10  23   M  42   0 0.01    M    M 10.3 23 280   M    M   0        30 290
15  39  18  29   M  36   0 0.00    M    M  9.2 23 300   M    M   0        31 300
16  38  21  30   M  35   0 0.00    M    M 10.6 21 270   M    M   0        26 270
17  40  27  34   M  31   0 0.01    M    M 22.2 38 310   M    M   0        47 300
18  36  14  25   M  40   0 0.00    M    M  5.2 13 280   M    M   0        16 290
19  40  24  32   M  33   0 0.00    M    M 11.9 20 320   M    M   M        25 290
20  33  25  29   M  36   0 0.06    M    M 11.3 22 320   M    M   M        27 310
21  27   6  17   M  48   0 0.02    M    M  7.0 15 350   M    M   M        19 360
22  39   6  23   M  42   0 0.00    M    M 10.4 23 240   M    M   M        27 240
23  43  30  37   M  28   0 0.00    M    M 13.9 21 300   M    M   M        28 300
24  39  25  32   M  33   0 0.26    M    M  9.2 22 310   M    M   M        27 310
25  40  32  36   M  29   0 0.00    M    M  9.9 18 320   M    M   M        23 320
26  48  30  39   M  26   0 0.00    M    M  9.6 22 300   M    M   0        27 320
27  49  28  39   M  26   0 0.00    M    M  4.1  8 210   M    M   0         9 190
28  33  27  30   M  35   0 0.00    M    M 13.5 31 330   M    M   0        37 320
29  30  16  23   M  42   0 0.00    M    M 12.0 28 330   M    M   0        34 330
================================================================================
SM  757  248      1375   0  0.69    M    331.8          M        0
================================================================================
AV 26.1  8.6                              11.4 FASTST   M    M   0    MAX(MPH)
                                 MISC ---->  # 45 320               # 53  330
================================================================================
NOTES:
# LAST OF SEVERAL OCCURRENCES

COLUMN 17 PEAK WIND IN M.P.H.

PRELIMINARY LOCAL CLIMATOLOGICAL DATA (WS FORM: F-6) , PAGE 2

                                          STATION:  GARRISON (AMOS) ND
                                          MONTH:    JANUARY
                                          YEAR:     2015
                                          LATITUDE:   47 39 N
                                          LONGITUDE: 101 23 W

[TEMPERATURE DATA]      [PRECIPITATION DATA]       SYMBOLS USED IN COLUMN 16

AVERAGE MONTHLY: 17.3   TOTAL FOR MONTH:   0.69    1 = FOG OR MIST
DPTR FM NORMAL:     M   DPTR FM NORMAL:       M    2 = FOG REDUCING VISIBILITY
HIGHEST:    49 ON 27    GRTST 24HR  0.26 ON 24-24      TO 1/4 MILE OR LESS
LOWEST:    -21 ON 12                               3 = THUNDER
                        SNOW, ICE PELLETS, HAIL    4 = ICE PELLETS
                        TOTAL MONTH:    M          5 = HAIL
                        GRTST 24HR    M  ON   M    6 = FREEZING RAIN OR DRIZZLE
                        GRTST DEPTH:  M  ON   M    7 = DUSTSTORM OR SANDSTORM:
                                                       VSBY 1/2 MILE OR LESS
                                                   8 = SMOKE OR HAZE
[NO. OF DAYS WITH]      [WEATHER - DAYS WITH]      9 = BLOWING SNOW
                                                   X = TORNADO
MAX 32 OR BELOW:  14    0.01 INCH OR MORE:   9
MAX 90 OR ABOVE:   0    0.10 INCH OR MORE:   2
MIN 32 OR BELOW:  29    0.50 INCH OR MORE:   0
MIN  0 OR BELOW:  11    1.00 INCH OR MORE:   0

[HDD (BASE 65) ]
TOTAL THIS MO.  1375    CLEAR  (SCALE 0-3)  22
DPTR FM NORMAL     M    PTCLDY (SCALE 4-7)   0
TOTAL FM JUL 1  4988    CLOUDY (SCALE 8-10)  0
DPTR FM NORMAL     M

[CDD (BASE 65) ]
TOTAL THIS MO.     0
DPTR FM NORMAL     M    [PRESSURE DATA]
TOTAL FM JAN 1     0    HIGHEST SLP M ON M
DPTR FM NORMAL     M    LOWEST  SLP 29.57 ON 17

[REMARKS]
