000
CXHW50 PHFO 231250
CF6NGF
PRELIMINARY LOCAL CLIMATOLOGICAL DATA (WS FORM: F-6)

                                          STATION:   KANEOHE BAY MCAS HI
                                          MONTH:     JULY
                                          YEAR:      2016
                                          LATITUDE:   21 25 N
                                          LONGITUDE: 157 46 W

  TEMPERATURE IN F:       :PCPN:    SNOW:  WIND      :SUNSHINE: SKY     :PK WND
================================================================================
1   2   3   4   5  6A  6B    7    8   9   10  11  12  13   14  15   16   17  18
                                     12Z  AVG MX 2MIN
DY MAX MIN AVG DEP HDD CDD  WTR  SNW DPTH SPD SPD DIR MIN PSBL S-S WX    SPD DR
================================================================================

 1  84  77  81   3   0  16 0.00  0.0    0  9.8 14  50   M    M  10        21  70
 2  84  77  81   3   0  16 0.00  0.0    0 12.9 18  70   M    M   9        25  70
 3  84  74  79   1   0  14    T  0.0    0 11.6 18  40   M    M   9 18     31  70
 4  84  75  80   2   0  15    T  0.0    0  8.5 12  50   M    M   8 8      20  70
 5  81  73  77  -1   0  12    T  0.0    0 10.6 15  70   M    M   9        24  70
 6  84  75  80   2   0  15    T  0.0    0  9.4 14  50   M    M   6        20  90
 7  84  74  79   1   0  14 0.00  0.0    0 12.2 15  70   M    M   5        24  70
 8  84  75  80   2   0  15 0.00  0.0    0 11.8 16  50   M    M   5        30  30
 9  85  73  79   1   0  14    T  0.0    0 12.5 22  40   M    M   5 18     29  40
10  85  75  80   2   0  15    T  0.0    0 10.5 15  40   M    M   4 8      18  70
11  85  75  80   2   0  15    T  0.0    0  6.9 12  40   M    M   5         M  M
12  86  78  82   4   0  17    T  0.0    0  8.4 13  40   M    M   4         M  M
13   M   M   M   M   M   M    T    M    M  8.1 14  50   M    M   7 18     17  40
14  85  77  81   3   0  16    T  0.0    0  8.2 12  30   M    M   4        20  70
15  85  74  80   2   0  15    T  0.0    0 10.2 16  70   M    M   7        21  70
16  85  74  80   2   0  15    T  0.0    0  9.9 13  40   M    M   9        20  60
17  84  76  80   2   0  15    T  0.0    0 12.0 18  30   M    M   7        23  40
18  84  76  80   2   0  15    T  0.0    0  8.6 16  10   M    M   6         M  M
19  87  76  82   4   0  17 0.00  0.0    0  7.6 15 130   M    M   2        22 130
20  85  77  81   3   0  16 0.00  0.0    0  9.8 14  70   M    M   6        22  60
21  85  77  81   3   0  16    T  0.0    0 12.3 16  80   M    M   7        25  70
22  84  75  80   1   0  15    T  0.0    0 13.5 20  40   M    M   7        25  40
================================================================================
SM 1774 1583         0 318    T      0.0 225.3          M      141
================================================================================
AV 84.5 75.4                              10.2 FASTST   M    M   6    MAX(MPH)
                                 MISC ---->    22   M                 31    M
================================================================================
NOTES:
# LAST OF SEVERAL OCCURRENCES

COLUMN 17 PEAK WIND IN M.P.H.

PRELIMINARY LOCAL CLIMATOLOGICAL DATA (WS FORM: F-6) , PAGE 2

                                          STATION:  KANEOHE BAY MCAS HI
                                          MONTH:    JULY
                                          YEAR:     2016
                                          LATITUDE:   21 25 N
                                          LONGITUDE: 157 46 W

[TEMPERATURE DATA]      [PRECIPITATION DATA]       SYMBOLS USED IN COLUMN 16

AVERAGE MONTHLY: 79.9   TOTAL FOR MONTH:      T    1 = FOG OR MIST
DPTR FM NORMAL:   1.9   DPTR FM NORMAL:   -1.10    2 = FOG REDUCING VISIBILITY
HIGHEST:    87 ON 19    GRTST 24HR    T  ON 22-22      TO 1/4 MILE OR LESS
LOWEST:     73 ON  9, 5                            3 = THUNDER
                        SNOW, ICE PELLETS, HAIL    4 = ICE PELLETS
                        TOTAL MONTH:   0.0 INCH    5 = HAIL
                        GRTST 24HR     0.0         6 = FREEZING RAIN OR DRIZZLE
                        GRTST DEPTH:   0           7 = DUSTSTORM OR SANDSTORM:
                                                       VSBY 1/2 MILE OR LESS
                                                   8 = SMOKE OR HAZE
[NO. OF DAYS WITH]      [WEATHER - DAYS WITH]      9 = BLOWING SNOW
                                                   X = TORNADO
MAX 32 OR BELOW:   0    0.01 INCH OR MORE:   0
MAX 90 OR ABOVE:   0    0.10 INCH OR MORE:   0
MIN 32 OR BELOW:   0    0.50 INCH OR MORE:   0
MIN  0 OR BELOW:   0    1.00 INCH OR MORE:   0

[HDD (BASE 65) ]
TOTAL THIS MO.     0    CLEAR  (SCALE 0-3)   1
DPTR FM NORMAL     0    PTCLDY (SCALE 4-7)  16
TOTAL FM JUL 1     0    CLOUDY (SCALE 8-10)  5
DPTR FM NORMAL     0

[CDD (BASE 65) ]
TOTAL THIS MO.   318
DPTR FM NORMAL    29    [PRESSURE DATA]
TOTAL FM JAN 1  2226    HIGHEST SLP M ON M
DPTR FM NORMAL   247    LOWEST  SLP M ON M

[REMARKS]
