000
CXUS55 KPSR 281005
CF6NYL
PRELIMINARY LOCAL CLIMATOLOGICAL DATA (WS FORM: F-6)

                                          STATION:   YUMA AZ
                                          MONTH:     SEPTEMBER
                                          YEAR:      2016
                                          LATITUDE:   32 39 N
                                          LONGITUDE: 114 37 W

  TEMPERATURE IN F:       :PCPN:    SNOW:  WIND      :SUNSHINE: SKY     :PK WND
================================================================================
1   2   3   4   5  6A  6B    7    8   9   10  11  12  13   14  15   16   17  18
                                     12Z  AVG MX 2MIN
DY MAX MIN AVG DEP HDD CDD  WTR  SNW DPTH SPD SPD DIR MIN PSBL S-S WX    SPD DR
================================================================================

 1 104  86  95   2   0  30    T  0.0    0 10.8 18 170   M    M   4        23 160
 2 106  83  95   2   0  30 0.00  0.0    0  8.6 17 170   M    M   0        22 170
 3 105  81  93   0   0  28 0.00  0.0    0  7.6 21 150   M    M   1        24 160
 4 101  76  89  -3   0  24 0.00  0.0    0  8.0 17 270   M    M   0        23 240
 5  98  72  85  -7   0  20 0.00  0.0    0  4.7 12 270   M    M   0        15 230
 6 100  73  87  -5   0  22 0.00  0.0    0  9.9 24 150   M    M   4        29 160
 7  96  81  89  -3   0  24 0.00  0.0    0  8.6 17 160   M    M   4        20 150
 8  99  80  90  -2   0  25 0.00  0.0    0  8.5 17 150   M    M   0        21 160
 9 104  77  91   0   0  26 0.00  0.0    0  2.9 10 180   M    M   1        14 350
10 108  75  92   1   0  27 0.00  0.0    0  4.3 14 230   M    M   0        18 240
11 105  80  93   2   0  28 0.00  0.0    0  6.0 21 160   M    M   0        25 150
12 104  79  92   2   0  27 0.00  0.0    0  9.1 21 200   M    M   2        24 210
13  93  77  85  -5   0  20 0.00  0.0    0  8.3 17 310   M    M   4        23 300
14  95  69  82  -8   0  17 0.00  0.0    0  4.0 13 320   M    M   2        16 320
15  98  68  83  -7   0  18 0.00  0.0    0  3.5  9 130   M    M   1        12 320
16 101  70  86  -3   0  21 0.00  0.0    0  3.5 15 150   M    M   1        21 160
17 103  72  88  -1   0  23 0.00  0.0    0  4.1 13 100   M    M   0        16  90
18 107  75  91   2   0  26 0.00  0.0    0  5.3 16  30   M    M   0        19  30
19  95  78  87  -1   0  22    T  0.0    0 10.4 25 220   M    M   6 8      32 240
20  84  73  79  -9   0  14 0.12  0.0    0  8.7 16 340   M    M   8        21 350
21  89  73  81  -6   0  16    T  0.0    0  6.5 15 110   M    M   6        17 110
22  97  74  86  -1   0  21 0.00  0.0    0  9.1 21 300   M    M   4        29 320
23  90  66  78  -9   0  13 0.00  0.0    0  7.1 22 300   M    M   2        29 300
24  96  64  80  -6   0  15 0.00  0.0    0  6.2 16 350   M    M   0        22 360
25  98  73  86   0   0  21 0.00  0.0    0  9.5 22  20   M    M   0        27  40
26 101  76  89   4   0  24 0.00  0.0    0 14.0 29  80   M    M   5 78     36  80
27  93  76  85   0   0  20 0.00  0.0    0  9.0 21  80   M    M   6        25  80
================================================================================
SM 2670 2027         0 602  0.12     0.0 198.2          M       61
================================================================================
AV 98.9 75.1                               7.3 FASTST   M    M   2    MAX(MPH)
                                 MISC ---->  # 29  80               # 36   80
================================================================================
NOTES:
# LAST OF SEVERAL OCCURRENCES

COLUMN 17 PEAK WIND IN M.P.H.

PRELIMINARY LOCAL CLIMATOLOGICAL DATA (WS FORM: F-6) , PAGE 2

                                          STATION:  YUMA AZ
                                          MONTH:    SEPTEMBER
                                          YEAR:     2016
                                          LATITUDE:   32 39 N
                                          LONGITUDE: 114 37 W

[TEMPERATURE DATA]      [PRECIPITATION DATA]       SYMBOLS USED IN COLUMN 16

AVERAGE MONTHLY: 87.0   TOTAL FOR MONTH:   0.12    1 = FOG OR MIST
DPTR FM NORMAL:  -2.6   DPTR FM NORMAL:   -0.37    2 = FOG REDUCING VISIBILITY
HIGHEST:   108 ON 10    GRTST 24HR  0.12 ON 20-20      TO 1/4 MILE OR LESS
LOWEST:     64 ON 24                               3 = THUNDER
                        SNOW, ICE PELLETS, HAIL    4 = ICE PELLETS
                        TOTAL MONTH:   0.0 INCH    5 = HAIL
                        GRTST 24HR     0.0         6 = FREEZING RAIN OR DRIZZLE
                        GRTST DEPTH:   0           7 = DUSTSTORM OR SANDSTORM:
                                                       VSBY 1/2 MILE OR LESS
                                                   8 = SMOKE OR HAZE
[NO. OF DAYS WITH]      [WEATHER - DAYS WITH]      9 = BLOWING SNOW
                                                   X = TORNADO
MAX 32 OR BELOW:   0    0.01 INCH OR MORE:   1
MAX 90 OR ABOVE:  25    0.10 INCH OR MORE:   1
MIN 32 OR BELOW:   0    0.50 INCH OR MORE:   0
MIN  0 OR BELOW:   0    1.00 INCH OR MORE:   0

[HDD (BASE 65) ]
TOTAL THIS MO.     0    CLEAR  (SCALE 0-3)  17
DPTR FM NORMAL     0    PTCLDY (SCALE 4-7)  10
TOTAL FM JUL 1     0    CLOUDY (SCALE 8-10)  0
DPTR FM NORMAL     0

[CDD (BASE 65) ]
TOTAL THIS MO.   602
DPTR FM NORMAL   -62    [PRESSURE DATA]
TOTAL FM JAN 1  4349    HIGHEST SLP M ON M
DPTR FM NORMAL   232    LOWEST  SLP 29.54 ON  5

[REMARKS]
