000
CXUS55 KPSR 311005
CF6NYL
PRELIMINARY LOCAL CLIMATOLOGICAL DATA (WS FORM: F-6)

                                          STATION:   YUMA AZ
                                          MONTH:     MAY
                                          YEAR:      2016
                                          LATITUDE:   32 39 N
                                          LONGITUDE: 114 37 W

  TEMPERATURE IN F:       :PCPN:    SNOW:  WIND      :SUNSHINE: SKY     :PK WND
================================================================================
1   2   3   4   5  6A  6B    7    8   9   10  11  12  13   14  15   16   17  18
                                     12Z  AVG MX 2MIN
DY MAX MIN AVG DEP HDD CDD  WTR  SNW DPTH SPD SPD DIR MIN PSBL S-S WX    SPD DR
================================================================================

 1  85  59  72  -5   0   7 0.00  0.0    0  4.7 13 180   M    M   0        18  40
 2  90  65  78   0   0  13 0.00  0.0    0  4.4 12 260   M    M   1 8      15  60
 3  95  68  82   4   0  17 0.00  0.0    0  5.5 13  40   M    M   1        17  30
 4  99  68  84   6   0  19 0.00  0.0    0  8.2 22 200   M    M   2        26 190
 5  89  66  78   0   0  13 0.00  0.0    0 15.4 25 150   M    M   3 78     32 160
 6  78  60  69 -10   0   4 0.01  0.0    0  8.4 24 190   M    M   5 3      30 190
 7  79  57  68 -11   0   3 0.00  0.0    0  6.4 17 230   M    M   2        22 230
 8  83  60  72  -7   0   7 0.00  0.0    0  6.4 15 290   M    M   0        19 260
 9  87  61  74  -6   0   9 0.00  0.0    0  6.6 17 210   M    M   1        20 200
10  92  65  79  -1   0  14 0.00  0.0    0  6.9 18 210   M    M   0        22 220
11  95  66  81   1   0  16 0.00  0.0    0  4.1 12 270   M    M   5        13 190
12 101  68  85   5   0  20 0.00  0.0    0  3.5 12 190   M    M   2        16 270
13 103  69  86   5   0  21 0.00  0.0    0  6.3 16 210   M    M   2        20 180
14 100  74  87   6   0  22 0.00  0.0    0 10.9 23 190   M    M   0        32 190
15  92  68  80  -1   0  15 0.00  0.0    0 11.1 17 290   M    M   0        23 290
16  90  64  77  -4   0  12 0.00  0.0    0  4.8 14 170   M    M   0        17 180
17  91  67  79  -3   0  14 0.17  0.0    0  8.0 24  20   M    M   3 37     32 350
18  91  65  78  -4   0  13 0.00  0.0    0  4.1 16 150   M    M   2 8      18 150
19 100  70  85   3   0  20 0.00  0.0    0  8.9 21 200   M    M   1        25 200
20  98  69  84   2   0  19 0.00  0.0    0 12.5 24 160   M    M   2 7      30 200
21  85  61  73 -10   0   8 0.00  0.0    0 12.5 22 310   M    M   2        32 310
22  86  59  73 -10   0   8 0.00  0.0    0  8.3 21 300   M    M   0        28 300
23  88  59  74  -9   0   9 0.00  0.0    0  6.8 15 200   M    M   0        18 230
24  86  62  74  -9   0   9 0.00  0.0    0 10.3 16 300   M    M   1        23 310
25  85  62  74 -10   0   9 0.00  0.0    0 11.0 24 290   M    M   0 7      32 290
26  89  59  74 -10   0   9 0.00  0.0    0  6.6 14 270   M    M   1 8      18 270
27  94  65  80  -4   0  15 0.00  0.0    0  4.7 14 220   M    M   0        18 190
28  96  68  82  -2   0  17 0.00  0.0    0  9.1 24 200   M    M   0        29 200
29  92  66  79  -6   0  14 0.00  0.0    0  9.0 20 170   M    M   0        24 170
30  96  66  81  -4   0  16 0.00  0.0    0  5.7 14 150   M    M   0        16 160
================================================================================
SM 2735 1936         0 392  0.18     0.0 231.1          M       36
================================================================================
AV 91.2 64.5                               7.7 FASTST   M    M   1    MAX(MPH)
                                 MISC ---->  # 25 150               # 32  160
================================================================================
NOTES:
# LAST OF SEVERAL OCCURRENCES

COLUMN 17 PEAK WIND IN M.P.H.

PRELIMINARY LOCAL CLIMATOLOGICAL DATA (WS FORM: F-6) , PAGE 2

                                          STATION:  YUMA AZ
                                          MONTH:    MAY
                                          YEAR:     2016
                                          LATITUDE:   32 39 N
                                          LONGITUDE: 114 37 W

[TEMPERATURE DATA]      [PRECIPITATION DATA]       SYMBOLS USED IN COLUMN 16

AVERAGE MONTHLY: 77.8   TOTAL FOR MONTH:   0.18    1 = FOG OR MIST
DPTR FM NORMAL:  -3.3   DPTR FM NORMAL:    0.10    2 = FOG REDUCING VISIBILITY
HIGHEST:   103 ON 13    GRTST 24HR  0.17 ON 17-17      TO 1/4 MILE OR LESS
LOWEST:     57 ON  7                               3 = THUNDER
                        SNOW, ICE PELLETS, HAIL    4 = ICE PELLETS
                        TOTAL MONTH:   0.0 INCH    5 = HAIL
                        GRTST 24HR     0.0         6 = FREEZING RAIN OR DRIZZLE
                        GRTST DEPTH:   0           7 = DUSTSTORM OR SANDSTORM:
                                                       VSBY 1/2 MILE OR LESS
                                                   8 = SMOKE OR HAZE
[NO. OF DAYS WITH]      [WEATHER - DAYS WITH]      9 = BLOWING SNOW
                                                   X = TORNADO
MAX 32 OR BELOW:   0    0.01 INCH OR MORE:   2
MAX 90 OR ABOVE:  18    0.10 INCH OR MORE:   1
MIN 32 OR BELOW:   0    0.50 INCH OR MORE:   0
MIN  0 OR BELOW:   0    1.00 INCH OR MORE:   0

[HDD (BASE 65) ]
TOTAL THIS MO.     0    CLEAR  (SCALE 0-3)  28
DPTR FM NORMAL     0    PTCLDY (SCALE 4-7)   2
TOTAL FM JUL 1   598    CLOUDY (SCALE 8-10)  0
DPTR FM NORMAL   -88

[CDD (BASE 65) ]
TOTAL THIS MO.   392
DPTR FM NORMAL   -94    [PRESSURE DATA]
TOTAL FM JAN 1   980    HIGHEST SLP M ON M
DPTR FM NORMAL    88    LOWEST  SLP 29.57 ON  5

[REMARKS]
