000
CXUS56 KMTR 231000
CF6OAK
PRELIMINARY LOCAL CLIMATOLOGICAL DATA (WS FORM: F-6)

                                          STATION:   OAKLAND AIRPORT
                                          MONTH:     OCTOBER
                                          YEAR:      2017
                                          LATITUDE:   37 43 N
                                          LONGITUDE: 122 13 W

  TEMPERATURE IN F:       :PCPN:    SNOW:  WIND      :SUNSHINE: SKY     :PK WND
================================================================================
1   2   3   4   5  6A  6B    7    8   9   10  11  12  13   14  15   16   17  18
                                     12Z  AVG MX 2MIN
DY MAX MIN AVG DEP HDD CDD  WTR  SNW DPTH SPD SPD DIR MIN PSBL S-S WX    SPD DR
================================================================================

 1  73  50  62  -1   3   0 0.00  0.0    0  6.2 20 270   M    M   4 1      24 260
 2  73  50  62  -1   3   0 0.00  0.0    0  7.6 21 270   M    M   1        23 270
 3  72  51  62   0   3   0 0.00  0.0    0  6.0 20 270   M    M   1        22 280
 4  75  48  62   0   3   0 0.00  0.0    0  5.8 14 300   M    M   1        16 320
 5  77  48  63   1   2   0 0.00  0.0    0  5.5 15 310   M    M   0        19 300
 6  82  47  65   3   0   0 0.00  0.0    0  4.5 14 290   M    M   0        16 280
 7  78  50  64   2   1   0 0.00  0.0    0  5.7 15 270   M    M   1 1      18 290
 8  77  49  63   1   2   0 0.00  0.0    0  7.5 21  10   M    M   1        26 360
 9  76  56  66   4   0   1 0.00  0.0    0  8.4 30  20   M    M   2 8      39  20
10  76  50  63   1   2   0 0.00  0.0    0  6.3 16 300   M    M   5 18     19 310
11  66  48  57  -4   8   0 0.00  0.0    0  5.6 16 260   M    M   8 18     19 250
12  70  45  58  -3   7   0 0.00  0.0    0  6.3 16 280   M    M   4 8      21 270
13  72  43  58  -3   7   0 0.00  0.0    0  5.7 15 300   M    M   5 18     20 300
14  79  44  62   1   3   0 0.00  0.0    0  6.5 18  60   M    M   2 18     23  30
15  79  46  63   2   2   0 0.00  0.0    0  4.4 12 300   M    M   3        14 170
16  79  46  63   2   2   0 0.00  0.0    0  4.1 12 300   M    M   5        13 300
17  76  49  63   3   2   0 0.00  0.0    0  4.7 14 290   M    M   5 8      16 310
18  63  42  53  -7  12   0 0.00  0.0    0  7.4 21 280   M    M   4 18     24 280
19  64  53  59  -1   6   0 0.11  0.0    0 11.1 39 300   M    M   9 1      52 280
20  63  50  57  -3   8   0 0.02  0.0    0 10.9 23 290   M    M   6 1      27 280
21  67  44  56  -4   9   0 0.00  0.0    0  5.5 17 270   M    M   2        24 300
22  72  47  60   0   5   0 0.00  0.0    0  4.9 14 310   M    M   0 1      17 310
================================================================================
SM 1609 1056        90   1  0.13     0.0 140.6          M       69
================================================================================
AV 73.1 48.0                               6.4 FASTST   M    M   3    MAX(MPH)
                                 MISC ---->  # 39 300               # 52  280
================================================================================
NOTES:
# LAST OF SEVERAL OCCURRENCES

COLUMN 17 PEAK WIND IN M.P.H.

PRELIMINARY LOCAL CLIMATOLOGICAL DATA (WS FORM: F-6) , PAGE 2

                                          STATION:  OAKLAND AIRPORT
                                          MONTH:    OCTOBER
                                          YEAR:     2017
                                          LATITUDE:   37 43 N
                                          LONGITUDE: 122 13 W

[TEMPERATURE DATA]      [PRECIPITATION DATA]       SYMBOLS USED IN COLUMN 16

AVERAGE MONTHLY: 60.6   TOTAL FOR MONTH:   0.13    1 = FOG OR MIST
DPTR FM NORMAL:  -0.7   DPTR FM NORMAL:   -0.52    2 = FOG REDUCING VISIBILITY
HIGHEST:    82 ON  6    GRTST 24HR  0.11 ON 19-19      TO 1/4 MILE OR LESS
LOWEST:     42 ON 18                               3 = THUNDER
                        SNOW, ICE PELLETS, HAIL    4 = ICE PELLETS
                        TOTAL MONTH:   0.0 INCH    5 = HAIL
                        GRTST 24HR     0.0         6 = FREEZING RAIN OR DRIZZLE
                        GRTST DEPTH:   0           7 = DUSTSTORM OR SANDSTORM:
                                                       VSBY 1/2 MILE OR LESS
                                                   8 = SMOKE OR HAZE
[NO. OF DAYS WITH]      [WEATHER - DAYS WITH]      9 = BLOWING SNOW
                                                   X = TORNADO
MAX 32 OR BELOW:   0    0.01 INCH OR MORE:   2
MAX 90 OR ABOVE:   0    0.10 INCH OR MORE:   1
MIN 32 OR BELOW:   0    0.50 INCH OR MORE:   0
MIN  0 OR BELOW:   0    1.00 INCH OR MORE:   0

[HDD (BASE 65) ]
TOTAL THIS MO.    90    CLEAR  (SCALE 0-3)  12
DPTR FM NORMAL    -3    PTCLDY (SCALE 4-7)   9
TOTAL FM JUL 1   163    CLOUDY (SCALE 8-10)  1
DPTR FM NORMAL  -130

[CDD (BASE 65) ]
TOTAL THIS MO.     1
DPTR FM NORMAL   -11    [PRESSURE DATA]
TOTAL FM JAN 1   291    HIGHEST SLP M ON M
DPTR FM NORMAL   154    LOWEST  SLP 29.75 ON  3

[REMARKS]
