000
CXUS53 KOAX 281000
CF6OAX
PRELIMINARY LOCAL CLIMATOLOGICAL DATA (WS FORM: F-6)

                                          STATION:   VALLEY  NWS, NEBRASKA
                                          MONTH:     JUNE
                                          YEAR:      2017
                                          LATITUDE:   41 19 N
                                          LONGITUDE:  96 22 W

  TEMPERATURE IN F:       :PCPN:    SNOW:  WIND      :SUNSHINE: SKY     :PK WND
================================================================================
1   2   3   4   5  6A  6B    7    8   9   10  11  12  13   14  15   16   17  18
                                     12Z  AVG MX 2MIN
DY MAX MIN AVG DEP HDD CDD  WTR  SNW DPTH SPD SPD DIR MIN PSBL S-S WX    SPD DR
================================================================================

 1  84  55  70   2   0   5 0.00  0.0    0   M   M   M   M    M   M        17  M
 2  89  68  79  11   0  14 0.00  0.0    0   M   M   M   M    M   M        21  M
 3  89  66  78   9   0  13 0.00  0.0    0   M   M   M   M    M   M        17  M
 4  93  66  80  11   0  15 0.00  0.0    0   M   M   M   M    M   M        17  M
 5  93  64  79  10   0  14 0.00  0.0    0   M   M   M   M    M   M        21  M
 6  84  67  76   6   0  11 0.00  0.0    0   M   M   M   M    M   M        20  M
 7  83  63  73   3   0   8 0.00  0.0    0   M   M   M   M    M   M        16  M
 8  87  63  75   5   0  10 0.00  0.0    0   M   M   M   M    M   M        17  M
 9  89  65  77   6   0  12 0.00  0.0    0   M   M   M   M    M   M        25  M
10  91  71  81  10   0  16 0.00  0.0    0   M   M   M   M    M   M        32  M
11  93  74  84  13   0  19 0.00  0.0    0   M   M   M   M    M   M        31  M
12  84  71  78   6   0  13 0.05  0.0    0   M   M   M   M    M   M 3      37  M
13  91  67  79   7   0  14 0.12    T    0   M   M   M   M    M   M 35     39  M
14  86  66  76   4   0  11 0.19  0.0    0   M   M   M   M    M   M 3      24  M
15  93  63  78   6   0  13 0.03  0.0    0   M   M   M   M    M   M 3      21  M
16  89  68  79   6   0  14 1.27  0.0    0   M   M   M   M    M   M 3      88  M
17  82  63  73   0   0   8 0.02  0.0    0   M   M   M   M    M   M        23  M
18  81  60  71  -2   0   6 0.00  0.0    0   M   M   M   M    M   M        31  M
19  85  62  74   1   0   9 0.00  0.0    0   M   M   M   M    M   M        22  M
20  93  65  79   5   0  14 0.00  0.0    0   M   M   M   M    M   M        18  M
21  94  69  82   8   0  17 0.00  0.0    0   M   M   M   M    M   M        30  M
22  89  72  81   7   0  16    T  0.0    0   M   M   M   M    M   M        22  M
23  75  60  68  -6   0   3 0.00  0.0    0   M   M   M   M    M   M        29  M
24  80  51  66  -8   0   1 0.00  0.0    0   M   M   M   M    M   M        26  M
25  77  53  65 -10   0   0 0.00  0.0    0   M   M   M   M    M   M        21  M
26  76  56  66  -9   0   1 0.47  0.0    M   M   M   M   0    M   M 3      18  M
27  80  57  69  -6   0   4 0.00  0.0    0   M   M   M   M    M   M 3      33  M
================================================================================
SM 2330 1725         0 281  2.15    T        M            0      M
================================================================================
AV 86.3 63.9                                 M FASTST    0   M   5    MAX(MPH)
                                 MISC ---->     M   M                 88    M
================================================================================
NOTES:
# LAST OF SEVERAL OCCURRENCES

COLUMN 17 PEAK WIND IN M.P.H.

PRELIMINARY LOCAL CLIMATOLOGICAL DATA (WS FORM: F-6) , PAGE 2

                                          STATION:  VALLEY  NWS, NEBRASKA
                                          MONTH:    JUNE
                                          YEAR:     2017
                                          LATITUDE:   41 19 N
                                          LONGITUDE:  96 22 W

[TEMPERATURE DATA]      [PRECIPITATION DATA]       SYMBOLS USED IN COLUMN 16

AVERAGE MONTHLY: 75.1   TOTAL FOR MONTH:   2.15    1 = FOG OR MIST
DPTR FM NORMAL:   3.2   DPTR FM NORMAL:   -2.53    2 = FOG REDUCING VISIBILITY
HIGHEST:    94 ON 21    GRTST 24HR  1.27 ON 16-16      TO 1/4 MILE OR LESS
LOWEST:     51 ON 24                               3 = THUNDER
                        SNOW, ICE PELLETS, HAIL    4 = ICE PELLETS
                        TOTAL MONTH:    T          5 = HAIL
                        GRTST 24HR    T  ON 13-13  6 = FREEZING RAIN OR DRIZZLE
                        GRTST DEPTH:   0           7 = DUSTSTORM OR SANDSTORM:
                                                       VSBY 1/2 MILE OR LESS
                                                   8 = SMOKE OR HAZE
[NO. OF DAYS WITH]      [WEATHER - DAYS WITH]      9 = BLOWING SNOW
                                                   X = TORNADO
MAX 32 OR BELOW:   0    0.01 INCH OR MORE:   7
MAX 90 OR ABOVE:   8    0.10 INCH OR MORE:   4
MIN 32 OR BELOW:   0    0.50 INCH OR MORE:   1
MIN  0 OR BELOW:   0    1.00 INCH OR MORE:   1

[HDD (BASE 65) ]
TOTAL THIS MO.     0    CLEAR  (SCALE 0-3)   0
DPTR FM NORMAL   -13    PTCLDY (SCALE 4-7)   0
TOTAL FM JUL 1  5048    CLOUDY (SCALE 8-10)  0
DPTR FM NORMAL -1215

[CDD (BASE 65) ]
TOTAL THIS MO.   281
DPTR FM NORMAL    79    [PRESSURE DATA]
TOTAL FM JAN 1   345    HIGHEST SLP M ON M
DPTR FM NORMAL    71    LOWEST  SLP M ON M

[REMARKS]
