000
CXUS53 KOAX 211000
CF6OFK
PRELIMINARY LOCAL CLIMATOLOGICAL DATA (WS FORM: F-6)

                                          STATION:   NORFOLK, NEBRASKA
                                          MONTH:     SEPTEMBER
                                          YEAR:      2017
                                          LATITUDE:   41 58 N
                                          LONGITUDE:  97 26 W

  TEMPERATURE IN F:       :PCPN:    SNOW:  WIND      :SUNSHINE: SKY     :PK WND
================================================================================
1   2   3   4   5  6A  6B    7    8   9   10  11  12  13   14  15   16   17  18
                                     12Z  AVG MX 2MIN
DY MAX MIN AVG DEP HDD CDD  WTR  SNW DPTH SPD SPD DIR MIN PSBL S-S WX    SPD DR
================================================================================

 1  71  62  67  -3   0   2 0.04  0.0    0 10.2 16 160   M    M   3        21 130
 2  83  56  70   1   0   5 0.00  0.0    0  5.5 16 330   M    M   1 1      19 320
 3  87  54  71   2   0   6 0.00  0.0    0 10.2 22 190   M    M   0 1      27 180
 4  75  54  65  -4   0   0 0.00  0.0    0 10.1 22 320   M    M   1        27 310
 5  68  44  56 -12   9   0 0.00  0.0    0 11.2 25 320   M    M   1        35 340
 6  69  39  54 -14  11   0 0.00  0.0    0  4.6 15 360   M    M   1        19 360
 7  80  43  62  -6   3   0 0.00  0.0    0  5.2 16 210   M    M   0        21 210
 8  83  51  67   0   0   2 0.00  0.0    0  6.7 18 130   M    M   0        22 140
 9  78  55  67   0   0   2 0.06  0.0    0 10.3 23 190   M    M   3 3      33 170
10  80  64  72   6   0   7 0.04  0.0    0 16.7 31 190   M    M   2 3      39 180
11  84  61  73   7   0   8 0.00  0.0    0  8.3 16 170   M    M   0        22 220
12  85  54  70   4   0   5 0.00  0.0    0  7.3 17 170   M    M   0 1      21 150
13  88  56  72   7   0   7 0.00  0.0    0  6.7 16 290   M    M   1        19 300
14  90  64  77  12   0  12    T  0.0    0 10.7 23 140   M    M   1 3      35 160
15  92  62  77  13   0  12 0.06  0.0    0 12.4 31 180   M    M   1 13     41 180
16  65  48  57  -7   8   0 0.05  0.0    0 12.2 22 340   M    M   6 13     29 330
17  66  40  53 -10  12   0 0.00  0.0    0  4.8 12 120   M    M   3        14 130
18  73  57  65   2   0   0 0.46  0.0    0  7.9 15 160   M    M   7 13     18 200
19  87  61  74  12   0   9 0.00  0.0    0 16.1 31 150   M    M   3 1      40 150
20  77  52  65   3   0   0 0.00  0.0    0  6.5 29 350   M    M   1        37 350
================================================================================
SM 1581 1077        43  77  0.71     0.0 183.6          M       35
================================================================================
AV 79.1 53.9                               9.2 FASTST   M    M   2    MAX(MPH)
                                 MISC ---->  # 31 190               # 41  180
================================================================================
NOTES:
# LAST OF SEVERAL OCCURRENCES

COLUMN 17 PEAK WIND IN M.P.H.

PRELIMINARY LOCAL CLIMATOLOGICAL DATA (WS FORM: F-6) , PAGE 2

                                          STATION:  NORFOLK, NEBRASKA
                                          MONTH:    SEPTEMBER
                                          YEAR:     2017
                                          LATITUDE:   41 58 N
                                          LONGITUDE:  97 26 W

[TEMPERATURE DATA]      [PRECIPITATION DATA]       SYMBOLS USED IN COLUMN 16

AVERAGE MONTHLY: 66.5   TOTAL FOR MONTH:   0.71    1 = FOG OR MIST
DPTR FM NORMAL:   0.4   DPTR FM NORMAL:   -1.08    2 = FOG REDUCING VISIBILITY
HIGHEST:    92 ON 15    GRTST 24HR  0.46 ON 18-18      TO 1/4 MILE OR LESS
LOWEST:     39 ON  6                               3 = THUNDER
                        SNOW, ICE PELLETS, HAIL    4 = ICE PELLETS
                        TOTAL MONTH:   0.0 INCH    5 = HAIL
                        GRTST 24HR     0.0         6 = FREEZING RAIN OR DRIZZLE
                        GRTST DEPTH:   0           7 = DUSTSTORM OR SANDSTORM:
                                                       VSBY 1/2 MILE OR LESS
                                                   8 = SMOKE OR HAZE
[NO. OF DAYS WITH]      [WEATHER - DAYS WITH]      9 = BLOWING SNOW
                                                   X = TORNADO
MAX 32 OR BELOW:   0    0.01 INCH OR MORE:   6
MAX 90 OR ABOVE:   2    0.10 INCH OR MORE:   1
MIN 32 OR BELOW:   0    0.50 INCH OR MORE:   0
MIN  0 OR BELOW:   0    1.00 INCH OR MORE:   0

[HDD (BASE 65) ]
TOTAL THIS MO.    43    CLEAR  (SCALE 0-3)  18
DPTR FM NORMAL   -15    PTCLDY (SCALE 4-7)   2
TOTAL FM JUL 1    54    CLOUDY (SCALE 8-10)  0
DPTR FM NORMAL   -20

[CDD (BASE 65) ]
TOTAL THIS MO.    77
DPTR FM NORMAL    -1    [PRESSURE DATA]
TOTAL FM JAN 1   835    HIGHEST SLP M ON M
DPTR FM NORMAL   -59    LOWEST  SLP 29.49 ON 19

[REMARKS]
