000
CXUS55 KEAX 280736
CF6OJC
PRELIMINARY LOCAL CLIMATOLOGICAL DATA (WS FORM: F-6)

                                          STATION:   Johnson County Executive KS
                                          MONTH:     FEBRUARY
                                          YEAR:      2015
                                          LATITUDE:   38 50 N
                                          LONGITUDE:  94 44 W

  TEMPERATURE IN F:       :PCPN:    SNOW:  WIND      :SUNSHINE: SKY     :PK WND
================================================================================
1   2   3   4   5  6A  6B    7    8   9   10  11  12  13   14  15   16   17  18
                                     12Z  AVG MX 2MIN
DY MAX MIN AVG DEP HDD CDD  WTR  SNW DPTH SPD SPD DIR MIN PSBL S-S WX    SPD DR
================================================================================

 1  38  12  25  -7  40   0 0.28    M    M 14.8 29 320   M    M  10 1      40 340
 2  26   4  15 -17  50   0    T    M    M  8.6 20 320   M    M   1 1      24 320
 3  50  21  36   4  29   0 0.00    M    M  8.7 22 200   M    M   0        32 210
 4  38  12  25  -7  40   0 0.01    M    M 12.9 24  20   M    M   4 18     30  20
 5  30   6  18 -14  47   0 0.00    M    M  7.4 16 180   M    M   1 1      20 180
 6  54  25  40   8  25   0 0.00    M    M 11.5 21 220   M    M   0        30 230
 7  63  37  50  17  15   0 0.00    M    M 11.3 18 200   M    M   0 18     24 200
 8  67  43  55  22  10   0 0.00    M    M 10.6 21 310   M    M   0 8      29 310
 9  44  33  39   6  26   0 0.00    M    M  8.7 17  20   M    M   8 18     22  20
10  52  28  40   7  25   0 0.00    M    M  7.7 16 170   M    M   2        20 170
11  40  26  33  -1  32   0 0.00    M    M 10.9 24 360   M    M   5 8      31 360
12  30  12  21 -13  44   0 0.00    M    M 10.0 28 360   M    M   5        35  10
13  45  20  33  -1  32   0 0.00    M    M  6.2 13 290   M    M   2        17 300
14  42  17  30  -4  35   0 0.00    M    M 12.9 26 360   M    M   2        35  10
15  21  12  17 -18  48   0 0.11    M    M 12.7 18  70   M    M   6 1      23  70
16  23  12  18 -17  47   0 0.03    M    M  6.5 10 310   M    M   9 18     15  50
17  32  15  24 -11  41   0 0.03    M    M  7.8 21 310   M    M   7 128    29 310
18  19   7  13 -23  52   0 0.00    M    M 10.5 23 320   M    M   1        31 320
19  18   3  11 -25  54   0    T    M    M  5.4 13 170   M    M   5 8      17 120
20  37  13  25 -11  40   0 0.11    M    M  8.0 16 190   M    M   6 168    20 180
21  49  27  38   1  27   0 0.15    M    M  9.8 24  10   M    M   4 168    31  20
22  27  15  21 -16  44   0 0.00    M    M 14.8 25  20   M    M   5        31  10
23  25   8  17 -20  48   0 0.00    M    M  6.4 16  20   M    M   2        22  10
24  44  17  31  -7  34   0 0.00    M    M  8.2 20 240   M    M   0        27 230
25  52  20  36  -2  29   0    T    M    M 10.8 29 360   M    M   3 1      40 360
26  22   8  15 -23  50   0    T    M    M 15.7 30 360   M    M   3        39 350
27  20   4  12 -27  53   0 0.00    M    M  5.3 17  10   M    M   4        20  20
================================================================================
SM 1008  457      1017   0  0.72    M    264.1          M       95
================================================================================
AV 37.3 16.9                               9.8 FASTST   M    M   4    MAX(MPH)
                                 MISC ---->  # 30 360               # 40  340
================================================================================
NOTES:
# LAST OF SEVERAL OCCURRENCES

COLUMN 17 PEAK WIND IN M.P.H.

PRELIMINARY LOCAL CLIMATOLOGICAL DATA (WS FORM: F-6) , PAGE 2

                                          STATION:  Johnson County Executive KS
                                          MONTH:    FEBRUARY
                                          YEAR:     2015
                                          LATITUDE:   38 50 N
                                          LONGITUDE:  94 44 W

[TEMPERATURE DATA]      [PRECIPITATION DATA]       SYMBOLS USED IN COLUMN 16

AVERAGE MONTHLY: 27.1   TOTAL FOR MONTH:   0.72    1 = FOG OR MIST
DPTR FM NORMAL:  -7.6   DPTR FM NORMAL:   -0.79    2 = FOG REDUCING VISIBILITY
HIGHEST:    67 ON  8    GRTST 24HR  0.83 ON 31- 1      TO 1/4 MILE OR LESS
LOWEST:      3 ON 19                               3 = THUNDER
                        SNOW, ICE PELLETS, HAIL    4 = ICE PELLETS
                        TOTAL MONTH:    M          5 = HAIL
                        GRTST 24HR    M  ON   M    6 = FREEZING RAIN OR DRIZZLE
                        GRTST DEPTH:  M  ON   M    7 = DUSTSTORM OR SANDSTORM:
                                                       VSBY 1/2 MILE OR LESS
                                                   8 = SMOKE OR HAZE
[NO. OF DAYS WITH]      [WEATHER - DAYS WITH]      9 = BLOWING SNOW
                                                   X = TORNADO
MAX 32 OR BELOW:  12    0.01 INCH OR MORE:   7
MAX 90 OR ABOVE:   0    0.10 INCH OR MORE:   4
MIN 32 OR BELOW:  24    0.50 INCH OR MORE:   0
MIN  0 OR BELOW:   0    1.00 INCH OR MORE:   0

[HDD (BASE 65) ]
TOTAL THIS MO.  1017    CLEAR  (SCALE 0-3)  14
DPTR FM NORMAL   198    PTCLDY (SCALE 4-7)  11
TOTAL FM JUL 1  3990    CLOUDY (SCALE 8-10)  2
DPTR FM NORMAL   123

[CDD (BASE 65) ]
TOTAL THIS MO.     0
DPTR FM NORMAL     0    [PRESSURE DATA]
TOTAL FM JAN 1     0    HIGHEST SLP  0.00 ON M
DPTR FM NORMAL     0    LOWEST  SLP  0.00 ON M

[REMARKS]
