000
CXUS56 KSGX 281445
CF6OKB
PRELIMINARY LOCAL CLIMATOLOGICAL DATA (WS FORM: F-6)

                                          STATION:   OCEANSIDE AIRPORT CA
                                          MONTH:     DECEMBER
                                          YEAR:      2014
                                          LATITUDE:   33 13 N
                                          LONGITUDE: 117 21 W

  TEMPERATURE IN F:       :PCPN:    SNOW:  WIND      :SUNSHINE: SKY     :PK WND
================================================================================
1   2   3   4   5  6A  6B    7    8   9   10  11  12  13   14  15   16   17  18
                                     12Z  AVG MX 2MIN
DY MAX MIN AVG DEP HDD CDD  WTR  SNW DPTH SPD SPD DIR MIN PSBL S-S WX    SPD DR
================================================================================

 1  74  48  61   7   4   0 0.00  0.0    0  3.2 14 290   M    M   0 18     18 300
 2  67  56  62   8   3   0 0.55  0.0    0  4.2 15  70   M    M   9 1      19  60
 3  67  61  64  10   1   0 0.53  0.0    0  4.6 13 180   M    M  10 1      19 170
 4  69  53  61   7   4   0 0.33  0.0    0  4.4 13 180   M    M   4 1      19 190
 5  67  52  60   7   5   0 0.00  0.0    0  2.3  8 250   M    M   2 18     10 250
 6  69  52  61   8   4   0 0.00  0.0    0  2.9 15 290   M    M   4 128    22 290
 7  79  47  63  10   2   0 0.00  0.0    0  3.3 21 290   M    M   1 128    26 290
 8  72  50  61   8   4   0 0.00  0.0    0  1.2  9 240   M    M   0 1      10 240
 9  76  43  60   7   5   0 0.00  0.0    0  2.7 12 240   M    M   2 128    14 250
10  67  44  56   3   9   0 0.00  0.0    0  1.6  9 250   M    M   2 18     11 250
11  69  57  63  10   2   0    T  0.0    0  5.8 14 230   M    M   7 18     17 230
12  65  51  58   5   7   0 1.14  0.0    0  5.3 17 290   M    M   8 12     27 250
13  64  44  54   2  11   0 0.07    M    0  2.3 12 250   M    M   3 12     15 240
14  65  41  53   1  12   0 0.00  0.0    0  3.3 13 290   M    M   0 1      16 250
15  64  43  54   2  11   0 0.00  0.0    0  2.2  9 240   M    M   0 1      12 250
16  60  49  55   3  10   0 0.02  0.0    0  3.4  8  90   M    M   8        10  90
17  64  48  56   4   9   0 0.15    M    0  4.2 16 250   M    M   6 13     22 250
18  65  47  56   4   9   0 0.01    M    0  1.8 10 230   M    M   6 1      13 250
19  68  44  56   4   9   0 0.00  0.0    0  3.5 16 290   M    M   0 1      20 290
20  65  43  54   2  11   0 0.00  0.0    0  2.3 12 250   M    M   3 1      15 250
21  67  46  57   5   8   0 0.00  0.0    0  2.4 13 290   M    M   1 12     16 290
22  72  43  58   6   7   0 0.00  0.0    0  2.1 10 250   M    M   3 128    14 250
23  77  41  59   7   6   0 0.00  0.0    0  1.9 13 240   M    M   0 1      15 250
24  73  44  59   7   6   0 0.00  0.0    0  3.2 12 240   M    M   0        13 250
25  69  37  53   1  12   0    T    M    0  4.9 15  50   M    M   3        20  50
26  63  34  49  -3  16   0 0.00  0.0    0  4.4 13 240   M    M   0        15  40
27  64  32  48  -4  17   0 0.00  0.0    0  4.5 14 290   M    M   0        18 290
================================================================================
SM 1841 1250       204   0  2.80     0.0  87.9          M       82
================================================================================
AV 68.2 46.3                               3.3 FASTST   M    M   3    MAX(MPH)
                                 MISC ---->  # 21 290               # 27  250
================================================================================
NOTES:
# LAST OF SEVERAL OCCURRENCES

COLUMN 17 PEAK WIND IN M.P.H.

PRELIMINARY LOCAL CLIMATOLOGICAL DATA (WS FORM: F-6) , PAGE 2

                                          STATION:  OCEANSIDE AIRPORT CA
                                          MONTH:    DECEMBER
                                          YEAR:     2014
                                          LATITUDE:   33 13 N
                                          LONGITUDE: 117 21 W

[TEMPERATURE DATA]      [PRECIPITATION DATA]       SYMBOLS USED IN COLUMN 16

AVERAGE MONTHLY: 57.2   TOTAL FOR MONTH:   2.80    1 = FOG OR MIST
DPTR FM NORMAL:   4.6   DPTR FM NORMAL:    1.17    2 = FOG REDUCING VISIBILITY
HIGHEST:    79 ON  7    GRTST 24HR  1.21 ON 12-13      TO 1/4 MILE OR LESS
LOWEST:     32 ON 27                               3 = THUNDER
                        SNOW, ICE PELLETS, HAIL    4 = ICE PELLETS
                        TOTAL MONTH:   0.0 INCH    5 = HAIL
                        GRTST 24HR     0.0         6 = FREEZING RAIN OR DRIZZLE
                        GRTST DEPTH:   0           7 = DUSTSTORM OR SANDSTORM:
                                                       VSBY 1/2 MILE OR LESS
                                                   8 = SMOKE OR HAZE
[NO. OF DAYS WITH]      [WEATHER - DAYS WITH]      9 = BLOWING SNOW
                                                   X = TORNADO
MAX 32 OR BELOW:   0    0.01 INCH OR MORE:   8
MAX 90 OR ABOVE:   0    0.10 INCH OR MORE:   5
MIN 32 OR BELOW:   1    0.50 INCH OR MORE:   3
MIN  0 OR BELOW:   0    1.00 INCH OR MORE:   1

[HDD (BASE 65) ]
TOTAL THIS MO.   204    CLEAR  (SCALE 0-3)  14
DPTR FM NORMAL  -131    PTCLDY (SCALE 4-7)  10
TOTAL FM JUL 1   338    CLOUDY (SCALE 8-10)  3
DPTR FM NORMAL  -347

[CDD (BASE 65) ]
TOTAL THIS MO.     0
DPTR FM NORMAL     0    [PRESSURE DATA]
TOTAL FM JAN 1   855    HIGHEST SLP M ON M
DPTR FM NORMAL   436    LOWEST  SLP 29.76 ON 25

[REMARKS]
