000
CXUS55 KGGW 010800
CF6OLF
PRELIMINARY LOCAL CLIMATOLOGICAL DATA (WS FORM: F-6)

                                          STATION:   WOLF POINT MT
                                          MONTH:     FEBRUARY
                                          YEAR:      2015
                                          LATITUDE:   48  5 N
                                          LONGITUDE: 105 35 W

  TEMPERATURE IN F:       :PCPN:    SNOW:  WIND      :SUNSHINE: SKY     :PK WND
================================================================================
1   2   3   4   5  6A  6B    7    8   9   10  11  12  13   14  15   16   17  18
                                     12Z  AVG MX 2MIN
DY MAX MIN AVG DEP HDD CDD  WTR  SNW DPTH SPD SPD DIR MIN PSBL S-S WX    SPD DR
================================================================================

 1  16 -12   2 -12  63   0 0.00  0.0    0  3.0  9 220   M    M   2        13 210
 2  19   9  14   0  51   0 0.01    M    0  6.7 16  80   M    M   7        19  70
 3  16  -4   6  -8  59   0    T    M    0  7.3 17  70   M    M   8 18     22 290
 4  17 -19  -1 -15  66   0 0.00  0.0    0  3.3 12 210   M    M   0        15 190
 5  27  -4  12  -3  53   0 0.00  0.0    0  5.9 15  60   M    M   4        18  60
 6  35  14  25  10  40   0 0.00  0.0    0  6.4 16  80   M    M   0        18  80
 7  46  23  35  20  30   0 0.18    M    0  4.3 12 220   M    M   5 18     12  70
 8  53  26  40  25  25   0 0.01    M    0  8.2 16  40   M    M   5 1      21 290
 9  34  21  28  12  37   0 0.01    M    0 12.9 22  80   M    M  10 1      25  70
10  35  19  27  11  38   0    T    M    0 14.1 25 340   M    M  10 1      30 320
11  20   6  13  -3  52   0 0.00  0.0    0  9.9 16  10   M    M   7        20  20
12  40   9  25   8  40   0 0.00  0.0    0  6.8 14 260   M    M   3 1      18 250
13  46  23  35  18  30   0 0.00  0.0    0  6.0 25  70   M    M   3 18     30  70
14  31  14  23   6  42   0    T    M    0 14.1 25 110   M    M  10 8      31 110
15  42  17  30  12  35   0 0.00  0.0    0  6.8 18 270   M    M   8        22 260
16  34   6  20   2  45   0    T    M    0 11.7 24 330   M    M   9 18     33 340
17  21   2  12  -6  53   0 0.00  0.0    0 10.8 24 310   M    M   0        29 320
18  28   0  14  -5  51   0 0.00  0.0    0  2.1  8 110   M    M   7        11 140
19  46  24  35  16  30   0    T    M    0  7.6 21 300   M    M   7 18     24 300
20  40  21  31  11  34   0 0.02    M    0 11.6 22 350   M    M   8 18     28 350
21  21  -2  10 -10  55   0    T    M    0 12.1 22 340   M    M   5 8      31 350
22  18  -7   6 -14  59   0 0.00  0.0    0  3.1  9 250   M    M   0        14 200
23  45   2  24   3  41   0 0.00  0.0    0 11.5 29 300   M    M   3        34 290
24  41  30  36  15  29   0    T    M    0  6.6 23 350   M    M   9        27 360
25  32   0  16  -6  49   0    T    M    0 11.2 20 360   M    M   6 8      24  20
26  16  -7   5 -17  60   0 0.00  0.0    0  2.3  7 230   M    M   0         9 220
27  28  -4  12 -10  53   0 0.00  0.0    0  6.9 22 350   M    M   2        26 360
28  25   4  15  -8  50   0    T    M    0  9.8 18 300   M    M   6 8      24 300
================================================================================
SM  872  211      1270   0  0.23     0.0 223.0          M      144
================================================================================
AV 31.1  7.5                               8.0 FASTST   M    M   5    MAX(MPH)
                                 MISC ---->  # 29 300               # 34  290
================================================================================
NOTES:
# LAST OF SEVERAL OCCURRENCES

COLUMN 17 PEAK WIND IN M.P.H.

PRELIMINARY LOCAL CLIMATOLOGICAL DATA (WS FORM: F-6) , PAGE 2

                                          STATION:  WOLF POINT MT
                                          MONTH:    FEBRUARY
                                          YEAR:     2015
                                          LATITUDE:   48  5 N
                                          LONGITUDE: 105 35 W

[TEMPERATURE DATA]      [PRECIPITATION DATA]       SYMBOLS USED IN COLUMN 16

AVERAGE MONTHLY: 19.3   TOTAL FOR MONTH:   0.23    1 = FOG OR MIST
DPTR FM NORMAL:   1.5   DPTR FM NORMAL:    0.02    2 = FOG REDUCING VISIBILITY
HIGHEST:    53 ON  8    GRTST 24HR  0.19 ON  7- 8      TO 1/4 MILE OR LESS
LOWEST:    -19 ON  4                               3 = THUNDER
                        SNOW, ICE PELLETS, HAIL    4 = ICE PELLETS
                        TOTAL MONTH:   0.0 INCH    5 = HAIL
                        GRTST 24HR     0.0         6 = FREEZING RAIN OR DRIZZLE
                        GRTST DEPTH:   0           7 = DUSTSTORM OR SANDSTORM:
                                                       VSBY 1/2 MILE OR LESS
                                                   8 = SMOKE OR HAZE
[NO. OF DAYS WITH]      [WEATHER - DAYS WITH]      9 = BLOWING SNOW
                                                   X = TORNADO
MAX 32 OR BELOW:  15    0.01 INCH OR MORE:   5
MAX 90 OR ABOVE:   0    0.10 INCH OR MORE:   1
MIN 32 OR BELOW:  28    0.50 INCH OR MORE:   0
MIN  0 OR BELOW:  10    1.00 INCH OR MORE:   0

[HDD (BASE 65) ]
TOTAL THIS MO.  1270    CLEAR  (SCALE 0-3)   9
DPTR FM NORMAL   -52    PTCLDY (SCALE 4-7)  13
TOTAL FM JUL 1  6142    CLOUDY (SCALE 8-10)  6
DPTR FM NORMAL  -480

[CDD (BASE 65) ]
TOTAL THIS MO.     0
DPTR FM NORMAL     0    [PRESSURE DATA]
TOTAL FM JAN 1     0    HIGHEST SLP M ON M
DPTR FM NORMAL     0    LOWEST  SLP 29.53 ON  7

[REMARKS]
#FINAL-02-15#
