000
CXUS55 KGGW 240800
CF6OLF
PRELIMINARY LOCAL CLIMATOLOGICAL DATA (WS FORM: F-6)

                                          STATION:   WOLF POINT MT
                                          MONTH:     JANUARY
                                          YEAR:      2017
                                          LATITUDE:   48  5 N
                                          LONGITUDE: 105 35 W

  TEMPERATURE IN F:       :PCPN:    SNOW:  WIND      :SUNSHINE: SKY     :PK WND
================================================================================
1   2   3   4   5  6A  6B    7    8   9   10  11  12  13   14  15   16   17  18
                                     12Z  AVG MX 2MIN
DY MAX MIN AVG DEP HDD CDD  WTR  SNW DPTH SPD SPD DIR MIN PSBL S-S WX    SPD DR
================================================================================

 1  23   9  16   4  49   0    T    M    0 13.0 22  40   M    M  10 8      26  40
 2  11  -8   2 -10  63   0    T    M    0 11.4 24  10   M    M  10 8      27  20
 3  -3 -21 -12 -24  77   0    T    M    0  7.5 14 240   M    M   2 8      16 240
 4   7 -12  -2 -14  67   0    T    M    0  8.4 18 290   M    M   8 8      21 280
 5   5  -6   0 -12  65   0 0.00  0.0    0  6.5 17 310   M    M   7        20 300
 6   5 -15  -5 -16  70   0 0.01    M    0  3.1  8  70   M    M   5 8      11  40
 7  -1 -20 -10 -21  75   0 0.00  0.0    0  7.4 15  80   M    M   3        18  70
 8  10  -7   2  -9  63   0 0.00  0.0    0  7.5 18 310   M    M   6        21 310
 9  13   4   9  -2  56   0 0.08    M    0 11.5 20  80   M    M   9 18     24  80
10   6  -9  -1 -12  66   0 0.01    M    0 10.2 18 290   M    M   8 18     22 280
11   3 -24 -10 -21  75   0 0.00  0.0    0  7.8 21 250   M    M   0 18     24 250
12   3 -18  -7 -18  72   0    T    M    0  8.2 22 260   M    M   1 8      27 270
13   3 -24 -10 -21  75   0 0.00  0.0    0  6.2 17 250   M    M   0        21 240
14   3 -20  -8 -19  73   0 0.00  0.0    0  1.7  8 190   M    M   0 18      9 240
15  15 -14   1 -11  64   0 0.00  0.0    0  5.0 16 240   M    M   0        18 240
16  18  -3   8  -4  57   0 0.00  0.0    0  6.2 14 230   M    M   0        16 240
17  32  -6  13   1  52   0 0.00  0.0    0  1.8  9 270   M    M   0        10 270
18  39  12  26  14  39   0 0.00  0.0    0  2.4  8  70   M    M   0 1       8  80
19  31  10  21   9  44   0 0.00  0.0    0  2.5 10 270   M    M   1 128    11 270
20  37  12  25  13  40   0 0.00  0.0    0  6.3 13 260   M    M   5 128    15 240
21  29   8  19   7  46   0 0.00  0.0    0  8.3 17 250   M    M   3 12     20 260
22  33  17  25  13  40   0 0.00  0.0    0  7.2 15 290   M    M  10 1      19 270
23  30  22  26  14  39   0 0.01    M    0  4.8 14 340   M    M  10 18     16 340
================================================================================
SM  352 -113      1367   0  0.11     0.0 154.9          M       98
================================================================================
AV 15.3 -4.9                               6.7 FASTST   M    M   4    MAX(MPH)
                                 MISC ---->  # 24  10               # 27   20
================================================================================
NOTES:
# LAST OF SEVERAL OCCURRENCES

COLUMN 17 PEAK WIND IN M.P.H.

PRELIMINARY LOCAL CLIMATOLOGICAL DATA (WS FORM: F-6) , PAGE 2

                                          STATION:  WOLF POINT MT
                                          MONTH:    JANUARY
                                          YEAR:     2017
                                          LATITUDE:   48  5 N
                                          LONGITUDE: 105 35 W

[TEMPERATURE DATA]      [PRECIPITATION DATA]       SYMBOLS USED IN COLUMN 16

AVERAGE MONTHLY:  5.2   TOTAL FOR MONTH:   0.11    1 = FOG OR MIST
DPTR FM NORMAL:  -6.4   DPTR FM NORMAL:   -0.15    2 = FOG REDUCING VISIBILITY
HIGHEST:    39 ON 18    GRTST 24HR  0.08 ON  9- 9      TO 1/4 MILE OR LESS
LOWEST:    -24 ON 13,11                            3 = THUNDER
                        SNOW, ICE PELLETS, HAIL    4 = ICE PELLETS
                        TOTAL MONTH:   0.0 INCH    5 = HAIL
                        GRTST 24HR     0.0         6 = FREEZING RAIN OR DRIZZLE
                        GRTST DEPTH:   0           7 = DUSTSTORM OR SANDSTORM:
                                                       VSBY 1/2 MILE OR LESS
                                                   8 = SMOKE OR HAZE
[NO. OF DAYS WITH]      [WEATHER - DAYS WITH]      9 = BLOWING SNOW
                                                   X = TORNADO
MAX 32 OR BELOW:  20    0.01 INCH OR MORE:   4
MAX 90 OR ABOVE:   0    0.10 INCH OR MORE:   0
MIN 32 OR BELOW:  23    0.50 INCH OR MORE:   0
MIN  0 OR BELOW:  15    1.00 INCH OR MORE:   0

[HDD (BASE 65) ]
TOTAL THIS MO.  1367    CLEAR  (SCALE 0-3)  11
DPTR FM NORMAL   137    PTCLDY (SCALE 4-7)   7
TOTAL FM JUL 1  4575    CLOUDY (SCALE 8-10)  5
DPTR FM NORMAL  -309

[CDD (BASE 65) ]
TOTAL THIS MO.     0
DPTR FM NORMAL     0    [PRESSURE DATA]
TOTAL FM JAN 1     0    HIGHEST SLP M ON M
DPTR FM NORMAL     0    LOWEST  SLP 29.40 ON 21

[REMARKS]
