000
CXUS55 KSEW 010945
CF6OLM

PRELIMINARY LOCAL CLIMATOLOGICAL DATA (WS FORM: F-6)

                                          STATION:   OLYMPIA WA AIRPORT
                                          MONTH:     JULY
                                          YEAR:      2014
                                          LATITUDE:   46 58 N
                                          LONGITUDE: 122 54 W

  TEMPERATURE IN F:       :PCPN:    SNOW:  WIND      :SUNSHINE: SKY     :PK WND
================================================================================
1   2   3   4   5  6A  6B    7    8   9   10  11  12  13   14  15   16   17  18
                                     12Z  AVG MX 2MIN
DY MAX MIN AVG DEP HDD CDD  WTR  SNW DPTH SPD SPD DIR MIN PSBL S-S WX    SPD DR
================================================================================

 1  94  49  72  10   0   7 0.00  0.0    0  4.4 13  20   M    M   0        18  20
 2  78  55  67   5   0   2 0.00  0.0    0  9.8 18 220   M    M   1        26 200
 3  71  52  62   0   3   0 0.00  0.0    0  4.5 12 230   M    M   8        15 240
 4  77  48  63   1   2   0 0.00  0.0    0  3.4 12 320   M    M   3 1      14 350
 5  78  56  67   5   0   2 0.00  0.0    0  4.7 13  20   M    M   6 1      17  30
 6  84  55  70   8   0   5 0.00  0.0    0  4.6 13 320   M    M   2        19 270
 7  83  57  70   7   0   5 0.00  0.0    0  5.2 15  30   M    M   4 12     19  30
 8  88  54  71   8   0   6 0.00  0.0    0  4.4 13  20   M    M   1 1      18  20
 9  81  53  67   4   0   2 0.00  0.0    0  3.4 10 330   M    M   2        12 350
10  85  48  67   4   0   2 0.00  0.0    0  3.8 10 360   M    M   2 18     14  50
11  91  50  71   8   0   6 0.00  0.0    0  3.1 13  20   M    M   0 1      18  30
12  92  55  74  10   0   9 0.00  0.0    0  3.8 12 350   M    M   0        14 350
13  87  55  71   7   0   6    T  0.0    0  4.6 15  20   M    M   1        17  10
14  80  57  69   5   0   4 0.00  0.0    0  6.0 12 210   M    M   3        15 220
15  89  55  72   8   0   7 0.00  0.0    0  3.4 10  30   M    M   3 1      14  30
16  88  53  71   7   0   6 0.00  0.0    0  5.6 13 200   M    M   1 1      15  20
17  79  53  66   2   0   1 0.00  0.0    0  9.2 16 210   M    M   3        21 250
18  78  52  65   1   0   0 0.00  0.0    0  7.0 13 190   M    M   3        18 230
19  78  58  68   4   0   3 0.00  0.0    0 10.9 18 240   M    M   9 1      26 210
20  67  53  60  -4   5   0 0.00  0.0    0  7.5 14 200   M    M   8        19 220
21  74  43  59  -6   6   0 0.00  0.0    0  2.9 13 290   M    M   2 12     20 250
22  75  51  63  -2   2   0    T  0.0    0  2.1  9  20   M    M   6        12 210
23  65  56  61  -4   4   0 0.27  0.0    0  7.0 17 240   M    M   7 1      24 250
24  68  49  59  -6   6   0    T  0.0    0  9.9 18 250   M    M   6 1      25 270
25  75  44  60  -5   5   0 0.00  0.0    0  2.4 10 340   M    M   4 12     13  20
26  82  47  65   0   0   0 0.00  0.0    0  3.3 13  10   M    M   1 12     16  10
27  84  50  67   2   0   2 0.00  0.0    0  5.8 15  30   M    M   0 1      19  30
28  90  49  70   5   0   5 0.00  0.0    0  4.2 12  80   M    M   0 8      15 340
29  89  50  70   5   0   5 0.00  0.0    0  3.8 12  20   M    M   0        15  10
30  87  53  70   5   0   5 0.00  0.0    0  3.7 13  70   M    M   3 128    18  10
31  90  51  71   6   0   6 0.00  0.0    0  5.2 15  40   M    M   0        19  10
================================================================================
SM 2527 1611        33  96  0.27     0.0 159.6          M       89
================================================================================
AV 81.5 52.0                               5.1 FASTST   M    M   3    MAX(MPH)
                                 MISC ---->  # 18 220               # 26  200
================================================================================
NOTES:
# LAST OF SEVERAL OCCURRENCES

COLUMN 17 PEAK WIND IN M.P.H.

PRELIMINARY LOCAL CLIMATOLOGICAL DATA (WS FORM: F-6) , PAGE 2

                                          STATION:  OLYMPIA WA AIRPORT
                                          MONTH:    JULY
                                          YEAR:     2014
                                          LATITUDE:   46 58 N
                                          LONGITUDE: 122 54 W

[TEMPERATURE DATA]      [PRECIPITATION DATA]       SYMBOLS USED IN COLUMN 16

AVERAGE MONTHLY: 66.7   TOTAL FOR MONTH:   0.27    1 = FOG OR MIST
DPTR FM NORMAL:   2.9   DPTR FM NORMAL:   -0.36    2 = FOG REDUCING VISIBILITY
HIGHEST:    94 ON  1    GRTST 24HR  0.27 ON 23-23      TO 1/4 MILE OR LESS
LOWEST:     43 ON 21                               3 = THUNDER
                        SNOW, ICE PELLETS, HAIL    4 = ICE PELLETS
                        TOTAL MONTH:   0.0 INCH    5 = HAIL
                        GRTST 24HR     0.0         6 = FREEZING RAIN OR DRIZZLE
                        GRTST DEPTH:   0           7 = DUSTSTORM OR SANDSTORM:
                                                       VSBY 1/2 MILE OR LESS
                                                   8 = SMOKE OR HAZE
[NO. OF DAYS WITH]      [WEATHER - DAYS WITH]      9 = BLOWING SNOW
                                                   X = TORNADO
MAX 32 OR BELOW:   0    0.01 INCH OR MORE:   1
MAX 90 OR ABOVE:   5    0.10 INCH OR MORE:   1
MIN 32 OR BELOW:   0    0.50 INCH OR MORE:   0
MIN  0 OR BELOW:   0    1.00 INCH OR MORE:   0

[HDD (BASE 65) ]
TOTAL THIS MO.    33    CLEAR  (SCALE 0-3)  20
DPTR FM NORMAL   -47    PTCLDY (SCALE 4-7)  10
TOTAL FM JUL 1    33    CLOUDY (SCALE 8-10)  1
DPTR FM NORMAL   -47

[CDD (BASE 65) ]
TOTAL THIS MO.    96
DPTR FM NORMAL    53    [PRESSURE DATA]
TOTAL FM JAN 1    98    HIGHEST SLP M ON M
DPTR FM NORMAL    41    LOWEST  SLP 29.73 ON  1

[REMARKS]
#FINAL-07-14#
