000
CXUS53 KOAX 241000
CF6OMA
PRELIMINARY LOCAL CLIMATOLOGICAL DATA (WS FORM: F-6)

                                          STATION:   OMAHA NE
                                          MONTH:     NOVEMBER
                                          YEAR:      2017
                                          LATITUDE:   41 17 N
                                          LONGITUDE:  95 54 W

  TEMPERATURE IN F:       :PCPN:    SNOW:  WIND      :SUNSHINE: SKY     :PK WND
================================================================================
1   2   3   4   5  6A  6B    7    8   9   10  11  12  13   14  15   16   17  18
                                     12Z  AVG MX 2MIN
DY MAX MIN AVG DEP HDD CDD  WTR  SNW DPTH SPD SPD DIR MIN PSBL S-S WX    SPD DR
================================================================================

 1  50  32  41  -5  24   0    T  0.0    0 10.9 25 150   M    M   9        30 150
 2  55  32  44  -2  21   0 0.00  0.0    0 11.4 22 340   M    M   7        29 330
 3  50  28  39  -7  26   0    T  0.0    0  6.8 15  90   M    M   7        21  40
 4  54  43  49   4  16   0 0.00  0.0    0  4.8 10 180   M    M   9        13 170
 5  48  30  39  -6  26   0 0.00  0.0    0 13.8 25 360   M    M   8        32 340
 6  46  25  36  -8  29   0 0.00  0.0    0  7.0 13  70   M    M   6        16  80
 7  46  26  36  -8  29   0 0.00  0.0    0  6.4 16  10   M    M   6        19 360
 8  52  23  38  -5  27   0 0.00  0.0    0  8.3 16 200   M    M   2        22 190
 9  40  23  32 -10  33   0 0.00  0.0    0 13.6 25 340   M    M   6        32 340
10  36  19  28 -14  37   0 0.00  0.0    0 14.1 23 160   M    M   9        27 160
11  46  36  41   0  24   0 0.01  0.0    0  7.4 18 160   M    M  10 1      23 170
12  50  30  40  -1  25   0 0.12  0.0    0  5.4 13 340   M    M   4 18     15 330
13  45  28  37  -3  28   0 0.00  0.0    0 10.4 21 190   M    M   8 18     25 190
14  56  45  51  11  14   0    T  0.0    0  8.4 15 170   M    M  10 18     19 170
15  53  27  40   1  25   0 0.00  0.0    0 12.9 25 320   M    M   3 1      31 320
16  49  24  37  -2  28   0 0.00  0.0    0 10.6 23 150   M    M   4        28 150
17  61  41  51  13  14   0 0.01  0.0    0 11.3 25  10   M    M   8 18     32  10
18  49  29  39   1  26   0 0.22  0.0    0 17.2 32 320   M    M   5 1      40 320
19  55  23  39   2  26   0 0.00  0.0    0  8.9 17 190   M    M   2        21 200
20  59  32  46  10  19   0 0.00  0.0    0  9.9 20 200   M    M   6        24 200
21  43  18  31  -5  34   0    T  0.0    0 15.6 32 350   M    M   4        39 360
22  41  15  28  -7  37   0 0.00  0.0    0  9.1 20 180   M    M   4        23 180
23  62  28  45  10  20   0 0.00  0.0    0  6.6 14 150   M    M   4        14 150
================================================================================
SM 1146  657       588   0  0.36     0.0 230.8          M      141
================================================================================
AV 49.8 28.6                              10.0 FASTST   M    M   6    MAX(MPH)
                                 MISC ---->  # 32 320               # 40  320
================================================================================
NOTES:
# LAST OF SEVERAL OCCURRENCES

COLUMN 17 PEAK WIND IN M.P.H.

PRELIMINARY LOCAL CLIMATOLOGICAL DATA (WS FORM: F-6) , PAGE 2

                                          STATION:  OMAHA NE
                                          MONTH:    NOVEMBER
                                          YEAR:     2017
                                          LATITUDE:   41 17 N
                                          LONGITUDE:  95 54 W

[TEMPERATURE DATA]      [PRECIPITATION DATA]       SYMBOLS USED IN COLUMN 16

AVERAGE MONTHLY: 39.2   TOTAL FOR MONTH:   0.36    1 = FOG OR MIST
DPTR FM NORMAL:  -1.6   DPTR FM NORMAL:   -0.95    2 = FOG REDUCING VISIBILITY
HIGHEST:    62 ON 23    GRTST 24HR  0.22 ON 18-18      TO 1/4 MILE OR LESS
LOWEST:     15 ON 22                               3 = THUNDER
                        SNOW, ICE PELLETS, HAIL    4 = ICE PELLETS
                        TOTAL MONTH:   0.0 INCH    5 = HAIL
                        GRTST 24HR     0.0         6 = FREEZING RAIN OR DRIZZLE
                        GRTST DEPTH:   0           7 = DUSTSTORM OR SANDSTORM:
                                                       VSBY 1/2 MILE OR LESS
                                                   8 = SMOKE OR HAZE
[NO. OF DAYS WITH]      [WEATHER - DAYS WITH]      9 = BLOWING SNOW
                                                   X = TORNADO
MAX 32 OR BELOW:   0    0.01 INCH OR MORE:   4
MAX 90 OR ABOVE:   0    0.10 INCH OR MORE:   2
MIN 32 OR BELOW:  19    0.50 INCH OR MORE:   0
MIN  0 OR BELOW:   0    1.00 INCH OR MORE:   0

[HDD (BASE 65) ]
TOTAL THIS MO.   588    CLEAR  (SCALE 0-3)   3
DPTR FM NORMAL    29    PTCLDY (SCALE 4-7)  13
TOTAL FM JUL 1   925    CLOUDY (SCALE 8-10)  7
DPTR FM NORMAL  -119

[CDD (BASE 65) ]
TOTAL THIS MO.     0
DPTR FM NORMAL     0    [PRESSURE DATA]
TOTAL FM JAN 1  1349    HIGHEST SLP M ON M
DPTR FM NORMAL   237    LOWEST  SLP 29.49 ON 17

[REMARKS]
