000
CXUS53 KARX 260930
CF6ONA
PRELIMINARY LOCAL CLIMATOLOGICAL DATA (WS FORM: F-6)

                                          STATION:   WINONA_MUNI_(AWOS) MN
                                          MONTH:     FEBRUARY
                                          YEAR:      2015
                                          LATITUDE:   44  4 N
                                          LONGITUDE:  91 42 W

  TEMPERATURE IN F:       :PCPN:    SNOW:  WIND      :SUNSHINE: SKY     :PK WND
================================================================================
1   2   3   4   5  6A  6B    7    8   9   10  11  12  13   14  15   16   17  18
                                     12Z  AVG MX 2MIN
DY MAX MIN AVG DEP HDD CDD  WTR  SNW DPTH SPD SPD DIR MIN PSBL S-S WX    SPD DR
================================================================================

 1  28  10  19   M  46   0    M    M    5  7.8 13  40   M    M   7 8      21  20
 2  14  -6   4   M  61   0 0.00  0.0    5  2.1  8 260   M    M   0         M  M
 3  18   0   9   M  56   0    M    M    5  0.8  6 140   M    M   5         M  M
 4  19   3  11   M  54   0    M    M    6  8.6 16 340   M    M   6        22 330
 5  18 -13   3   M  62   0 0.00  0.0    6  3.3 10 220   M    M   2         M  M
 6  30  12  21   M  44   0 0.00  0.0    6  3.1 10 130   M    M   3         M  M
 7  36  18  27   M  38   0 0.00  0.0    6  3.9 12 130   M    M   1 1       M  M
 8  34  30  32   M  33   0    T  0.0    6  4.1  8  20   M    M   9 168     M  M
 9  32  16  24   M  41   0 0.00  0.0    4  1.3  6  40   M    M   6         M  M
10  34  12  23   M  42   0    M    M    4  5.7 17 140   M    M   7 146    22 140
11  34  10  22   M  43   0    M    M    5 14.9 23 320   M    M   8 69     29 320
12  12  -2   5   M  60   0 0.00  0.0    5  7.0 16 330   M    M   1        25 330
13  32  -2  15   M  50   0 0.00  0.0    5  7.3 15 300   M    M   8        20 300
14  19  -6   7   M  58   0 0.00  0.0    5 12.2 28 320   M    M   2        33 320
15  12  -8   2   M  63   0 0.00  0.0    5  3.9  8 140   M    M   7         M  M
16  19  12  16   M  49   0    M    M    5  3.9 17 330   M    M  10        23 330
17  18   9  14   M  51   0    M    M    5  9.3 14 300   M    M   6        21 300
18   9  -8   1   M  64   0 0.00  0.0    5 12.5 17 320   M    M   4        24 330
19  10 -15  -2   M  67   0 0.00  0.0    M  1.2  7 310   M    M   0         M  M
20  23   0  12   M  53   0    M  0.0    0  5.7 13 200   M    M  10        18 200
21  30  12  21   M  44   0 0.00  0.0    0  6.8 15 320   M    M   7        20 320
22  12  -8   2   M  63   0 0.00  0.0    0 10.8 20 330   M    M   0        27 330
23  18 -13   3   M  62   0 0.00  0.0    M  5.2 12 230   M    M   0        21 230
24  34  14  24   M  41   0    M    M    M 13.6 24 320   M    M   5        35 320
25  16   3  10   M  55   0    M    M    M  2.1  6  10   M    M   6         M  M
================================================================================
SM  561   80      1300   0    T      0.0 157.1          M      120
================================================================================
AV 22.4  3.2                               6.3 FASTST   M    M   5    MAX(MPH)
                                 MISC ---->    28   M               # 35  320
================================================================================
NOTES:
# LAST OF SEVERAL OCCURRENCES

COLUMN 17 PEAK WIND IN M.P.H.

PRELIMINARY LOCAL CLIMATOLOGICAL DATA (WS FORM: F-6) , PAGE 2

                                          STATION:  WINONA_MUNI_(AWOS) MN
                                          MONTH:    FEBRUARY
                                          YEAR:     2015
                                          LATITUDE:   44  4 N
                                          LONGITUDE:  91 42 W

[TEMPERATURE DATA]      [PRECIPITATION DATA]       SYMBOLS USED IN COLUMN 16

AVERAGE MONTHLY: 12.8   TOTAL FOR MONTH:      T    1 = FOG OR MIST
DPTR FM NORMAL:     M   DPTR FM NORMAL:       M    2 = FOG REDUCING VISIBILITY
HIGHEST:    36 ON  7    GRTST 24HR    T  ON  8- 8      TO 1/4 MILE OR LESS
LOWEST:    -15 ON 19                               3 = THUNDER
                        SNOW, ICE PELLETS, HAIL    4 = ICE PELLETS
                        TOTAL MONTH:   0.0 INCH    5 = HAIL
                        GRTST 24HR     0.0         6 = FREEZING RAIN OR DRIZZLE
                        GRTST DEPTH:   6 ON  8, 7  7 = DUSTSTORM OR SANDSTORM:
                                                       VSBY 1/2 MILE OR LESS
                                                   8 = SMOKE OR HAZE
[NO. OF DAYS WITH]      [WEATHER - DAYS WITH]      9 = BLOWING SNOW
                                                   X = TORNADO
MAX 32 OR BELOW:  20    0.01 INCH OR MORE:   0
MAX 90 OR ABOVE:   0    0.10 INCH OR MORE:   0
MIN 32 OR BELOW:  25    0.50 INCH OR MORE:   0
MIN  0 OR BELOW:  12    1.00 INCH OR MORE:   0

[HDD (BASE 65) ]
TOTAL THIS MO.  1300    CLEAR  (SCALE 0-3)   9
DPTR FM NORMAL     M    PTCLDY (SCALE 4-7)  13
TOTAL FM JUL 1  5544    CLOUDY (SCALE 8-10)  3
DPTR FM NORMAL     M

[CDD (BASE 65) ]
TOTAL THIS MO.     0
DPTR FM NORMAL     M    [PRESSURE DATA]
TOTAL FM JAN 1     0    HIGHEST SLP M ON M
DPTR FM NORMAL     M    LOWEST  SLP M ON M

[REMARKS]
