000
CXUS52 KMFL 261000
CF6OPF
PRELIMINARY LOCAL CLIMATOLOGICAL DATA (WS FORM: F-6)

                                          STATION:   OPA-LOCKA ARPT
                                          MONTH:     JANUARY
                                          YEAR:      2015
                                          LATITUDE:   25 53 N
                                          LONGITUDE:  80 17 W

  TEMPERATURE IN F:       :PCPN:    SNOW:  WIND      :SUNSHINE: SKY     :PK WND
================================================================================
1   2   3   4   5  6A  6B    7    8   9   10  11  12  13   14  15   16   17  18
                                     12Z  AVG MX 2MIN
DY MAX MIN AVG DEP HDD CDD  WTR  SNW DPTH SPD SPD DIR MIN PSBL S-S WX    SPD DR
================================================================================

 1  80  69  75   8   0  10    T  0.0    0  3.9 16 110   M    M   7 1      19 130
 2  83  70  77  10   0  12 0.04  0.0    0  7.5 18 140   M    M   4 1      24 140
 3  83  74  79  12   0  14 0.01  0.0    0 12.8 25 140   M    M   3        31 140
 4  84  72  78  11   0  13    T  0.0    0  9.9 22 140   M    M   3        27 130
 5  85  70  78  11   0  13 0.17  0.0    0  6.2 16  70   M    M   2 1      19  40
 6  84  68  76   9   0  11 0.00  0.0    0  5.7 13  90   M    M   3        16  70
 7  80  62  71   4   0   6 0.00  0.0    0  7.3 16 350   M    M   3        24 330
 8  74  55  65  -2   0   0    T  0.0    0 12.8 20  80   M    M   2        27  30
 9  79  62  71   4   0   6 0.17  0.0    0  3.6 16 130   M    M   2 1      20 130
10  78  58  68   1   0   3    T  0.0    0 11.4 18  50   M    M   6 12     23  50
11  80  69  75   8   0  10 0.16  0.0    0 11.6 21  90   M    M   5 1      28 120
12  79  71  75   8   0  10 0.03  0.0    0 10.9 22 110   M    M   7 1      27 100
13  79  67  73   6   0   8 2.35  0.0    0  5.5 15 120   M    M   6 13     19  90
14  78  66  72   5   0   7 0.00  0.0    0  7.4 15 330   M    M   7 1      26 330
15  80  63  72   5   0   7 0.00  0.0    0  7.0 17 330   M    M   8        20 330
16  74  60  67   0   0   2 0.00  0.0    0  9.7 20 350   M    M   6        24 330
17  77  54  66  -1   0   1 0.00  0.0    0  7.1 17  90   M    M   1        22 100
18  79  60  70   3   0   5 0.00  0.0    0  5.2 16 300   M    M   1        20 300
19  76  56  66  -1   0   1 0.00  0.0    0  6.0 15  80   M    M   1        26  60
20  74  60  67   0   0   2    T  0.0    0  4.2 15 120   M    M   5        21 120
21  82  65  74   7   0   9 0.00  0.0    0  5.0 16  90   M    M   4        20  80
22  81  63  72   5   0   7 0.00  0.0    0  8.1 17  90   M    M   2        22  90
23  80  70  75   8   0  10 0.00  0.0    0 11.4 22 160   M    M   2        27 160
24  78  58  68   1   0   3    T  0.0    0 13.3 25 310   M    M   3        35 260
25  68  51  60  -7   5   0 0.00  0.0    0  7.2 15 360   M    M   0        19 360
================================================================================
SM 1975 1593         5 170  2.93     0.0 200.7          M       93
================================================================================
AV 79.0 63.7                               8.0 FASTST   M    M   4    MAX(MPH)
                                 MISC ---->  # 25 140               # 35  260
================================================================================
NOTES:
# LAST OF SEVERAL OCCURRENCES

COLUMN 17 PEAK WIND IN M.P.H.

PRELIMINARY LOCAL CLIMATOLOGICAL DATA (WS FORM: F-6) , PAGE 2

                                          STATION:  OPA-LOCKA ARPT
                                          MONTH:    JANUARY
                                          YEAR:     2015
                                          LATITUDE:   25 53 N
                                          LONGITUDE:  80 17 W

[TEMPERATURE DATA]      [PRECIPITATION DATA]       SYMBOLS USED IN COLUMN 16

AVERAGE MONTHLY: 71.4   TOTAL FOR MONTH:   2.93    1 = FOG OR MIST
DPTR FM NORMAL:   4.4   DPTR FM NORMAL:    1.36    2 = FOG REDUCING VISIBILITY
HIGHEST:    85 ON  5    GRTST 24HR  2.37 ON 12-13      TO 1/4 MILE OR LESS
LOWEST:     51 ON 25                               3 = THUNDER
                        SNOW, ICE PELLETS, HAIL    4 = ICE PELLETS
                        TOTAL MONTH:   0.0 INCH    5 = HAIL
                        GRTST 24HR     0.0         6 = FREEZING RAIN OR DRIZZLE
                        GRTST DEPTH:   0           7 = DUSTSTORM OR SANDSTORM:
                                                       VSBY 1/2 MILE OR LESS
                                                   8 = SMOKE OR HAZE
[NO. OF DAYS WITH]      [WEATHER - DAYS WITH]      9 = BLOWING SNOW
                                                   X = TORNADO
MAX 32 OR BELOW:   0    0.01 INCH OR MORE:   7
MAX 90 OR ABOVE:   0    0.10 INCH OR MORE:   4
MIN 32 OR BELOW:   0    0.50 INCH OR MORE:   1
MIN  0 OR BELOW:   0    1.00 INCH OR MORE:   1

[HDD (BASE 65) ]
TOTAL THIS MO.     5    CLEAR  (SCALE 0-3)  13
DPTR FM NORMAL   -45    PTCLDY (SCALE 4-7)  12
TOTAL FM JUL 1    46    CLOUDY (SCALE 8-10)  0
DPTR FM NORMAL   -42

[CDD (BASE 65) ]
TOTAL THIS MO.   170
DPTR FM NORMAL    70    [PRESSURE DATA]
TOTAL FM JAN 1   170    HIGHEST SLP M ON M
DPTR FM NORMAL    70    LOWEST  SLP 29.91 ON 24

[REMARKS]
