000
CXUS52 KMFL 251000
CF6OPF
PRELIMINARY LOCAL CLIMATOLOGICAL DATA (WS FORM: F-6)

                                          STATION:   OPA-LOCKA ARPT
                                          MONTH:     AUGUST
                                          YEAR:      2016
                                          LATITUDE:   25 53 N
                                          LONGITUDE:  80 17 W

  TEMPERATURE IN F:       :PCPN:    SNOW:  WIND      :SUNSHINE: SKY     :PK WND
================================================================================
1   2   3   4   5  6A  6B    7    8   9   10  11  12  13   14  15   16   17  18
                                     12Z  AVG MX 2MIN
DY MAX MIN AVG DEP HDD CDD  WTR  SNW DPTH SPD SPD DIR MIN PSBL S-S WX    SPD DR
================================================================================

 1  93  78  86   2   0  21 0.04  0.0    0 11.0 24  70   M    M   3 13     32  60
 2  92  73  83  -1   0  18 0.76  0.0    0 10.0 26 320   M    M   5 13     31 100
 3  91  74  83  -1   0  18 0.01  0.0    0  5.4 16 130   M    M   2 3      21 120
 4  93  80  87   3   0  22 0.00  0.0    0  7.7 17 130   M    M   1        21 150
 5  93  81  87   3   0  22 0.00  0.0    0  8.9 17 120   M    M   1        23 150
 6  93  74  84   0   0  19 0.60  0.0    0  6.0 28 250   M    M   3 13     32 240
 7  92  76  84   0   0  19 0.72  0.0    0  4.4 24 250   M    M   2 13     29 260
 8  86  74  80  -4   0  15 0.60  0.0    0  3.8 16 330   M    M   5 13     23 330
 9  88  74  81  -3   0  16 0.69  0.0    0  4.5 23  30   M    M   4 13     31  10
10  92  75  84   0   0  19 0.06  0.0    0  4.5 22  10   M    M   2 13     27 360
11  89  78  84   0   0  19    T  0.0    0  6.2 15 100   M    M   0        19 140
12  91  75  83  -1   0  18 0.43  0.0    0  8.1 22 120   M    M   2 13     27 120
13  92  75  84   0   0  19 0.18  0.0    0  9.2 24 120   M    M   3 13     31 140
14  91  75  83  -1   0  18 0.34  0.0    0  9.5 22  90   M    M   2 138    32 100
15  91  79  85   1   0  20 0.04  0.0    0  9.4 23 130   M    M   2        27 140
16  91  79  85   1   0  20 0.13  0.0    0  9.2 20 130   M    M   3 138    30  90
17  90  77  84   0   0  19 0.20  0.0    0  7.6 21  90   M    M   2 13     26 100
18  91  79  85   1   0  20 0.06  0.0    0  6.6 16  70   M    M   1 3      20  90
19  92  77  85   1   0  20 0.44  0.0    0  4.2 17 280   M    M   2 13     23 140
20  93  78  86   2   0  21 0.00  0.0    0  4.5 14 130   M    M   2        17 130
21  95  80  88   4   0  23 0.00  0.0    0  4.1 14 160   M    M   2 38     19 150
22  94  80  87   3   0  22 0.00  0.0    0  4.9 13 110   M    M   1        17 100
23  94  82  88   4   0  23 0.00  0.0    0  8.7 18  60   M    M   1        23  60
24  92  79  86   3   0  21 0.12  0.0    0  8.0 20 360   M    M   2 3      25  20
================================================================================
SM 2199 1852         0 472  5.42     0.0 166.4          M       53
================================================================================
AV 91.6 77.2                               6.9 FASTST   M    M   2    MAX(MPH)
                                 MISC ---->  # 28 250               # 32   60
================================================================================
NOTES:
# LAST OF SEVERAL OCCURRENCES

COLUMN 17 PEAK WIND IN M.P.H.

PRELIMINARY LOCAL CLIMATOLOGICAL DATA (WS FORM: F-6) , PAGE 2

                                          STATION:  OPA-LOCKA ARPT
                                          MONTH:    AUGUST
                                          YEAR:     2016
                                          LATITUDE:   25 53 N
                                          LONGITUDE:  80 17 W

[TEMPERATURE DATA]      [PRECIPITATION DATA]       SYMBOLS USED IN COLUMN 16

AVERAGE MONTHLY: 84.4   TOTAL FOR MONTH:   5.42    1 = FOG OR MIST
DPTR FM NORMAL:   0.4   DPTR FM NORMAL:   -0.42    2 = FOG REDUCING VISIBILITY
HIGHEST:    95 ON 21    GRTST 24HR  1.06 ON  6- 7      TO 1/4 MILE OR LESS
LOWEST:     73 ON  2                               3 = THUNDER
                        SNOW, ICE PELLETS, HAIL    4 = ICE PELLETS
                        TOTAL MONTH:   0.0 INCH    5 = HAIL
                        GRTST 24HR     0.0         6 = FREEZING RAIN OR DRIZZLE
                        GRTST DEPTH:   0           7 = DUSTSTORM OR SANDSTORM:
                                                       VSBY 1/2 MILE OR LESS
                                                   8 = SMOKE OR HAZE
[NO. OF DAYS WITH]      [WEATHER - DAYS WITH]      9 = BLOWING SNOW
                                                   X = TORNADO
MAX 32 OR BELOW:   0    0.01 INCH OR MORE:  17
MAX 90 OR ABOVE:  21    0.10 INCH OR MORE:  12
MIN 32 OR BELOW:   0    0.50 INCH OR MORE:   5
MIN  0 OR BELOW:   0    1.00 INCH OR MORE:   0

[HDD (BASE 65) ]
TOTAL THIS MO.     0    CLEAR  (SCALE 0-3)  20
DPTR FM NORMAL     0    PTCLDY (SCALE 4-7)   4
TOTAL FM JUL 1     0    CLOUDY (SCALE 8-10)  0
DPTR FM NORMAL     0

[CDD (BASE 65) ]
TOTAL THIS MO.   472
DPTR FM NORMAL    18    [PRESSURE DATA]
TOTAL FM JAN 1  3120    HIGHEST SLP M ON M
DPTR FM NORMAL   341    LOWEST  SLP 29.93 ON 20

[REMARKS]
