000
CXUS54 KMRX 231000
CF6OQT
PRELIMINARY LOCAL CLIMATOLOGICAL DATA (WS FORM: F-6)

                                          STATION:   OAK_RIDGE_(ASOS)
                                          MONTH:     OCTOBER
                                          YEAR:      2014
                                          LATITUDE:   36  1 N
                                          LONGITUDE:  84 14 W

  TEMPERATURE IN F:       :PCPN:    SNOW:  WIND      :SUNSHINE: SKY     :PK WND
================================================================================
1   2   3   4   5  6A  6B    7    8   9   10  11  12  13   14  15   16   17  18
                                     12Z  AVG MX 2MIN
DY MAX MIN AVG DEP HDD CDD  WTR  SNW DPTH SPD SPD DIR MIN PSBL S-S WX    SPD DR
================================================================================

 1  83  56  70   5   0   5 0.00    M    M  1.2  7 140   M    M   M 12     10 150
 2  85  56  71   6   0   6 0.00    M    M  1.9  9 230   M    M   M 12     15 230
 3  76  60  68   4   0   3 0.50    M    M  4.3 13 190   M    M   M 1      20 210
 4  61  41  51 -13  14   0 0.00    M    M  4.7 13 260   M    M   M        22 250
 5  67  37  52 -11  13   0 0.00    M    0  3.3 13 180   M    M   M        19 180
 6  68  49  59  -4   6   0 1.03    M    M  3.0 17 200   M    M   M 1      30 190
 7  72  57  65   2   0   0 0.64    M    M  1.4  9 260   M    M   M 1      17 190
 8  81  56  69   7   0   4 0.04    M    M  2.8  9 260   M    M   M 1      15 270
 9  75  52  64   2   1   0 0.01    M    M  1.0  7  80   M    M   M 12     11 340
10  71  60  66   4   0   1 0.50    M    M  1.1  6 260   M    M   M 1      10 270
11  76  62  69   8   0   4 0.07    M    0  3.6 10 270   M    M  10 1      16 260
12  74  62  68   7   0   3 0.96    M    M  0.3 12 160   M    M   M 1      16 170
13  83  65  74  14   0   9 0.05    M    M  3.2 17 190   M    M   5 1      26 190
14  71  59  65   5   0   0 1.47    M    M  4.1 13 220   M    M   M 1      24 250
15  62  55  59  -1   6   0 0.38    M    M  4.4 10 240   M    M   M 1      17 200
16  63  50  57  -3   8   0 0.00    M    M  3.8  9 270   M    M   M 1      14 270
17  76  45  61   2   4   0 0.00  0.0    0  3.1 12 200   M    M   M 12     20 200
18  68  49  59   0   6   0 0.00  0.0    0  3.3 10 330   M    M   M 1      18  20
19  66  47  57  -1   8   0 0.00    M  999  1.8  9  80   M    M   M        13  70
20  68  43  56  -2   9   0    T    M    0  1.8 10 200   M    M   M 12     16 270
21  70  46  58   0   7   0 0.00    M    M  2.8 12 350   M    M   M        18 360
22  63  41  52  -5  13   0 0.00    M    M  2.7 14  70   M    M   1        18  70
================================================================================
SM 1579 1148        95  35  5.65     0.0  59.6          M       16
================================================================================
AV 71.8 52.2                               2.7 FASTST   M    M   5    MAX(MPH)
                                 MISC ---->  # 17 200               # 30  190
================================================================================
NOTES:
# LAST OF SEVERAL OCCURRENCES

COLUMN 17 PEAK WIND IN M.P.H.

PRELIMINARY LOCAL CLIMATOLOGICAL DATA (WS FORM: F-6) , PAGE 2

                                          STATION:  OAK_RIDGE_(ASOS)
                                          MONTH:    OCTOBER
                                          YEAR:     2014
                                          LATITUDE:   36  1 N
                                          LONGITUDE:  84 14 W

[TEMPERATURE DATA]      [PRECIPITATION DATA]       SYMBOLS USED IN COLUMN 16

AVERAGE MONTHLY: 62.0   TOTAL FOR MONTH:   5.65    1 = FOG OR MIST
DPTR FM NORMAL:   0.9   DPTR FM NORMAL:    3.69    2 = FOG REDUCING VISIBILITY
HIGHEST:    85 ON  2    GRTST 24HR  1.47 ON 14-14      TO 1/4 MILE OR LESS
LOWEST:     37 ON  5                               3 = THUNDER
                        SNOW, ICE PELLETS, HAIL    4 = ICE PELLETS
                        TOTAL MONTH:   0.0 INCH    5 = HAIL
                        GRTST 24HR     0.0         6 = FREEZING RAIN OR DRIZZLE
                        GRTST DEPTH: 999 ON 19     7 = DUSTSTORM OR SANDSTORM:
                                                       VSBY 1/2 MILE OR LESS
                                                   8 = SMOKE OR HAZE
[NO. OF DAYS WITH]      [WEATHER - DAYS WITH]      9 = BLOWING SNOW
                                                   X = TORNADO
MAX 32 OR BELOW:   0    0.01 INCH OR MORE:  11
MAX 90 OR ABOVE:   0    0.10 INCH OR MORE:   7
MIN 32 OR BELOW:   0    0.50 INCH OR MORE:   6
MIN  0 OR BELOW:   0    1.00 INCH OR MORE:   2

[HDD (BASE 65) ]
TOTAL THIS MO.    95    CLEAR  (SCALE 0-3)   1
DPTR FM NORMAL   -17    PTCLDY (SCALE 4-7)   1
TOTAL FM JUL 1    97    CLOUDY (SCALE 8-10)  1
DPTR FM NORMAL   -36

[CDD (BASE 65) ]
TOTAL THIS MO.    35
DPTR FM NORMAL     5    [PRESSURE DATA]
TOTAL FM JAN 1  1601    HIGHEST SLP M ON M
DPTR FM NORMAL   121    LOWEST  SLP 29.69 ON 14

[REMARKS]
