000
CXUS55 KLOT 010700
CF6ORD
PRELIMINARY LOCAL CLIMATOLOGICAL DATA (WS FORM: F-6)

                                          STATION:   CHICAGO-OHARE
                                          MONTH:     JUNE
                                          YEAR:      2015
                                          LATITUDE:   41 58 N
                                          LONGITUDE:  87 54 W

  TEMPERATURE IN F:       :PCPN:    SNOW:  WIND      :SUNSHINE: SKY     :PK WND
================================================================================
1   2   3   4   5  6A  6B    7    8   9   10  11  12  13   14  15   16   17  18
                                     12Z  AVG MX 2MIN
DY MAX MIN AVG DEP HDD CDD  WTR  SNW DPTH SPD SPD DIR MIN PSBL S-S WX    SPD DR
================================================================================

 1  60  44  52 -12  13   0 0.00  0.0    0  9.3 17  50   M    M   6        20  40
 2  70  42  56  -8   9   0 0.00  0.0    0  5.3 15 110   M    M   3        21 120
 3  77  50  64  -1   1   0 0.00  0.0    0  7.0 15 130   M    M   6 8      21 180
 4  81  57  69   4   0   4 0.00  0.0    0  7.3 14 190   M    M   8 8      19 190
 5  70  55  63  -3   2   0 0.00  0.0    0 14.8 25  10   M    M   7 1      29  20
 6  71  52  62  -4   3   0 0.00  0.0    0  8.3 14  40   M    M   8        20  60
 7  81  55  68   2   0   3 0.36  0.0    0 12.0 21 210   M    M   9 138    29 180
 8  84  61  73   7   0   8 0.04  0.0    0 11.5 28 340   M    M   7 35     34 340
 9  85  60  73   6   0   8 0.00  0.0    0  8.7 15 230   M    M   7        20 210
10  92  68  80  13   0  15 0.00  0.0    0 11.5 23 250   M    M   5 8      31 250
11  72  58  65  -3   0   0 0.27  0.0    0  8.2 20  40   M    M  10 18     23  30
12  67  56  62  -6   3   0 0.13  0.0    0  8.2 16  30   M    M   6 13     20  20
13  86  56  71   3   0   6 0.40  0.0    0  6.8 17 130   M    M   8 138    23 150
14  83  68  76   7   0  11 0.60  0.0    0  6.9 17 260   M    M   9 1      23 230
15  80  68  74   5   0   9 2.56  0.0    0  5.5 18 350   M    M   9 13     25 340
16  72  56  64  -5   1   0 0.00  0.0    0 10.3 14  20   M    M   7 1       M  M
17  72  56  64  -6   1   0 0.14  0.0    0  4.6  9 190   M    M  10 18     11 360
18  79  58  69  -1   0   4 0.27  0.0    0 10.2 21  10   M    M   8 13     26  10
19  67  54  61  -9   4   0 0.00  0.0    0 10.2 16  40   M    M   7        24  40
20  78  53  66  -4   0   1 0.31  0.0    0  7.1 25 160   M    M   8 13     31 160
21  84  67  76   5   0  11 0.00  0.0    0  8.2 16 270   M    M   8        21 260
22  83  66  75   4   0  10 0.09  0.0    0 10.4 28 200   M    M   8 13     35 200
23  82  63  73   2   0   8 0.00  0.0    0  9.9 22 330   M    M   4        29 330
24  79  60  70  -2   0   5    T  0.0    0  4.9 15 270   M    M   8 8      18 250
25  79  61  70  -2   0   5 1.01  0.0    0  7.1 15 360   M    M  10 138    21 350
26  67  58  63  -9   2   0 0.13  0.0    0  9.4 16  40   M    M  10 18     21  40
27  76  56  66  -6   0   1 0.00  0.0    0  9.0 20  40   M    M   5        24  40
28  79  54  67  -6   0   2 0.02  0.0    0  3.7 14 180   M    M   7 1      19 180
29  75  64  70  -3   0   5 0.62  0.0    0  4.1 13  80   M    M   9 138    16  90
30  77  57  67  -6   0   2 0.17  0.0    0  8.6 17  40   M    M   5 1      23 340
================================================================================
SM 2308 1733        39 118  7.12     0.0 249.0          M      222
================================================================================
AV 76.9 57.8                               8.3 FASTST   M    M   7    MAX(MPH)
                                 MISC ---->  # 28 340               # 35  200
================================================================================
NOTES:
# LAST OF SEVERAL OCCURRENCES

COLUMN 17 PEAK WIND IN M.P.H.

PRELIMINARY LOCAL CLIMATOLOGICAL DATA (WS FORM: F-6) , PAGE 2

                                          STATION:  CHICAGO-OHARE
                                          MONTH:    JUNE
                                          YEAR:     2015
                                          LATITUDE:   41 58 N
                                          LONGITUDE:  87 54 W

[TEMPERATURE DATA]      [PRECIPITATION DATA]       SYMBOLS USED IN COLUMN 16

AVERAGE MONTHLY: 67.3   TOTAL FOR MONTH:   7.12    1 = FOG OR MIST
DPTR FM NORMAL:  -1.6   DPTR FM NORMAL:    3.67    2 = FOG REDUCING VISIBILITY
HIGHEST:    92 ON 10    GRTST 24HR  2.56 ON 15-15      TO 1/4 MILE OR LESS
LOWEST:     42 ON  2                               3 = THUNDER
                        SNOW, ICE PELLETS, HAIL    4 = ICE PELLETS
                        TOTAL MONTH:   0.0 INCH    5 = HAIL
                        GRTST 24HR     0.0         6 = FREEZING RAIN OR DRIZZLE
                        GRTST DEPTH:   0           7 = DUSTSTORM OR SANDSTORM:
                                                       VSBY 1/2 MILE OR LESS
                                                   8 = SMOKE OR HAZE
[NO. OF DAYS WITH]      [WEATHER - DAYS WITH]      9 = BLOWING SNOW
                                                   X = TORNADO
MAX 32 OR BELOW:   0    0.01 INCH OR MORE:  16
MAX 90 OR ABOVE:   1    0.10 INCH OR MORE:  13
MIN 32 OR BELOW:   0    0.50 INCH OR MORE:   4
MIN  0 OR BELOW:   0    1.00 INCH OR MORE:   2

[HDD (BASE 65) ]
TOTAL THIS MO.    39    CLEAR  (SCALE 0-3)   1
DPTR FM NORMAL    -9    PTCLDY (SCALE 4-7)  20
TOTAL FM JUL 1  6776    CLOUDY (SCALE 8-10)  9
DPTR FM NORMAL   436

[CDD (BASE 65) ]
TOTAL THIS MO.   118
DPTR FM NORMAL   -47    [PRESSURE DATA]
TOTAL FM JAN 1   171    HIGHEST SLP M ON M
DPTR FM NORMAL   -48    LOWEST  SLP 29.60 ON 20

[REMARKS]
#FINAL-06-15#
