000
CXUS51 KBOX 271046
CF6ORH
PRELIMINARY LOCAL CLIMATOLOGICAL DATA (WS FORM: F-6)

                                          STATION:   WORCESTER MA
                                          MONTH:     JUNE
                                          YEAR:      2017
                                          LATITUDE:   42 16 N
                                          LONGITUDE:  71 52 W

  TEMPERATURE IN F:       :PCPN:    SNOW:  WIND      :SUNSHINE: SKY     :PK WND
================================================================================
1   2   3   4   5  6A  6B    7    8   9   10  11  12  13   14  15   16   17  18
                                     12Z  AVG MX 2MIN
DY MAX MIN AVG DEP HDD CDD  WTR  SNW DPTH SPD SPD DIR MIN PSBL S-S WX    SPD DR
================================================================================

 1  72  53  63   2   2   0    T  0.0    M 11.2 24 280   M    M   1 3      30 280
 2  66  45  56  -5   9   0 0.00  0.0    M 11.8 22 290   M    M   2        31 280
 3  65  45  55  -7  10   0    T  0.0    M  9.4 20 310   M    M   5        29 300
 4  68  49  59  -3   6   0 0.07  0.0    M  8.7 15 290   M    M   4 1      19 270
 5  53  49  51 -11  14   0 0.49  0.0    0  9.6 17  50   M    M   9 12     25  20
 6  49  45  47 -15  18   0 1.07  0.0    0 11.4 21  50   M    M  10 1      31  80
 7  69  47  58  -5   7   0 0.02  0.0    0  8.1 16  10   M    M   5 1      22 360
 8  75  52  64   1   1   0 0.00  0.0    0  7.0 16 160   M    M   0        20 130
 9  73  51  62  -1   3   0 0.03  0.0    0  9.0 24 320   M    M   2 3      32 320
10  80  61  71   7   0   6 0.00  0.0    0 12.2 21 240   M    M   2        26 240
11  87  63  75  11   0  10 0.00  0.0    0 13.9 24 240   M    M   0        32 240
12  90  72  81  17   0  16 0.00  0.0    0 11.5 21 290   M    M   0        26 290
13  88  67  78  13   0  13 0.01  0.0    M 11.0 18 270   M    M   1        25 280
14  78  54  66   1   0   1    T  0.0    M  7.7 14 280   M    M   2        19 290
15  73  50  62  -3   3   0 0.00  0.0    M  9.4 17 190   M    M   3        23 190
16  67  57  62  -3   3   0 0.53  0.0    M  9.8 18 150   M    M   8 12     22 140
17  71  56  64  -2   1   0 0.07  0.0    M  5.9 13 220   M    M  10 12     16 210
18  78  66  72   6   0   7 0.00  0.0    M 11.3 17 220   M    M   9 12     30 190
19  82  67  75   9   0  10 0.42  0.0    M 13.8 28 210   M    M   8 13     36 220
20  79  63  71   5   0   6 0.01  0.0    M 12.6 23 220   M    M   5 1      30 210
21  78  57  68   1   0   3 0.00  0.0    M 11.3 21 250   M    M   1        30 290
22  79  58  69   2   0   4 0.00  0.0    M 10.0 16 240   M    M   2        22 260
23  85  64  75   8   0  10 0.10  0.0    M 12.3 23 180   M    M   5 1      30 220
24  80  66  73   6   0   8 0.09  0.0    M 11.6 23 290   M    M   5 18     30 290
25  78  59  69   1   0   4 0.34  0.0    M 10.1 28 300   M    M   3 1      36 310
26  74  54  64  -4   1   0 0.00  0.0    M  7.6 17 240   M    M   3        21 240
================================================================================
SM 1937 1470        78  98  3.25     0.0 268.2          M      105
================================================================================
AV 74.5 56.5                              10.3 FASTST   M    M   4    MAX(MPH)
                                 MISC ---->  # 28 210               # 36  220
================================================================================
NOTES:
# LAST OF SEVERAL OCCURRENCES

COLUMN 17 PEAK WIND IN M.P.H.

PRELIMINARY LOCAL CLIMATOLOGICAL DATA (WS FORM: F-6) , PAGE 2

                                          STATION:  WORCESTER MA
                                          MONTH:    JUNE
                                          YEAR:     2017
                                          LATITUDE:   42 16 N
                                          LONGITUDE:  71 52 W

[TEMPERATURE DATA]      [PRECIPITATION DATA]       SYMBOLS USED IN COLUMN 16

AVERAGE MONTHLY: 65.5   TOTAL FOR MONTH:   3.25    1 = FOG OR MIST
DPTR FM NORMAL:   1.0   DPTR FM NORMAL:   -0.45    2 = FOG REDUCING VISIBILITY
HIGHEST:    90 ON 12    GRTST 24HR  1.07 ON  6- 6      TO 1/4 MILE OR LESS
LOWEST:     45 ON  6, 3                            3 = THUNDER
                        SNOW, ICE PELLETS, HAIL    4 = ICE PELLETS
                        TOTAL MONTH:   0.0 INCH    5 = HAIL
                        GRTST 24HR     0.0         6 = FREEZING RAIN OR DRIZZLE
                        GRTST DEPTH:   0           7 = DUSTSTORM OR SANDSTORM:
                                                       VSBY 1/2 MILE OR LESS
                                                   8 = SMOKE OR HAZE
[NO. OF DAYS WITH]      [WEATHER - DAYS WITH]      9 = BLOWING SNOW
                                                   X = TORNADO
MAX 32 OR BELOW:   0    0.01 INCH OR MORE:  13
MAX 90 OR ABOVE:   1    0.10 INCH OR MORE:   6
MIN 32 OR BELOW:   0    0.50 INCH OR MORE:   2
MIN  0 OR BELOW:   0    1.00 INCH OR MORE:   1

[HDD (BASE 65) ]
TOTAL THIS MO.    78    CLEAR  (SCALE 0-3)  13
DPTR FM NORMAL     0    PTCLDY (SCALE 4-7)   8
TOTAL FM JUL 1  6263    CLOUDY (SCALE 8-10)  5
DPTR FM NORMAL  -449

[CDD (BASE 65) ]
TOTAL THIS MO.    98
DPTR FM NORMAL    31    [PRESSURE DATA]
TOTAL FM JAN 1   132    HIGHEST SLP M ON M
DPTR FM NORMAL    43    LOWEST  SLP 29.52 ON 24

[REMARKS]
