000
CXUS56 KMFR 291000
CF6OTH
PRELIMINARY LOCAL CLIMATOLOGICAL DATA (WS FORM: F-6)

                                          STATION:   NORTH BEND OR
                                          MONTH:     MARCH
                                          YEAR:      2015
                                          LATITUDE:   43 25 N
                                          LONGITUDE: 124 15 W

  TEMPERATURE IN F:       :PCPN:    SNOW:  WIND      :SUNSHINE: SKY     :PK WND
================================================================================
1   2   3   4   5  6A  6B    7    8   9   10  11  12  13   14  15   16   17  18
                                     12Z  AVG MX 2MIN
DY MAX MIN AVG DEP HDD CDD  WTR  SNW DPTH SPD SPD DIR MIN PSBL S-S WX    SPD DR
================================================================================

 1  55  32  44  -3  21   0 0.08    M    M  7.3 17 360   M    M   2        23 360
 2  54  43  49   2  16   0 0.16    M    M  5.8 16  10   M    M   8        21  10
 3  54  36  45  -2  20   0 0.00    M    M  6.2 16 360   M    M   4        22 350
 4  57  32  45  -2  20   0 0.00    M    M  6.6 21 360   M    M   0        27 360
 5  59  36  48   1  17   0 0.00    M    M  4.7  7 280   0    0   0         M  M
 6  55  39  47   0  18   0 0.00    M    M  5.3 10 340   M    M   M         M  M
 7  55  45  50   3  15   0 0.00    M    M  8.1 17 350   M    M   5        18 350
 8  63  37  50   3  15   0 0.00    M    M  5.5 15 350   M    M   2        20 350
 9  57  46  52   4  13   0 0.00    M    M  6.3 17 350   M    M   7        23 340
10  54  43  49   1  16   0 0.00    M    M  5.0 10 190   M    M  10        22 220
11  61  52  57   9   8   0 0.01    M    M  6.2 12 200   M    M  10        22 210
12  64  52  58  10   7   0 0.01    M    M  5.4 16 360   M    M   4        22 360
13  61  50  56   8   9   0 0.03    M    M  5.7 10 150   0    0   0         M  M
14  59  54  57   9   8   0 1.76    M    M  8.4 14 210   M    M  10        21 190
15  57  48  53   5  12   0 0.94    M    M  9.8 16 200   M    M  10        25 200
16  61  45  53   5  12   0 0.00    M    M  4.8 10 350   0    0   0         M  M
17  57  46  52   4  13   0 0.00    M    M  6.8 14 250   M    M   8        18 230
18  61  43  52   4  13   0 0.00    M    M  6.2 15 350   M    M   2        20 350
19  61  43  52   4  13   0 0.00    M    M  5.1 10 270   M    M   0         M  M
20  63  45  54   6  11   0 0.47    M    M  8.3 25 170   M    M   6        32 170
21  61  46  54   6  11   0 0.00    M    M  5.7 13 270   M    M   M         M  M
22  57  48  53   5  12   0 0.19    M    M  6.7 14 230   M    M   8        21 230
23  55  46  51   3  14   0 1.06    M    M 12.6 24 260   M    M   9        29 220
24  57  48  53   5  12   0 0.01    M    M  6.9 15 270   0    0   0         M  M
25  61  52  57   9   8   0 0.00    M    M  4.9 10 280   M    M   M         M  M
26  61  48  55   7  10   0 0.00    M    M  3.6 10 320   M    M   M         M  M
27  61  52  57   9   8   0 0.14    M    M  6.9 16 270   M    M   9        20 240
28  59  46  53   5  12   0 0.00    M    M  5.9 13 350   M    M   M         M  M
================================================================================
SM 1640 1253       364   0  4.86    M    180.7            0    114
================================================================================
AV 58.6 44.8                               6.5 FASTST    0   0   5    MAX(MPH)
                                 MISC ---->    25   M                 32    M
================================================================================
NOTES:
# LAST OF SEVERAL OCCURRENCES

COLUMN 17 PEAK WIND IN M.P.H.

PRELIMINARY LOCAL CLIMATOLOGICAL DATA (WS FORM: F-6) , PAGE 2

                                          STATION:  NORTH BEND OR
                                          MONTH:    MARCH
                                          YEAR:     2015
                                          LATITUDE:   43 25 N
                                          LONGITUDE: 124 15 W

[TEMPERATURE DATA]      [PRECIPITATION DATA]       SYMBOLS USED IN COLUMN 16

AVERAGE MONTHLY: 51.7   TOTAL FOR MONTH:   4.86    1 = FOG OR MIST
DPTR FM NORMAL:   3.9   DPTR FM NORMAL:   -2.29    2 = FOG REDUCING VISIBILITY
HIGHEST:    64 ON 12    GRTST 24HR  1.76 ON 14-14      TO 1/4 MILE OR LESS
LOWEST:     32 ON  4, 1                            3 = THUNDER
                        SNOW, ICE PELLETS, HAIL    4 = ICE PELLETS
                        TOTAL MONTH:    M          5 = HAIL
                        GRTST 24HR    M  ON   M    6 = FREEZING RAIN OR DRIZZLE
                        GRTST DEPTH:  M  ON   M    7 = DUSTSTORM OR SANDSTORM:
                                                       VSBY 1/2 MILE OR LESS
                                                   8 = SMOKE OR HAZE
[NO. OF DAYS WITH]      [WEATHER - DAYS WITH]      9 = BLOWING SNOW
                                                   X = TORNADO
MAX 32 OR BELOW:   0    0.01 INCH OR MORE:  12
MAX 90 OR ABOVE:   0    0.10 INCH OR MORE:   7
MIN 32 OR BELOW:   2    0.50 INCH OR MORE:   3
MIN  0 OR BELOW:   0    1.00 INCH OR MORE:   2

[HDD (BASE 65) ]
TOTAL THIS MO.   364    CLEAR  (SCALE 0-3)   9
DPTR FM NORMAL  -121    PTCLDY (SCALE 4-7)   8
TOTAL FM JUL 1  2468    CLOUDY (SCALE 8-10)  6
DPTR FM NORMAL -1191

[CDD (BASE 65) ]
TOTAL THIS MO.     0
DPTR FM NORMAL     0    [PRESSURE DATA]
TOTAL FM JAN 1     0    HIGHEST SLP M ON M
DPTR FM NORMAL     0    LOWEST  SLP  0.00 ON  2

[REMARKS]
