000
CXUS56 KMFR 281000
CF6OTH
PRELIMINARY LOCAL CLIMATOLOGICAL DATA (WS FORM: F-6)

                                          STATION:   NORTH BEND OR
                                          MONTH:     MAY
                                          YEAR:      2015
                                          LATITUDE:   43 25 N
                                          LONGITUDE: 124 15 W

  TEMPERATURE IN F:       :PCPN:    SNOW:  WIND      :SUNSHINE: SKY     :PK WND
================================================================================
1   2   3   4   5  6A  6B    7    8   9   10  11  12  13   14  15   16   17  18
                                     12Z  AVG MX 2MIN
DY MAX MIN AVG DEP HDD CDD  WTR  SNW DPTH SPD SPD DIR MIN PSBL S-S WX    SPD DR
================================================================================

 1  61  45  53   2  12   0 0.00    M    M 14.0 30 360   M    M   2        36 360
 2  57  46  52   1  13   0 0.00    M    M 16.7 29 360   M    M   2        37 360
 3  57  43  50  -1  15   0 0.00    M    M 10.3 23 360   M    M   5        31 360
 4  57  48  53   1  12   0 0.00    M    M  4.6  9 280   0    0   0         M  M
 5  59  45  52   0  13   0 0.00    M    M  6.8 15 330   M    M   3        20 340
 6  59  45  52   0  13   0 0.00    M    M  8.7 20  10   M    M   4        28  10
 7  57  39  48  -4  17   0 0.00    M    M 11.9 28  10   M    M   2        36  10
 8  61  45  53   1  12   0 0.00    M    M  7.6 18 350   M    M   5        22 360
 9  61  52  57   5   8   0 0.00    M    M  7.3 15 340   M    M   8        21 340
10  61  54  58   6   7   0 0.00    M    M  7.0 13 340   M    M  10        21 340
11  59  52  56   4   9   0 0.00    M    M   M  12 340   M    M   M        24 330
12  55  50  53   1  12   0 0.03    M    M  7.8 13 300   M    M   M         M  M
13  59  48  54   1  11   0 0.02    M    M  4.6 10 290   M    M   M         M  M
14  63  50  57   4   8   0 0.00    M    M  9.0 23 360   M    M   5        29 360
15  59  52  56   3   9   0 0.00    M    M  5.8 13 340   M    M   M         M  M
16  61  52  57   4   8   0 0.00    M    M  6.7 15 360   M    M   9        18 360
17  63  48  56   3   9   0 0.00    M    M  9.1 18 360   M    M   5        27 360
18  63  54  59   6   6   0 0.00    M    M  8.2 15 330   M    M   6        22 320
19  63  54  59   6   6   0 0.00    M    M  7.6 14 350   M    M   8        20 360
20  61  54  58   4   7   0 0.00    M    M 11.0 21  10   M    M  10        28 360
21  61  54  58   4   7   0 0.04    M    M  4.5 10 340   0    0   0         M  M
22  59  54  57   3   8   0 0.00    M    M  6.4  9 340   M    M   0         M  M
23  61  52  57   3   8   0 0.00    M    M  8.1 18 350   M    M   8        24 360
24  61  52  57   3   8   0 0.00    M    M 14.9 24 360   M    M   7        32 360
25  63  52  58   4   7   0 0.00    M    M 12.3 22 350   M    M   7        28 360
26  63  54  59   5   6   0 0.00    M    M 11.7 21 350   M    M   7        28 350
27  61  52  57   3   8   0 0.00    M    M  9.6 17 350   M    M   9        24 350
================================================================================
SM 1625 1346       259   0  0.09    M    232.2            0    122
================================================================================
AV 60.2 49.9                               8.9 FASTST    0   0   5    MAX(MPH)
                                 MISC ---->    30   M                 37    M
================================================================================
NOTES:
# LAST OF SEVERAL OCCURRENCES

COLUMN 17 PEAK WIND IN M.P.H.

PRELIMINARY LOCAL CLIMATOLOGICAL DATA (WS FORM: F-6) , PAGE 2

                                          STATION:  NORTH BEND OR
                                          MONTH:    MAY
                                          YEAR:     2015
                                          LATITUDE:   43 25 N
                                          LONGITUDE: 124 15 W

[TEMPERATURE DATA]      [PRECIPITATION DATA]       SYMBOLS USED IN COLUMN 16

AVERAGE MONTHLY: 55.0   TOTAL FOR MONTH:   0.09    1 = FOG OR MIST
DPTR FM NORMAL:   2.3   DPTR FM NORMAL:   -2.89    2 = FOG REDUCING VISIBILITY
HIGHEST:    63 ON 26,25 GRTST 24HR  0.04 ON 21-21      TO 1/4 MILE OR LESS
LOWEST:     39 ON  7                               3 = THUNDER
                        SNOW, ICE PELLETS, HAIL    4 = ICE PELLETS
                        TOTAL MONTH:    M          5 = HAIL
                        GRTST 24HR    M  ON   M    6 = FREEZING RAIN OR DRIZZLE
                        GRTST DEPTH:  M  ON   M    7 = DUSTSTORM OR SANDSTORM:
                                                       VSBY 1/2 MILE OR LESS
                                                   8 = SMOKE OR HAZE
[NO. OF DAYS WITH]      [WEATHER - DAYS WITH]      9 = BLOWING SNOW
                                                   X = TORNADO
MAX 32 OR BELOW:   0    0.01 INCH OR MORE:   3
MAX 90 OR ABOVE:   0    0.10 INCH OR MORE:   0
MIN 32 OR BELOW:   0    0.50 INCH OR MORE:   0
MIN  0 OR BELOW:   0    1.00 INCH OR MORE:   0

[HDD (BASE 65) ]
TOTAL THIS MO.   259    CLEAR  (SCALE 0-3)   7
DPTR FM NORMAL   -73    PTCLDY (SCALE 4-7)  11
TOTAL FM JUL 1  3216    CLOUDY (SCALE 8-10)  5
DPTR FM NORMAL -1302

[CDD (BASE 65) ]
TOTAL THIS MO.     0
DPTR FM NORMAL     0    [PRESSURE DATA]
TOTAL FM JAN 1     0    HIGHEST SLP M ON M
DPTR FM NORMAL     0    LOWEST  SLP  0.00 ON 14

[REMARKS]
