000
CXUS56 KOTX 290900
CF6OTX
PRELIMINARY LOCAL CLIMATOLOGICAL DATA (WS FORM: F-6)

                                          STATION:   SPOKANE  WA WFO
                                          MONTH:     APRIL
                                          YEAR:      2016
                                          LATITUDE:   47 40 N
                                          LONGITUDE: 117 38 W

  TEMPERATURE IN F:       :PCPN:    SNOW:  WIND      :SUNSHINE: SKY     :PK WND
================================================================================
1   2   3   4   5  6A  6B    7    8   9   10  11  12  13   14  15   16   17  18
                                     12Z  AVG MX 2MIN
DY MAX MIN AVG DEP HDD CDD  WTR  SNW DPTH SPD SPD DIR MIN PSBL S-S WX    SPD DR
================================================================================

 1  67  34  51   8  14   0 0.00  0.0    0   M   M   M   M    M   0         0   0
 2  67  37  52   9  13   0 0.00  0.0    0   M   M   M   M    M   0         0   0
 3  64  36  50   6  15   0 0.00  0.0    0   M   M   M   M    M   0         0   0
 4  54  36  45   1  20   0 0.13  0.0    0   M   M   M   M    M   0         0   0
 5  53  32  43  -1  22   0 0.00  0.0    0   M   M   M   M    M   M         M  M
 6  64  34  49   5  16   0 0.00  0.0    0   M   M   M   M    M   M         M  M
 7  72  34  53   9  12   0 0.00  0.0    0   M   M   M   M    M   M         M  M
 8  78  37  58  14   7   0 0.00  0.0    0   M   M   M   M    M   M         M  M
 9  73  41  57  12   8   0 0.00  0.0    0   M   M   M   M    M   M         M  M
10  69  31  50   5  15   0 0.00  0.0    0  5.0 10   M   M    M   M         0  M
11  67  35  51   6  14   0 0.00  0.0    0 10.0 21   M   M    M   M        25  M
12  49  45  47   2  18   0 0.01  0.0    0 10.0 20   M   M    M   M        24  M
13   M   M   M   M   M   M    T  0.0    0 16.0 22   M   M    M   M        28  M
14   M   M   M   M   M   M 0.10  0.0    0   M   M   M   M    M   M         M  M
15  55  29  42  -4  23   0    T  0.0    0  6.0 13   M   M    M   M         0  M
16  62  29  46   0  19   0 0.00  0.0    0   M   M   M   M    M   M         M  M
17  70  33  52   6  13   0 0.00  0.0    0   M   M   M   M    M   M         M  M
18  76  38  57  11   8   0 0.00  0.0    0   M   M   M   M    M   M         M  M
19  79  40  60  14   5   0 0.00  0.0    0   M   M   M   M    M   0         0   0
20  82  43  63  16   2   0 0.00  0.0    0   M   M   M   M    M   0         0   0
21  78  47  63  16   2   0 0.00  0.0    0   M   M   M   M    M   0         0   0
22  72  52  62  15   3   0 0.02  0.0    0   M   M   M   M    M   0         0   0
23  64  45  55   8  10   0 0.05  0.0    0   M   M   M   M    M   0         0   0
24  59  34  47  -1  18   0 0.00  0.0    0   M   M   M   M    M   0         0   0
25  60  30  45  -3  20   0    T  0.0    0   M   M   M   M    M   0         0   0
26  63  37  50   2  15   0 0.00  0.0    0   M   M   M   M    M   M         M  M
27  64  37  51   3  14   0    T  0.0    0   M   M   M   M    M   M 3       M  M
28  64  41  53   4  12   0 0.00  0.0    0   M   M   M   M    M   M         M  M
================================================================================
SM 1725  967       338   0  0.31     0.0  47.0          M        0
================================================================================
AV 66.3 37.2                               9.4 FASTST   M    M   0    MAX(MPH)
                                 MISC ---->    22   M                 28    M
================================================================================
NOTES:
# LAST OF SEVERAL OCCURRENCES

COLUMN 17 PEAK WIND IN M.P.H.

PRELIMINARY LOCAL CLIMATOLOGICAL DATA (WS FORM: F-6) , PAGE 2

                                          STATION:  SPOKANE  WA WFO
                                          MONTH:    APRIL
                                          YEAR:     2016
                                          LATITUDE:   47 40 N
                                          LONGITUDE: 117 38 W

[TEMPERATURE DATA]      [PRECIPITATION DATA]       SYMBOLS USED IN COLUMN 16

AVERAGE MONTHLY: 51.8   TOTAL FOR MONTH:   0.31    1 = FOG OR MIST
DPTR FM NORMAL:   6.1   DPTR FM NORMAL:   -0.86    2 = FOG REDUCING VISIBILITY
HIGHEST:    82 ON 20    GRTST 24HR  0.13 ON  4- 4      TO 1/4 MILE OR LESS
LOWEST:     29 ON 16,15                            3 = THUNDER
                        SNOW, ICE PELLETS, HAIL    4 = ICE PELLETS
                        TOTAL MONTH:   0.0 INCH    5 = HAIL
                        GRTST 24HR     0.0         6 = FREEZING RAIN OR DRIZZLE
                        GRTST DEPTH:   0           7 = DUSTSTORM OR SANDSTORM:
                                                       VSBY 1/2 MILE OR LESS
                                                   8 = SMOKE OR HAZE
[NO. OF DAYS WITH]      [WEATHER - DAYS WITH]      9 = BLOWING SNOW
                                                   X = TORNADO
MAX 32 OR BELOW:   0    0.01 INCH OR MORE:   5
MAX 90 OR ABOVE:   0    0.10 INCH OR MORE:   2
MIN 32 OR BELOW:   5    0.50 INCH OR MORE:   0
MIN  0 OR BELOW:   0    1.00 INCH OR MORE:   0

[HDD (BASE 65) ]
TOTAL THIS MO.   338    CLEAR  (SCALE 0-3)  11
DPTR FM NORMAL  -201    PTCLDY (SCALE 4-7)   0
TOTAL FM JUL 1  5726    CLOUDY (SCALE 8-10)  0
DPTR FM NORMAL  -821

[CDD (BASE 65) ]
TOTAL THIS MO.     0
DPTR FM NORMAL     0    [PRESSURE DATA]
TOTAL FM JAN 1     0    HIGHEST SLP M ON M
DPTR FM NORMAL     0    LOWEST  SLP  0.00 ON M

[REMARKS]
