000
CXUS53 KARX 010930
CF6OVS
PRELIMINARY LOCAL CLIMATOLOGICAL DATA (WS FORM: F-6)

                                          STATION:   BOSCOBEL_(ASOS) WI
                                          MONTH:     FEBRUARY
                                          YEAR:      2015
                                          LATITUDE:   43  9 N
                                          LONGITUDE:  90 41 W

  TEMPERATURE IN F:       :PCPN:    SNOW:  WIND      :SUNSHINE: SKY     :PK WND
================================================================================
1   2   3   4   5  6A  6B    7    8   9   10  11  12  13   14  15   16   17  18
                                     12Z  AVG MX 2MIN
DY MAX MIN AVG DEP HDD CDD  WTR  SNW DPTH SPD SPD DIR MIN PSBL S-S WX    SPD DR
================================================================================

 1  28  10  19  -1  46   0 0.17    M    M 10.6 20  20   M    M   9 18     29  30
 2  16 -10   3 -17  62   0 0.00  0.0    M  4.8 12 220   M    M   1 18     15 210
 3  18 -10   4 -16  61   0 0.07    M    M  1.2  7 220   M    M   6 18      9 200
 4  21  -3   9 -12  56   0 0.00  0.0    M  6.4 20 340   M    M   5        26 320
 5  15 -16   0 -21  65   0 0.00  0.0    M  6.6 18 210   M    M   2 18     24 230
 6  32   4  18  -3  47   0 0.00  0.0    M  1.9  8 190   M    M   3 18     11 200
 7  42   9  26   4  39   0 0.00  0.0    M  2.2 10 170   M    M   0 18     15 180
 8  36  25  31   9  34   0    T  0.0    M  5.1 14  20   M    M   7 18     18  10
 9  34  10  22   0  43   0 0.00  0.0    M  2.6  9 330   M    M   6 18     12  20
10  30   4  17  -5  48   0    T    M    M  5.4 13 200   M    M   5 18     20 130
11  35  13  24   1  41   0    T    M    M 10.4 21 300   M    M   7 168    29 290
12  16   0   8 -15  57   0    T    M    M  6.7 20 350   M    M   2 8      29 360
13  30  -5  13 -11  52   0    T    M    M  5.9 17 220   M    M   8 8      23 210
14  26  -7  10 -14  55   0    T    M    M 12.4 26 320   M    M   3 8      36 320
15  13 -11   1 -23  64   0 0.00  0.0    M  2.3  9 120   M    M   7 8      14  90
16  19  11  15 -10  50   0    T    M    M  5.0  9 220   M    M  10        13 220
17  20   6  13 -12  52   0    T    M    M  8.8 18 310   M    M   5 8      28 310
18   8 -10  -1 -26  66   0    M    M    M  8.8 18 330   M    M   5 8      26 330
19  11 -18  -3 -29  68   0 0.00  0.0    M  2.0 13 350   M    M   0 18     15 350
20  23 -12   6 -20  59   0    T    M    0  4.0 16 190   M    M   9 8      22 180
21  32  16  24  -2  41   0 0.00  0.0    0  4.7 16 330   M    M   9 8      21 330
22  16  -9   4 -23  61   0    T    M    0  6.5 16 310   M    M   0        25 290
23  11 -17  -3 -30  68   0 0.00  0.0    M  6.4 16 210   M    M   0        22 210
24  37  11  24  -4  41   0    T    M    M 11.1 25 290   M    M   5        34 290
25  19   7  13 -15  52   0 0.06    M    M  4.0 10  30   M    M   8 8      16  30
26  15  -9   3 -25  62   0 0.00    M    M  5.7 15 320   M    M   2 8      21 310
27  16 -16   0 -29  65   0    M    M    M  4.4 14 210   M    M   0 8      17 210
28  19 -20   0 -29  65   0 0.00  0.0    M  2.1 10 200   M    M   2 8      14 200
================================================================================
SM  638  -47      1520   0  0.30     0.0 158.0          M      126
================================================================================
AV 22.8 -1.7                               5.6 FASTST   M    M   5    MAX(MPH)
                                 MISC ---->  # 26 320               # 36  320
================================================================================
NOTES:
# LAST OF SEVERAL OCCURRENCES

COLUMN 17 PEAK WIND IN M.P.H.

PRELIMINARY LOCAL CLIMATOLOGICAL DATA (WS FORM: F-6) , PAGE 2

                                          STATION:  BOSCOBEL_(ASOS) WI
                                          MONTH:    FEBRUARY
                                          YEAR:     2015
                                          LATITUDE:   43  9 N
                                          LONGITUDE:  90 41 W

[TEMPERATURE DATA]      [PRECIPITATION DATA]       SYMBOLS USED IN COLUMN 16

AVERAGE MONTHLY: 10.6   TOTAL FOR MONTH:   0.30    1 = FOG OR MIST
DPTR FM NORMAL: -13.7   DPTR FM NORMAL:   -0.62    2 = FOG REDUCING VISIBILITY
HIGHEST:    42 ON  7    GRTST 24HR  0.29 ON 31- 1      TO 1/4 MILE OR LESS
LOWEST:    -20 ON 28                               3 = THUNDER
                        SNOW, ICE PELLETS, HAIL    4 = ICE PELLETS
                        TOTAL MONTH:   0.0 INCH    5 = HAIL
                        GRTST 24HR     0.0         6 = FREEZING RAIN OR DRIZZLE
                        GRTST DEPTH:   0           7 = DUSTSTORM OR SANDSTORM:
                                                       VSBY 1/2 MILE OR LESS
                                                   8 = SMOKE OR HAZE
[NO. OF DAYS WITH]      [WEATHER - DAYS WITH]      9 = BLOWING SNOW
                                                   X = TORNADO
MAX 32 OR BELOW:  23    0.01 INCH OR MORE:   3
MAX 90 OR ABOVE:   0    0.10 INCH OR MORE:   1
MIN 32 OR BELOW:  28    0.50 INCH OR MORE:   0
MIN  0 OR BELOW:  16    1.00 INCH OR MORE:   0

[HDD (BASE 65) ]
TOTAL THIS MO.  1520    CLEAR  (SCALE 0-3)  10
DPTR FM NORMAL   379    PTCLDY (SCALE 4-7)  13
TOTAL FM JUL 1  5646    CLOUDY (SCALE 8-10)  5
DPTR FM NORMAL   272

[CDD (BASE 65) ]
TOTAL THIS MO.     0
DPTR FM NORMAL     0    [PRESSURE DATA]
TOTAL FM JAN 1     0    HIGHEST SLP 30.84 ON 23
DPTR FM NORMAL     0    LOWEST  SLP 29.60 ON  7

[REMARKS]
#FINAL-02-15#
