000
CXUS55 KLOX 201155
CF6OXR
PRELIMINARY LOCAL CLIMATOLOGICAL DATA (WS FORM: F-6)

                                          STATION:   OXNARD AIRPORT CA
                                          MONTH:     SEPTEMBER
                                          YEAR:      2017
                                          LATITUDE:   34 12 N
                                          LONGITUDE: 119 12 W

  TEMPERATURE IN F:       :PCPN:    SNOW:  WIND      :SUNSHINE: SKY     :PK WND
================================================================================
1   2   3   4   5  6A  6B    7    8   9   10  11  12  13   14  15   16   17  18
                                     12Z  AVG MX 2MIN
DY MAX MIN AVG DEP HDD CDD  WTR  SNW DPTH SPD SPD DIR MIN PSBL S-S WX    SPD DR
================================================================================

 1  88  64  76  10   0  11    T  0.0    0  5.1 16 270   M    M   0 1      19 270
 2  85  68  77  11   0  12 0.00  0.0    0  4.4 15 200   M    M   0        21 180
 3  95  72  84  18   0  19    T  0.0    0  4.8 14 220   M    M   1        20 190
 4  76  71  74   8   0   9 0.01  0.0    0  5.4 14 200   M    M  10        18 200
 5  78  66  72   6   0   7 0.00  0.0    0  8.6 23 280   M    M   5        28 270
 6  73  63  68   2   0   3 0.00  0.0    0  9.5 23 280   M    M   5 1      29 280
 7  75  61  68   2   0   3 0.00  0.0    0  7.1 21 270   M    M   1 18     25 260
 8  73  60  67   1   0   2 0.00  0.0    0  5.1 16 260   M    M   3 1      19 270
 9  73  61  67   1   0   2 0.00  0.0    0  7.6 17 270   M    M   4 1      26 270
10  77  61  69   3   0   4    T  0.0    0  8.2 20 270   M    M   5 13     22 270
11  80  66  73   8   0   8    T  0.0    0  5.5 14 230   M    M   1 3      18 210
12  74  63  69   4   0   4 0.00  0.0    0 10.8 20 270   M    M   5 1      26 240
13  72  63  68   3   0   3 0.00  0.0    0  7.1 18 280   M    M   4        23 280
14  73  63  68   3   0   3    T  0.0    0  8.4 17 260   M    M   8        24 280
15  72  62  67   2   0   2 0.00  0.0    0  5.6 16 260   M    M   3        19 260
16  73  57  65   0   0   0 0.00  0.0    0  6.4 20 270   M    M   0        22 270
17  71  58  65   0   0   0 0.00  0.0    0  5.6 14 280   M    M   5        18 270
18  69  58  64  -1   1   0 0.00  0.0    0  5.3 14 270   M    M   5 1      17 230
19  72  61  67   2   0   2 0.00  0.0    0  5.0 16 270   M    M   6 1      21 210
================================================================================
SM 1449 1198         1  94  0.01     0.0 125.5          M       71
================================================================================
AV 76.3 63.1                               6.6 FASTST   M    M   4    MAX(MPH)
                                 MISC ---->  # 23 280               # 29  280
================================================================================
NOTES:
# LAST OF SEVERAL OCCURRENCES

COLUMN 17 PEAK WIND IN M.P.H.

PRELIMINARY LOCAL CLIMATOLOGICAL DATA (WS FORM: F-6) , PAGE 2

                                          STATION:  OXNARD AIRPORT CA
                                          MONTH:    SEPTEMBER
                                          YEAR:     2017
                                          LATITUDE:   34 12 N
                                          LONGITUDE: 119 12 W

[TEMPERATURE DATA]      [PRECIPITATION DATA]       SYMBOLS USED IN COLUMN 16

AVERAGE MONTHLY: 69.7   TOTAL FOR MONTH:   0.01    1 = FOG OR MIST
DPTR FM NORMAL:   4.1   DPTR FM NORMAL:   -0.07    2 = FOG REDUCING VISIBILITY
HIGHEST:    95 ON  3    GRTST 24HR  0.01 ON  4- 4      TO 1/4 MILE OR LESS
LOWEST:     57 ON 16                               3 = THUNDER
                        SNOW, ICE PELLETS, HAIL    4 = ICE PELLETS
                        TOTAL MONTH:   0.0 INCH    5 = HAIL
                        GRTST 24HR     0.0         6 = FREEZING RAIN OR DRIZZLE
                        GRTST DEPTH:   0           7 = DUSTSTORM OR SANDSTORM:
                                                       VSBY 1/2 MILE OR LESS
                                                   8 = SMOKE OR HAZE
[NO. OF DAYS WITH]      [WEATHER - DAYS WITH]      9 = BLOWING SNOW
                                                   X = TORNADO
MAX 32 OR BELOW:   0    0.01 INCH OR MORE:   1
MAX 90 OR ABOVE:   1    0.10 INCH OR MORE:   0
MIN 32 OR BELOW:   0    0.50 INCH OR MORE:   0
MIN  0 OR BELOW:   0    1.00 INCH OR MORE:   0

[HDD (BASE 65) ]
TOTAL THIS MO.     1    CLEAR  (SCALE 0-3)   8
DPTR FM NORMAL   -18    PTCLDY (SCALE 4-7)  10
TOTAL FM JUL 1     7    CLOUDY (SCALE 8-10)  1
DPTR FM NORMAL   -54

[CDD (BASE 65) ]
TOTAL THIS MO.    94
DPTR FM NORMAL    66    [PRESSURE DATA]
TOTAL FM JAN 1   301    HIGHEST SLP M ON M
DPTR FM NORMAL   157    LOWEST  SLP 29.67 ON  1

[REMARKS]
