000
CXUS51 KBTV 300700
CF6PBG
PRELIMINARY LOCAL CLIMATOLOGICAL DATA (WS FORM: F-6)

                                          STATION:   PLATTSBURGH NY
                                          MONTH:     AUGUST
                                          YEAR:      2014
                                          LATITUDE:   44 39 N
                                          LONGITUDE:  73 28 W

  TEMPERATURE IN F:       :PCPN:    SNOW:  WIND      :SUNSHINE: SKY     :PK WND
================================================================================
1   2   3   4   5  6A  6B    7    8   9   10  11  12  13   14  15   16   17  18
                                     12Z  AVG MX 2MIN
DY MAX MIN AVG DEP HDD CDD  WTR  SNW DPTH SPD SPD DIR MIN PSBL S-S WX    SPD DR
================================================================================

 1  81  50  66  -3   0   1    T  0.0    0  3.8 14 160   M    M   1 1      19 130
 2  79  58  69   0   0   4    T  0.0    0  4.2 15 140   M    M   1 13     19 140
 3  80  57  69   0   0   4    T  0.0    0  2.6 10 130   M    M   2 1      13 120
 4  79  62  71   2   0   6 0.66  0.0    0  3.2 12 140   M    M   5 13     14 150
 5  78  59  69   0   0   4 0.04  0.0    0  4.1 15  30   M    M   4 13     27 140
 6  77  56  67  -2   0   2 0.02  0.0    0  5.6 16 350   M    M   2        21 350
 7  75  55  65  -4   0   0    T  0.0    0  4.5 21 340   M    M   5 3      25 340
 8  80  53  67  -2   0   2 0.00  0.0    0  4.5 16 350   M    M   2        20 350
 9  80  56  68  -1   0   3 0.00  0.0    0  3.6 10  60   M    M   1        14  70
10  80  53  67  -1   0   2 0.00  0.0    0  2.4  8 130   M    M   0         M  M
11  83  55  69   1   0   4 0.00  0.0    0  3.5 12 130   M    M   0 1      14 130
12  80  56  68   0   0   3 0.03  0.0    0  8.9 23 170   M    M   3 1      30 170
13  72  61  67  -1   0   2 2.03  0.0    0  7.5 20 170   M    M  10 1      27 150
14  65  54  60  -8   5   0 0.01  0.0    0  4.2 14 280   M    M   9 1      22 230
15  68  54  61  -7   4   0 0.03  0.0    0  2.1  9 240   M    M  10         M  M
16  65  57  61  -7   4   0 0.10  0.0    0  4.6  9 170   M    M   8 1       M  M
17  73  59  66  -2   0   1 0.00  0.0    0  5.8 15 320   M    M   8        26 350
18  72  50  61  -7   4   0 0.00  0.0    0  7.5 15 340   M    M   4        20 310
19  72  47  60  -7   5   0 0.00  0.0    0  2.2  8  90   M    M   1        11 150
20  79  49  64  -3   1   0 0.00  0.0    0  3.9 14 150   M    M   1        19 140
21  72  62  67   0   0   2 0.14  0.0    0  7.8 17 160   M    M   8 1      21 140
22  67  61  64  -3   1   0 0.11  0.0    0  5.4 15 170   M    M  10 1      19 160
23  77  57  67   0   0   2    T  0.0    0  1.2  9  40   M    M   4 1      12  50
24  80  53  67   1   0   2 0.00  0.0    0  1.4  9  70   M    M   0        14 140
25  82  53  68   2   0   3 0.00  0.0    0  3.2 10 140   M    M   0        13 130
26  83  55  69   3   0   4 0.00  0.0    0  5.2 16 150   M    M   0 1      22 150
27  83  64  74   8   0   9 0.00  0.0    0  5.5 20 360   M    M   3         M  M
28  73  58  66   0   0   1 0.00  0.0    0  8.5 23 350   M    M   8        28 350
29  70  50  60  -5   5   0 0.00  0.0    0  2.1 10  60   M    M   3 1      13 100
================================================================================
SM 2205 1614        29  61  3.17     0.0 129.0          M      113
================================================================================
AV 76.0 55.7                               4.4 FASTST   M    M   4    MAX(MPH)
                                 MISC ---->  # 23 170               # 30  170
================================================================================
NOTES:
# LAST OF SEVERAL OCCURRENCES

COLUMN 17 PEAK WIND IN M.P.H.

PRELIMINARY LOCAL CLIMATOLOGICAL DATA (WS FORM: F-6) , PAGE 2

                                          STATION:  PLATTSBURGH NY
                                          MONTH:    AUGUST
                                          YEAR:     2014
                                          LATITUDE:   44 39 N
                                          LONGITUDE:  73 28 W

[TEMPERATURE DATA]      [PRECIPITATION DATA]       SYMBOLS USED IN COLUMN 16

AVERAGE MONTHLY: 65.8   TOTAL FOR MONTH:   3.17    1 = FOG OR MIST
DPTR FM NORMAL:  -1.8   DPTR FM NORMAL:       M    2 = FOG REDUCING VISIBILITY
HIGHEST:    83 ON 27,26 GRTST 24HR  2.04 ON 12-13      TO 1/4 MILE OR LESS
LOWEST:     47 ON 19                               3 = THUNDER
                        SNOW, ICE PELLETS, HAIL    4 = ICE PELLETS
                        TOTAL MONTH:   0.0 INCH    5 = HAIL
                        GRTST 24HR     0.0         6 = FREEZING RAIN OR DRIZZLE
                        GRTST DEPTH:   0           7 = DUSTSTORM OR SANDSTORM:
                                                       VSBY 1/2 MILE OR LESS
                                                   8 = SMOKE OR HAZE
[NO. OF DAYS WITH]      [WEATHER - DAYS WITH]      9 = BLOWING SNOW
                                                   X = TORNADO
MAX 32 OR BELOW:   0    0.01 INCH OR MORE:  10
MAX 90 OR ABOVE:   0    0.10 INCH OR MORE:   5
MIN 32 OR BELOW:   0    0.50 INCH OR MORE:   2
MIN  0 OR BELOW:   0    1.00 INCH OR MORE:   1

[HDD (BASE 65) ]
TOTAL THIS MO.    29    CLEAR  (SCALE 0-3)  15
DPTR FM NORMAL     6    PTCLDY (SCALE 4-7)   8
TOTAL FM JUL 1    44    CLOUDY (SCALE 8-10)  6
DPTR FM NORMAL    10

[CDD (BASE 65) ]
TOTAL THIS MO.    61
DPTR FM NORMAL   -43    [PRESSURE DATA]
TOTAL FM JAN 1   254    HIGHEST SLP M ON M
DPTR FM NORMAL   -63    LOWEST  SLP 29.70 ON 13

[REMARKS]
