000
CXUS53 KARX 260930
CF6PDC
PRELIMINARY LOCAL CLIMATOLOGICAL DATA (WS FORM: F-6)

                                          STATION:   PRAIRIE_DU_CHIEN_MUN
                                          MONTH:     NOVEMBER
                                          YEAR:      2014
                                          LATITUDE:   43  1 N
                                          LONGITUDE:  91  7 W

  TEMPERATURE IN F:       :PCPN:    SNOW:  WIND      :SUNSHINE: SKY     :PK WND
================================================================================
1   2   3   4   5  6A  6B    7    8   9   10  11  12  13   14  15   16   17  18
                                     12Z  AVG MX 2MIN
DY MAX MIN AVG DEP HDD CDD  WTR  SNW DPTH SPD SPD DIR MIN PSBL S-S WX    SPD DR
================================================================================

 1  44  20  32   M  33   0 0.00  0.0    0  2.7  7 100   M    M   0         M  M
 2  54  31  43   M  22   0 0.00  0.0    0  8.3 16 160   M    M   4        24 160
 3  62  43  53   M  12   0 0.06  0.0    0  6.2 12 190   M    M   4        20 190
 4  60  37  49   M  16   0 0.00  0.0    0 11.5 16 300   M    M   4        24 300
 5  52  31  42   M  23   0 0.00  0.0    0  2.5  7 100   M    M   6         M  M
 6  47  27  37   M  28   0 0.00  0.0    0  9.9 22 320   M    M   8        31 320
 7  44  25  35   M  30   0 0.00  0.0    0  3.9 12 130   M    M   4        18 130
 8  47  37  42   M  23   0 0.00  0.0    0 11.3 22 310   M    M   7        29 310
 9  51  37  44   M  21   0 0.00  0.0    0  3.1  9 270   M    M   7         M  M
10  58  36  47   M  18   0 0.00  0.0    0  8.9 15 100   M    M   6        21 100
11  36  27  32   M  33   0    M    M    M 13.5 20 300   M    M  10        27 330
12  29  19  24   M  41   0    M    M    M 10.7 15 290   M    M   8        22 290
13  30  21  26   M  39   0    T    T    0  9.4 16 280   M    M  10        21 280
14  27  13  20   M  45   0 0.00  0.0    0  5.7 10 290   M    M   2         M  M
15  23  10  17   M  48   0    M    M    0  0.1  4 110   M    M   7         M  M
16  27  10  19   M  46   0 0.00  0.0    M  4.6 10 270   M    M   6 1      16 260
17  15   9  12   M  53   0    M    M    M 10.7 20 270   M    M   5        31 270
18  19   7  13   M  52   0    M    M    M  9.1 16 280   M    M   7 8      24 260
19  26  17  22   M  43   0    M    M    M 11.3 21 270   M    M   8        29 270
20  23   4  14   M  51   0 0.00  0.0    M  8.0 14 280   M    M   0        23 280
21  34   2  18   M  47   0    T    M    M  3.6  8 140   M    M   3        16 110
22  53  33  43   M  22   0    M    M    M  2.7 10 170   M    M  10 1       M  M
23  54  41  48   M  17   0 0.33    M    M  4.8 14 300   M    M  10 1       M  M
24  40  19  30   M  35   0    M    M    M 15.8 23 280   M    M  10 8      30 280
25  25  12  19   M  46   0 0.00  0.0    M  5.9 13 280   M    M   4        16 280
================================================================================
SM  980  568       844   0  0.39    T    184.2          M      150
================================================================================
AV 39.2 22.7                               7.4 FASTST   M    M   6    MAX(MPH)
                                 MISC ---->  # 23 280                 31    M
================================================================================
NOTES:
# LAST OF SEVERAL OCCURRENCES

COLUMN 17 PEAK WIND IN M.P.H.

PRELIMINARY LOCAL CLIMATOLOGICAL DATA (WS FORM: F-6) , PAGE 2

                                          STATION:  PRAIRIE_DU_CHIEN_MUN
                                          MONTH:    NOVEMBER
                                          YEAR:     2014
                                          LATITUDE:   43  1 N
                                          LONGITUDE:  91  7 W

[TEMPERATURE DATA]      [PRECIPITATION DATA]       SYMBOLS USED IN COLUMN 16

AVERAGE MONTHLY: 31.0   TOTAL FOR MONTH:   0.39    1 = FOG OR MIST
DPTR FM NORMAL:     M   DPTR FM NORMAL:       M    2 = FOG REDUCING VISIBILITY
HIGHEST:    62 ON  3    GRTST 24HR  0.33 ON 23-23      TO 1/4 MILE OR LESS
LOWEST:      2 ON 21                               3 = THUNDER
                        SNOW, ICE PELLETS, HAIL    4 = ICE PELLETS
                        TOTAL MONTH:    T          5 = HAIL
                        GRTST 24HR    T  ON 13-13  6 = FREEZING RAIN OR DRIZZLE
                        GRTST DEPTH:   0           7 = DUSTSTORM OR SANDSTORM:
                                                       VSBY 1/2 MILE OR LESS
                                                   8 = SMOKE OR HAZE
[NO. OF DAYS WITH]      [WEATHER - DAYS WITH]      9 = BLOWING SNOW
                                                   X = TORNADO
MAX 32 OR BELOW:  10    0.01 INCH OR MORE:   2
MAX 90 OR ABOVE:   0    0.10 INCH OR MORE:   1
MIN 32 OR BELOW:  18    0.50 INCH OR MORE:   0
MIN  0 OR BELOW:   0    1.00 INCH OR MORE:   0

[HDD (BASE 65) ]
TOTAL THIS MO.   844    CLEAR  (SCALE 0-3)   4
DPTR FM NORMAL     M    PTCLDY (SCALE 4-7)  15
TOTAL FM JUL 1  1473    CLOUDY (SCALE 8-10)  6
DPTR FM NORMAL     M

[CDD (BASE 65) ]
TOTAL THIS MO.     0
DPTR FM NORMAL     M    [PRESSURE DATA]
TOTAL FM JAN 1   657    HIGHEST SLP M ON M
DPTR FM NORMAL     M    LOWEST  SLP M ON M

[REMARKS]
