000
CXUS56 KPDT 230532
CF6PDT
PRELIMINARY LOCAL CLIMATOLOGICAL DATA (WS FORM: F-6)

                                          STATION:   PENDLETON OR
                                          MONTH:     JANUARY
                                          YEAR:      2018
                                          LATITUDE:   45 40 N
                                          LONGITUDE: 118 51 W

  TEMPERATURE IN F:       :PCPN:    SNOW:  WIND      :SUNSHINE: SKY     :PK WND
================================================================================
1   2   3   4   5  6A  6B    7    8   9   10  11  12  13   14  15   16   17  18
                                     12Z  AVG MX 2MIN
DY MAX MIN AVG DEP HDD CDD  WTR  SNW DPTH SPD SPD DIR MIN PSBL S-S WX    SPD DR
================================================================================

 1  29  27  28  -5  37   0 0.00  0.0    0  2.6  7  40   M    M  10         8  90
 2  29  26  28  -5  37   0 0.00  0.0    0  3.8 10  20   M    M  10 1      12  10
 3  29  26  28  -5  37   0    T    T    T  3.0  9  20   M    M  10 14     11  10
 4  30  27  29  -5  36   0    T  0.0    0  1.7  7 300   M    M  10         9  70
 5  34  28  31  -3  34   0 0.13  0.0    0  4.8 16 290   M    M   9 126    18 290
 6  48  30  39   5  26   0 0.00  0.0    0  5.4 18 280   M    M   6 12     22 280
 7  47  33  40   6  25   0    T  0.0    0  4.5  9 330   M    M   8 1      11 140
 8  36  30  33  -1  32   0 0.04  0.0    0  3.4 12 300   M    M   9 12     12 300
 9  44  32  38   4  27   0 0.15  0.0    0  9.0 25 260   M    M  10 12     30 250
10  45  35  40   5  25   0 0.01  0.0    0  9.5 24 240   M    M   7        30 260
11  51  42  47  12  18   0 0.20  0.0    0  8.2 20 180   M    M   8        27 180
12  56  42  49  14  16   0    T  0.0    0  8.9 22 250   M    M   7        27 250
13  59  31  45  10  20   0 0.00  0.0    0  4.7 10  50   M    M   4 1      12  20
14  37  34  36   1  29   0 0.00  0.0    0  3.3  9 170   M    M  10 12     11  20
15  39  36  38   3  27   0 0.00  0.0    0  2.3  8 280   M    M  10 12      9 280
16  52  35  44   8  21   0 0.26  0.0    0  6.5 18 120   M    M   5 12     20 120
17  60  35  48  12  17   0 0.00  0.0    0 10.2 28 170   M    M   4 12     34 180
18  50  37  44   8  21   0 0.27  0.0    0  9.1 21 290   M    M  10 12     25 280
19  48  31  40   4  25   0 0.00  0.0    0  5.9 14 250   M    M   4        19 240
20  48  33  41   5  24   0    T  0.0    0  8.6 20 260   M    M   6        23 260
21  49  33  41   5  24   0 0.09  0.0    0  9.5 23 170   M    M   5        30 180
================================================================================
SM  920  683       558   0  1.15    T    124.9          M      162
================================================================================
AV 43.8 32.5                               5.9 FASTST   M    M   8    MAX(MPH)
                                 MISC ---->  # 28 170               # 34  180
================================================================================
NOTES:
# LAST OF SEVERAL OCCURRENCES

COLUMN 17 PEAK WIND IN M.P.H.

PRELIMINARY LOCAL CLIMATOLOGICAL DATA (WS FORM: F-6) , PAGE 2

                                          STATION:  PENDLETON OR
                                          MONTH:    JANUARY
                                          YEAR:     2018
                                          LATITUDE:   45 40 N
                                          LONGITUDE: 118 51 W

[TEMPERATURE DATA]      [PRECIPITATION DATA]       SYMBOLS USED IN COLUMN 16

AVERAGE MONTHLY: 38.2   TOTAL FOR MONTH:   1.15    1 = FOG OR MIST
DPTR FM NORMAL:   3.5   DPTR FM NORMAL:    0.14    2 = FOG REDUCING VISIBILITY
HIGHEST:    60 ON 17    GRTST 24HR  0.27 ON 18-18      TO 1/4 MILE OR LESS
LOWEST:     26 ON  3, 2                            3 = THUNDER
                        SNOW, ICE PELLETS, HAIL    4 = ICE PELLETS
                        TOTAL MONTH:    T          5 = HAIL
                        GRTST 24HR    T  ON  3- 3  6 = FREEZING RAIN OR DRIZZLE
                        GRTST DEPTH:   T           7 = DUSTSTORM OR SANDSTORM:
                                                       VSBY 1/2 MILE OR LESS
                                                   8 = SMOKE OR HAZE
[NO. OF DAYS WITH]      [WEATHER - DAYS WITH]      9 = BLOWING SNOW
                                                   X = TORNADO
MAX 32 OR BELOW:   4    0.01 INCH OR MORE:   8
MAX 90 OR ABOVE:   0    0.10 INCH OR MORE:   5
MIN 32 OR BELOW:  10    0.50 INCH OR MORE:   0
MIN  0 OR BELOW:   0    1.00 INCH OR MORE:   0

[HDD (BASE 65) ]
TOTAL THIS MO.   558    CLEAR  (SCALE 0-3)   0
DPTR FM NORMAL   -79    PTCLDY (SCALE 4-7)  11
TOTAL FM JUL 1  2815    CLOUDY (SCALE 8-10) 10
DPTR FM NORMAL   -59

[CDD (BASE 65) ]
TOTAL THIS MO.     0
DPTR FM NORMAL     0    [PRESSURE DATA]
TOTAL FM JAN 1     0    HIGHEST SLP 30.68 ON  1
DPTR FM NORMAL     0    LOWEST  SLP 29.59 ON  9

[REMARKS]
