000
CXUS56 KPDT 231032
CF6PDT
PRELIMINARY LOCAL CLIMATOLOGICAL DATA (WS FORM: F-6)

                                          STATION:   PENDLETON OR
                                          MONTH:     FEBRUARY
                                          YEAR:      2017
                                          LATITUDE:   45 40 N
                                          LONGITUDE: 118 51 W

  TEMPERATURE IN F:       :PCPN:    SNOW:  WIND      :SUNSHINE: SKY     :PK WND
================================================================================
1   2   3   4   5  6A  6B    7    8   9   10  11  12  13   14  15   16   17  18
                                     12Z  AVG MX 2MIN
DY MAX MIN AVG DEP HDD CDD  WTR  SNW DPTH SPD SPD DIR MIN PSBL S-S WX    SPD DR
================================================================================

 1  21  11  16 -21  49   0    T    T    4  3.1  9 290   M    M   9 128    11 280
 2  21  18  20 -17  45   0 0.01    T    3  2.3  7 280   M    M  10 1       8 280
 3  24  16  20 -17  45   0 0.06    T    3  3.5 16 130   M    M   9 16     18 130
 4  41  20  31  -6  34   0 0.03    T    2  4.7 15 300   M    M   9 168    20 300
 5  52  31  42   5  23   0    T  0.0    T  9.0 23 210   M    M   9 18     32 200
 6  54  31  43   6  22   0    T  0.0    0 10.6 31 200   M    M   7 1268   41 210
 7  34  22  28 -10  37   0 0.15  3.0    3  8.1 26  10   M    M   8 12     32 360
 8  30  24  27 -11  38   0 0.04  0.0    2  4.6 14  10   M    M  10 16     17  10
 9  49  25  37  -1  28   0 0.05  0.0    0  7.4 22 310   M    M   9 126    26 310
10  49  34  42   4  23   0    T  0.0    0  7.2 18 250   M    M   6        22 240
11  45  29  37  -1  28   0 0.00  0.0    0  9.5 21 300   M    M   1        23 250
12  43  26  35  -3  30   0 0.00  0.0    0  5.4 15 310   M    M   0 1      16 300
13  36  23  30  -8  35   0 0.00  0.0    0  3.5  8  40   M    M   4 12      9  30
14  41  25  33  -5  32   0 0.00  0.0    0  3.9 15 290   M    M   8 12     16 290
15  56  25  41   3  24   0 0.37  0.0    0  9.1 24 160   M    M  10 126    30 160
16  57  37  47   9  18   0 0.25  0.0    0  9.7 31 290   M    M   9 12     38 200
17  56  34  45   6  20   0 0.01  0.0    0  9.2 23  20   M    M   3 1      27  20
18  40  33  37  -2  28   0 0.22  0.0    0  3.0  8 180   M    M   8 12      8 150
19  51  33  42   3  23   0 0.03  0.0    0  6.9 26 240   M    M   7 12     31 260
20  63  40  52  13  13   0 0.19  0.0    0 11.5 46 240   M    M   7 1      59 240
21  42  34  38  -1  27   0 0.47    T    0  7.1 15 310   M    M  10 1      18 260
22  42  31  37  -3  28   0    T    M    0  6.3 14 270   M    M   7        19 280
================================================================================
SM  947  602       650   0  1.88     3.0 145.6          M      160
================================================================================
AV 43.1 27.4                               6.6 FASTST   M    M   7    MAX(MPH)
                                 MISC ---->  # 46 240               # 59  240
================================================================================
NOTES:
# LAST OF SEVERAL OCCURRENCES

COLUMN 17 PEAK WIND IN M.P.H.

PRELIMINARY LOCAL CLIMATOLOGICAL DATA (WS FORM: F-6) , PAGE 2

                                          STATION:  PENDLETON OR
                                          MONTH:    FEBRUARY
                                          YEAR:     2017
                                          LATITUDE:   45 40 N
                                          LONGITUDE: 118 51 W

[TEMPERATURE DATA]      [PRECIPITATION DATA]       SYMBOLS USED IN COLUMN 16

AVERAGE MONTHLY: 35.2   TOTAL FOR MONTH:   1.88    1 = FOG OR MIST
DPTR FM NORMAL:  -2.8   DPTR FM NORMAL:    1.02    2 = FOG REDUCING VISIBILITY
HIGHEST:    63 ON 20    GRTST 24HR  0.47 ON 21-21      TO 1/4 MILE OR LESS
LOWEST:     11 ON  1                               3 = THUNDER
                        SNOW, ICE PELLETS, HAIL    4 = ICE PELLETS
                        TOTAL MONTH:   3.0 INCHES  5 = HAIL
                        GRTST 24HR   3.0 ON  7- 7  6 = FREEZING RAIN OR DRIZZLE
                        GRTST DEPTH:   4 ON  1     7 = DUSTSTORM OR SANDSTORM:
                                                       VSBY 1/2 MILE OR LESS
                                                   8 = SMOKE OR HAZE
[NO. OF DAYS WITH]      [WEATHER - DAYS WITH]      9 = BLOWING SNOW
                                                   X = TORNADO
MAX 32 OR BELOW:   4    0.01 INCH OR MORE:  13
MAX 90 OR ABOVE:   0    0.10 INCH OR MORE:   6
MIN 32 OR BELOW:  15    0.50 INCH OR MORE:   0
MIN  0 OR BELOW:   0    1.00 INCH OR MORE:   0

[HDD (BASE 65) ]
TOTAL THIS MO.   650    CLEAR  (SCALE 0-3)   2
DPTR FM NORMAL    56    PTCLDY (SCALE 4-7)   9
TOTAL FM JUL 1  4123    CLOUDY (SCALE 8-10) 11
DPTR FM NORMAL   371

[CDD (BASE 65) ]
TOTAL THIS MO.     0
DPTR FM NORMAL     0    [PRESSURE DATA]
TOTAL FM JAN 1     0    HIGHEST SLP M ON M
DPTR FM NORMAL     0    LOWEST  SLP 29.22 ON  6

[REMARKS]
