380
CXUS56 KPQR 191200
CF6PDX
PRELIMINARY LOCAL CLIMATOLOGICAL DATA (WS FORM: F-6)

                                          STATION:   PORTLAND OR
                                          MONTH:     AUGUST
                                          YEAR:      2017
                                          LATITUDE:   45 35 N
                                          LONGITUDE: 122 36 W

  TEMPERATURE IN F:       :PCPN:    SNOW:  WIND      :SUNSHINE: SKY     :PK WND
================================================================================
1   2   3   4   5  6A  6B    7    8   9   10  11  12  13   14  15   16   17  18
                                     12Z  AVG MX 2MIN
DY MAX MIN AVG DEP HDD CDD  WTR  SNW DPTH SPD SPD DIR MIN PSBL S-S WX    SPD DR
================================================================================

 1  97  62  80   9   0  15 0.00  0.0    0  6.2 20 320   M    M   0        24 310
 2 103  65  84  13   0  19 0.00  0.0    0  6.0 15 330   M    M   0 8      19 320
 3 105  66  86  15   0  21 0.00  0.0    0  3.9 12 270   M    M   2 8      14 320
 4  96  64  80  10   0  15 0.00  0.0    0  4.5 16 310   M    M   2 8      18 320
 5  89  59  74   4   0   9 0.00  0.0    0  4.8 12 320   M    M   2        14 320
 6  88  61  75   5   0  10 0.00  0.0    0  5.7 13 310   M    M   7        16 310
 7  89  62  76   6   0  11 0.00  0.0    0  6.2 13 320   M    M   6 8      16 290
 8  92  61  77   7   0  12 0.00  0.0    0  4.9 13 280   M    M   2 18     15 300
 9  94  63  79   9   0  14 0.00  0.0    0  5.6 13 310   M    M   1 8      15 330
10  90  62  76   6   0  11 0.00  0.0    0  5.4 12 290   M    M   1 8      14 270
11  85  62  74   4   0   9 0.00  0.0    0  4.8 12 320   M    M   3        15 320
12  80  60  70   0   0   5    T  0.0    0  5.0 13 320   M    M   8        16 270
13  75  58  67  -3   0   2 0.06  0.0    0  7.8 20 310   M    M   8 1      24 320
14  75  52  64  -6   1   0 0.00  0.0    0  5.1 13 300   M    M   5        15 300
15  83  55  69  -1   0   4 0.00  0.0    0  5.9 16 310   M    M   2        21 300
16  84  58  71   1   0   6 0.00  0.0    0  6.9 14 320   M    M   1        20 350
17  80  62  71   1   0   6 0.00  0.0    0  6.8 13 320   M    M   5        16 320
18  81  57  69  -1   0   4 0.00  0.0    0  6.9 17 320   M    M   2        23 320
================================================================================
SM 1586 1089         1 173  0.06     0.0 102.4          M       57
================================================================================
AV 88.1 60.5                               5.7 FASTST   M    M   3    MAX(MPH)
                                 MISC ---->  # 20 320               # 24  310
================================================================================
NOTES:
# LAST OF SEVERAL OCCURRENCES

COLUMN 17 PEAK WIND IN M.P.H.

PRELIMINARY LOCAL CLIMATOLOGICAL DATA (WS FORM: F-6) , PAGE 2

                                          STATION:  PORTLAND OR
                                          MONTH:    AUGUST
                                          YEAR:     2017
                                          LATITUDE:   45 35 N
                                          LONGITUDE: 122 36 W

[TEMPERATURE DATA]      [PRECIPITATION DATA]       SYMBOLS USED IN COLUMN 16

AVERAGE MONTHLY: 74.3   TOTAL FOR MONTH:   0.06    1 = FOG OR MIST
DPTR FM NORMAL:   4.1   DPTR FM NORMAL:   -0.25    2 = FOG REDUCING VISIBILITY
HIGHEST:   105 ON  3    GRTST 24HR  0.06 ON 13-13      TO 1/4 MILE OR LESS
LOWEST:     52 ON 14                               3 = THUNDER
                        SNOW, ICE PELLETS, HAIL    4 = ICE PELLETS
                        TOTAL MONTH:   0.0 INCH    5 = HAIL
                        GRTST 24HR     0.0         6 = FREEZING RAIN OR DRIZZLE
                        GRTST DEPTH:   0           7 = DUSTSTORM OR SANDSTORM:
                                                       VSBY 1/2 MILE OR LESS
                                                   8 = SMOKE OR HAZE
[NO. OF DAYS WITH]      [WEATHER - DAYS WITH]      9 = BLOWING SNOW
                                                   X = TORNADO
MAX 32 OR BELOW:   0    0.01 INCH OR MORE:   1
MAX 90 OR ABOVE:   7    0.10 INCH OR MORE:   0
MIN 32 OR BELOW:   0    0.50 INCH OR MORE:   0
MIN  0 OR BELOW:   0    1.00 INCH OR MORE:   0

[HDD (BASE 65) ]
TOTAL THIS MO.     1    CLEAR  (SCALE 0-3)  12
DPTR FM NORMAL     1    PTCLDY (SCALE 4-7)   5
TOTAL FM JUL 1     2    CLOUDY (SCALE 8-10)  1
DPTR FM NORMAL   -15

[CDD (BASE 65) ]
TOTAL THIS MO.   173
DPTR FM NORMAL    74    [PRESSURE DATA]
TOTAL FM JAN 1   466    HIGHEST SLP M ON M
DPTR FM NORMAL   156    LOWEST  SLP 29.78 ON  4

[REMARKS]
