000
CXUS54 KMAF 241100
CF6PEQ
PRELIMINARY LOCAL CLIMATOLOGICAL DATA (WS FORM: F-6)

                                          STATION:   Pecos Municipal Airport
                                          MONTH:     OCTOBER
                                          YEAR:      2014
                                          LATITUDE:   31 22 N
                                          LONGITUDE: 103 31 W

  TEMPERATURE IN F:       :PCPN:    SNOW:  WIND      :SUNSHINE: SKY     :PK WND
================================================================================
1   2   3   4   5  6A  6B    7    8   9   10  11  12  13   14  15   16   17  18
                                     12Z  AVG MX 2MIN
DY MAX MIN AVG DEP HDD CDD  WTR  SNW DPTH SPD SPD DIR MIN PSBL S-S WX    SPD DR
================================================================================

 1  92  60  76   M   0  11 0.00  0.0    0  6.1 13 260   M    M   0        21 240
 2  86  56  71   M   0   6 0.00  0.0    0  7.6 15 320   M    M   0        18 320
 3  86  48  67   M   0   2 0.00  0.0    0  4.7 12  70   M    M   0         M  M
 4  87  50  69   M   0   4 0.00  0.0    0  3.2  6 310   M    M   0         M  M
 5  91  50  71   M   0   6 0.00  0.0    0  5.9 14 270   M    M   0        18 270
 6  91  51  71   M   0   6 0.00  0.0    0  4.9  9 280   M    M   0         M  M
 7  94  47  71   M   0   6 0.00  0.0    0  4.6 17 260   M    M   0        23 260
 8  96  52  74   M   0   9 0.00  0.0    0  5.5 16 130   M    M   0        20 130
 9  94  63  79   M   0  14 0.00  0.0    0  6.1 14  80   M    M   2         M  M
10  84  62  73   M   0   8 0.00  0.0    0 11.4 17  20   M    M   1        23  20
11  70  51  61   M   4   0 0.00  0.0    0  5.6 12  40   M    M   1         M  M
12  90  46  68   M   0   3 0.00  0.0    0  7.0 20 230   M    M   1 8      35 230
13  73  46  60   M   5   0 0.00  0.0    0  9.5 21 340   M    M   1        30 340
14  78  38  58   M   7   0 0.00  0.0    0  2.7  7  70   M    M   0         M  M
15  85  42  64   M   1   0 0.00  0.0    0  3.0  7  90   M    M   0         M  M
16  94  43  69   M   0   4 0.00  0.0    0  3.5 13 270   M    M   0 8      18 320
17  91  51  71   M   0   6 0.00  0.0    0  4.5 14  50   M    M   0         M  M
18  81  58  70   M   0   5 0.00  0.0    0  8.9 15  90   M    M   1        18  90
19  81  59  70   M   0   5 0.00  0.0    0  8.0 15 110   M    M   2         M  M
20  74  60  67   M   0   2 0.53  0.0    0  3.5 13  60   M    M   5 13      M  M
21  72  60  66   M   0   1 0.10  0.0    0  7.0 15  90   M    M   7 1      18 110
22  79  59  69   M   0   4 0.06  0.0    0  4.7 12  90   M    M   4 1       M  M
23  80  56  68   M   0   3 0.00  0.0    0  2.4  7 130   M    M   3 12      M  M
================================================================================
SM 1949 1208        17 105  0.69     0.0 130.3          M       28
================================================================================
AV 84.7 52.5                               5.7 FASTST   M    M   1    MAX(MPH)
                                 MISC ---->    21   M               # 35  230
================================================================================
NOTES:
# LAST OF SEVERAL OCCURRENCES

COLUMN 17 PEAK WIND IN M.P.H.

PRELIMINARY LOCAL CLIMATOLOGICAL DATA (WS FORM: F-6) , PAGE 2

                                          STATION:  Pecos Municipal Airport
                                          MONTH:    OCTOBER
                                          YEAR:     2014
                                          LATITUDE:   31 22 N
                                          LONGITUDE: 103 31 W

[TEMPERATURE DATA]      [PRECIPITATION DATA]       SYMBOLS USED IN COLUMN 16

AVERAGE MONTHLY: 68.6   TOTAL FOR MONTH:   0.69    1 = FOG OR MIST
DPTR FM NORMAL:     M   DPTR FM NORMAL:       M    2 = FOG REDUCING VISIBILITY
HIGHEST:    96 ON  8    GRTST 24HR  0.53 ON 20-20      TO 1/4 MILE OR LESS
LOWEST:     38 ON 14                               3 = THUNDER
                        SNOW, ICE PELLETS, HAIL    4 = ICE PELLETS
                        TOTAL MONTH:   0.0 INCH    5 = HAIL
                        GRTST 24HR     0.0         6 = FREEZING RAIN OR DRIZZLE
                        GRTST DEPTH:   0           7 = DUSTSTORM OR SANDSTORM:
                                                       VSBY 1/2 MILE OR LESS
                                                   8 = SMOKE OR HAZE
[NO. OF DAYS WITH]      [WEATHER - DAYS WITH]      9 = BLOWING SNOW
                                                   X = TORNADO
MAX 32 OR BELOW:   0    0.01 INCH OR MORE:   3
MAX 90 OR ABOVE:   9    0.10 INCH OR MORE:   2
MIN 32 OR BELOW:   0    0.50 INCH OR MORE:   1
MIN  0 OR BELOW:   0    1.00 INCH OR MORE:   0

[HDD (BASE 65) ]
TOTAL THIS MO.    17    CLEAR  (SCALE 0-3)  20
DPTR FM NORMAL     M    PTCLDY (SCALE 4-7)   3
TOTAL FM JUL 1    32    CLOUDY (SCALE 8-10)  0
DPTR FM NORMAL     M

[CDD (BASE 65) ]
TOTAL THIS MO.   105
DPTR FM NORMAL     M    [PRESSURE DATA]
TOTAL FM JAN 1  2586    HIGHEST SLP M ON M
DPTR FM NORMAL     M    LOWEST  SLP M ON M

[REMARKS]
