000
CXUS55 KTBW 211000
CF6PGD
PRELIMINARY LOCAL CLIMATOLOGICAL DATA (WS FORM: F-6)

                                          STATION:   Punta Gorda
                                          MONTH:     SEPTEMBER
                                          YEAR:      2014
                                          LATITUDE:   26 55 N
                                          LONGITUDE:  82  0 W

  TEMPERATURE IN F:       :PCPN:    SNOW:  WIND      :SUNSHINE: SKY     :PK WND
================================================================================
1   2   3   4   5  6A  6B    7    8   9   10  11  12  13   14  15   16   17  18
                                     12Z  AVG MX 2MIN
DY MAX MIN AVG DEP HDD CDD  WTR  SNW DPTH SPD SPD DIR MIN PSBL S-S WX    SPD DR
================================================================================

 1  96  74  85   2   0  20    T  0.0    0  4.7 18 180   M    M   1 3      24 180
 2  95  73  84   1   0  19 1.21  0.0    0  4.1 33 140   M    M   2 13     43  30
 3  92  73  83   0   0  18 0.08  0.0    0  5.7 16 220   M    M   1        21 120
 4  91  74  83   0   0  18 0.03  0.0    0  4.5 15  60   M    M   3 3      29  30
 5  92  74  83   0   0  18    T  0.0    0  4.4 18 120   M    M   2 3      25 120
 6  93  73  83   0   0  18 0.00  0.0    0  3.9 22 140   M    M   2 3      30 140
 7  92  74  83   1   0  18    T  0.0    0  4.8 24 150   M    M   1 13     33 140
 8  92  74  83   1   0  18 0.00  0.0    0  5.6 20 190   M    M   0 3      23 200
 9  94  75  85   3   0  20 0.66  0.0    0  5.8 22 270   M    M   2 13     30 270
10  93  73  83   1   0  18 0.12  0.0    0  6.3 25 180   M    M   1 13     33 180
11  92  74  83   1   0  18 0.41  0.0    0  3.7 25  30   M    M   2 13     32  30
12  90  76  83   1   0  18 0.16  0.0    0  9.2 22  70   M    M   3 1      27  80
13  91  75  83   1   0  18    T  0.0    0  8.1 18 180   M    M   1 3      28  50
14  90  74  82   0   0  17 0.02  0.0    0  5.6 25 340   M    M   4 1      42  40
15  94  72  83   1   0  18 0.00  0.0    0  3.7  9 300   M    M   1 1      22 220
16  94  75  85   3   0  20 0.00  0.0    0  4.2 16 360   M    M   1        22  10
17  83  74  79  -3   0  14 0.34  0.0    0  4.4 23 300   M    M   4 13     29  90
18  92  73  83   1   0  18 0.00  0.0    0  3.4 12 280   M    M   3 12     28 270
19  82  73  78  -4   0  13 0.56  0.0    0  3.2 12 120   M    M   4 1      27  30
20  79  73  76  -6   0  11 1.52  0.0    0  5.9 20 340   M    M   6 1      24 250
================================================================================
SM 1817 1476         0 350  5.11     0.0 101.2          M       44
================================================================================
AV 90.8 73.8                               5.1 FASTST   M    M   2    MAX(MPH)
                                 MISC ---->  # 33 140               # 43   30
================================================================================
NOTES:
# LAST OF SEVERAL OCCURRENCES

COLUMN 17 PEAK WIND IN M.P.H.

PRELIMINARY LOCAL CLIMATOLOGICAL DATA (WS FORM: F-6) , PAGE 2

                                          STATION:  Punta Gorda
                                          MONTH:    SEPTEMBER
                                          YEAR:     2014
                                          LATITUDE:   26 55 N
                                          LONGITUDE:  82  0 W

[TEMPERATURE DATA]      [PRECIPITATION DATA]       SYMBOLS USED IN COLUMN 16

AVERAGE MONTHLY: 82.3   TOTAL FOR MONTH:   5.11    1 = FOG OR MIST
DPTR FM NORMAL:   0.0   DPTR FM NORMAL:   -0.50    2 = FOG REDUCING VISIBILITY
HIGHEST:    96 ON  1    GRTST 24HR  1.96 ON 19-20      TO 1/4 MILE OR LESS
LOWEST:     72 ON 15                               3 = THUNDER
                        SNOW, ICE PELLETS, HAIL    4 = ICE PELLETS
                        TOTAL MONTH:   0.0 INCH    5 = HAIL
                        GRTST 24HR     0.0         6 = FREEZING RAIN OR DRIZZLE
                        GRTST DEPTH:   0           7 = DUSTSTORM OR SANDSTORM:
                                                       VSBY 1/2 MILE OR LESS
                                                   8 = SMOKE OR HAZE
[NO. OF DAYS WITH]      [WEATHER - DAYS WITH]      9 = BLOWING SNOW
                                                   X = TORNADO
MAX 32 OR BELOW:   0    0.01 INCH OR MORE:  11
MAX 90 OR ABOVE:  17    0.10 INCH OR MORE:   8
MIN 32 OR BELOW:   0    0.50 INCH OR MORE:   4
MIN  0 OR BELOW:   0    1.00 INCH OR MORE:   2

[HDD (BASE 65) ]
TOTAL THIS MO.     0    CLEAR  (SCALE 0-3)  15
DPTR FM NORMAL     0    PTCLDY (SCALE 4-7)   5
TOTAL FM JUL 1     0    CLOUDY (SCALE 8-10)  0
DPTR FM NORMAL     0

[CDD (BASE 65) ]
TOTAL THIS MO.   350
DPTR FM NORMAL     2    [PRESSURE DATA]
TOTAL FM JAN 1  3115    HIGHEST SLP M ON M
DPTR FM NORMAL   279    LOWEST  SLP 29.87 ON 18

[REMARKS]
