000
CXUS53 KUNR 200945
CF6PHP
PRELIMINARY LOCAL CLIMATOLOGICAL DATA (WS FORM: F-6)

                                          STATION:   PHILIP SD
                                          MONTH:     NOVEMBER
                                          YEAR:      2017
                                          LATITUDE:   44  3 N
                                          LONGITUDE: 101 36 W

  TEMPERATURE IN F:       :PCPN:    SNOW:  WIND      :SUNSHINE: SKY     :PK WND
================================================================================
1   2   3   4   5  6A  6B    7    8   9   10  11  12  13   14  15   16   17  18
                                     12Z  AVG MX 2MIN
DY MAX MIN AVG DEP HDD CDD  WTR  SNW DPTH SPD SPD DIR MIN PSBL S-S WX    SPD DR
================================================================================

 1  53  34  44   3  21   0    T    M    M  9.0 23 310   M    M   8        28 320
 2  41  30  36  -5  29   0    T    M    M 10.6 22 330   M    M   9 1      26 330
 3  44  31  38  -2  27   0    T    M    M 14.4 28 160   M    M   8        34 160
 4  44  26  35  -5  30   0 0.00    M    M 13.1 24 330   M    M   6 1      29 320
 5  39  19  29 -10  36   0 0.00    M    M  6.9 16 340   M    M   6        20 330
 6  37  22  30  -9  35   0 0.07    M    M 10.8 21 350   M    M  10 1      25 350
 7  37  16  27 -11  38   0 0.00    M    M  5.7 16 360   M    M   4        20 360
 8  46  14  30  -8  35   0 0.00    M    M  4.3 18 350   M    M   1        22 350
 9  24  19  22 -15  43   0 0.00    M    M 10.5 18 120   M    M   8        24 120
10  52  21  37   0  28   0 0.00    M    M  7.9 21 140   M    M   0        27 140
11  49  18  34  -2  31   0    T    M    M  5.7 15  50   M    M   5        17  60
12  57  20  39   3  26   0    T    M    M  6.0 14 190   M    M   0        18 180
13  62  26  44   9  21   0 0.00    M    M  3.7  8 280   M    M   0        10 300
14  62  23  43   8  22   0 0.00    M    M 12.0 28 330   M    M   2        37 320
15  41  19  30  -4  35   0 0.00    M    M  7.5 15  80   M    M   0        18  90
16  69  21  45  11  20   0 0.00    M    M  9.9 26 330   M    M   1        33 330
17  45  33  39   6  26   0 0.17    M    M  6.3 24 340   M    M   8 1      29 340
18  46  27  37   4  28   0 0.00    M    M 11.5 24 320   M    M   2        29 320
19  58  23  41   9  24   0 0.00    M    M  7.2 16 250   M    M   0        20 250
================================================================================
SM  906  442       555   0  0.24    M    163.0          M       78
================================================================================
AV 47.7 23.3                               8.6 FASTST   M    M   4    MAX(MPH)
                                 MISC ---->  # 28 160               # 37  320
================================================================================
NOTES:
# LAST OF SEVERAL OCCURRENCES

COLUMN 17 PEAK WIND IN M.P.H.

PRELIMINARY LOCAL CLIMATOLOGICAL DATA (WS FORM: F-6) , PAGE 2

                                          STATION:  PHILIP SD
                                          MONTH:    NOVEMBER
                                          YEAR:     2017
                                          LATITUDE:   44  3 N
                                          LONGITUDE: 101 36 W

[TEMPERATURE DATA]      [PRECIPITATION DATA]       SYMBOLS USED IN COLUMN 16

AVERAGE MONTHLY: 35.5   TOTAL FOR MONTH:   0.24    1 = FOG OR MIST
DPTR FM NORMAL:  -1.3   DPTR FM NORMAL:   -0.22    2 = FOG REDUCING VISIBILITY
HIGHEST:    69 ON 16    GRTST 24HR  0.17 ON 17-17      TO 1/4 MILE OR LESS
LOWEST:     14 ON  8                               3 = THUNDER
                        SNOW, ICE PELLETS, HAIL    4 = ICE PELLETS
                        TOTAL MONTH:    M          5 = HAIL
                        GRTST 24HR    M  ON   M    6 = FREEZING RAIN OR DRIZZLE
                        GRTST DEPTH:  M  ON   M    7 = DUSTSTORM OR SANDSTORM:
                                                       VSBY 1/2 MILE OR LESS
                                                   8 = SMOKE OR HAZE
[NO. OF DAYS WITH]      [WEATHER - DAYS WITH]      9 = BLOWING SNOW
                                                   X = TORNADO
MAX 32 OR BELOW:   1    0.01 INCH OR MORE:   2
MAX 90 OR ABOVE:   0    0.10 INCH OR MORE:   1
MIN 32 OR BELOW:  17    0.50 INCH OR MORE:   0
MIN  0 OR BELOW:   0    1.00 INCH OR MORE:   0

[HDD (BASE 65) ]
TOTAL THIS MO.   555    CLEAR  (SCALE 0-3)   9
DPTR FM NORMAL    18    PTCLDY (SCALE 4-7)   6
TOTAL FM JUL 1  1217    CLOUDY (SCALE 8-10)  4
DPTR FM NORMAL   -23

[CDD (BASE 65) ]
TOTAL THIS MO.     0
DPTR FM NORMAL     0    [PRESSURE DATA]
TOTAL FM JAN 1   911    HIGHEST SLP M ON M
DPTR FM NORMAL    93    LOWEST  SLP 29.24 ON  1

[REMARKS]
