000
CXUS55 KPSR 281005
CF6PHX
PRELIMINARY LOCAL CLIMATOLOGICAL DATA (WS FORM: F-6)

                                          STATION:   PHOENIX AZ
                                          MONTH:     SEPTEMBER
                                          YEAR:      2016
                                          LATITUDE:   33 25 N
                                          LONGITUDE: 112  1 W

  TEMPERATURE IN F:       :PCPN:    SNOW:  WIND      :SUNSHINE: SKY     :PK WND
================================================================================
1   2   3   4   5  6A  6B    7    8   9   10  11  12  13   14  15   16   17  18
                                     12Z  AVG MX 2MIN
DY MAX MIN AVG DEP HDD CDD  WTR  SNW DPTH SPD SPD DIR MIN PSBL S-S WX    SPD DR
================================================================================

 1 104  87  96   4   0  31 0.00  0.0    0  7.8 21  60   M    M   7 3      27 200
 2 105  84  95   3   0  30 0.00  0.0    0  5.3 15 260   M    M   3        20 260
 3 106  83  95   3   0  30 0.00  0.0    0  9.3 23 220   M    M   3        28 220
 4 101  76  89  -3   0  24 0.00  0.0    0  7.8 15 220   M    M   0        20 320
 5 103  75  89  -3   0  24 0.00  0.0    0  5.3 14 210   M    M   0        24 120
 6 101  78  90  -1   0  25 0.00  0.0    0  8.4 21 270   M    M   4        25 140
 7  88  77  83  -8   0  18 0.04  0.0    0  9.0 23 190   M    M   9        29 180
 8  96  74  85  -6   0  20 0.00  0.0    0  6.1 16 270   M    M   4        21 250
 9 103  80  92   1   0  27 0.00  0.0    0  6.4 16 280   M    M   3        20 270
10 104  82  93   3   0  28 0.00  0.0    0  4.0 13 270   M    M   3        16 350
11 105  80  93   3   0  28 0.00  0.0    0  6.3 16 290   M    M   2        21 290
12 101  83  92   2   0  27 0.00  0.0    0  8.5 20 150   M    M   5 3      26 140
13  98  78  88  -2   0  23 0.00  0.0    0 11.8 21 170   M    M   6        29 150
14  98  76  87  -2   0  22 0.00  0.0    0  7.0 18 280   M    M   2        25 270
15  97  72  85  -4   0  20 0.00  0.0    0  3.5 14 300   M    M   1        21 300
16  97  70  84  -5   0  19 0.00  0.0    0  5.6 13 220   M    M   2        17  10
17 100  73  87  -1   0  22 0.00  0.0    0  3.9 13 100   M    M   1        16 100
18 105  72  89   1   0  24 0.00  0.0    0  5.1 12 270   M    M   0        16 280
19 100  76  88   0   0  23 0.00  0.0    0  8.4 24 270   M    M   6        29 270
20  89  81  85  -2   0  20    T  0.0    0 10.0 21 310   M    M   9        31 310
21 100  76  88   1   0  23 0.00  0.0    0  9.0 29 280   M    M   6        33 280
22  87  73  80  -6   0  15 0.26  0.0    0  6.6 33 280   M    M   5 13     37 270
23  88  71  80  -6   0  15 0.00  0.0    0  8.4 20 300   M    M   4        25 310
24  90  62  76 -10   0  11 0.00  0.0    0  5.4 16 280   M    M   0        19 280
25  95  67  81  -4   0  16 0.00  0.0    0  6.0 17  50   M    M   1        24  50
26  91  75  83  -2   0  18    T  0.0    0 10.5 25 120   M    M   8        32 150
27  88  69  79  -5   0  14    T  0.0    0  8.5 22  40   M    M   7 78     28 120
================================================================================
SM 2640 2050         0 597  0.30     0.0 193.9          M      101
================================================================================
AV 97.8 75.9                               7.2 FASTST   M    M   4    MAX(MPH)
                                 MISC ---->  # 33 280               # 37  270
================================================================================
NOTES:
# LAST OF SEVERAL OCCURRENCES

COLUMN 17 PEAK WIND IN M.P.H.

PRELIMINARY LOCAL CLIMATOLOGICAL DATA (WS FORM: F-6) , PAGE 2

                                          STATION:  PHOENIX AZ
                                          MONTH:    SEPTEMBER
                                          YEAR:     2016
                                          LATITUDE:   33 25 N
                                          LONGITUDE: 112  1 W

[TEMPERATURE DATA]      [PRECIPITATION DATA]       SYMBOLS USED IN COLUMN 16

AVERAGE MONTHLY: 86.9   TOTAL FOR MONTH:   0.30    1 = FOG OR MIST
DPTR FM NORMAL:  -2.1   DPTR FM NORMAL:   -0.28    2 = FOG REDUCING VISIBILITY
HIGHEST:   106 ON  3    GRTST 24HR  0.26 ON 22-22      TO 1/4 MILE OR LESS
LOWEST:     62 ON 24                               3 = THUNDER
                        SNOW, ICE PELLETS, HAIL    4 = ICE PELLETS
                        TOTAL MONTH:   0.0 INCH    5 = HAIL
                        GRTST 24HR     0.0         6 = FREEZING RAIN OR DRIZZLE
                        GRTST DEPTH:   0           7 = DUSTSTORM OR SANDSTORM:
                                                       VSBY 1/2 MILE OR LESS
                                                   8 = SMOKE OR HAZE
[NO. OF DAYS WITH]      [WEATHER - DAYS WITH]      9 = BLOWING SNOW
                                                   X = TORNADO
MAX 32 OR BELOW:   0    0.01 INCH OR MORE:   2
MAX 90 OR ABOVE:  22    0.10 INCH OR MORE:   1
MIN 32 OR BELOW:   0    0.50 INCH OR MORE:   0
MIN  0 OR BELOW:   0    1.00 INCH OR MORE:   0

[HDD (BASE 65) ]
TOTAL THIS MO.     0    CLEAR  (SCALE 0-3)  14
DPTR FM NORMAL     0    PTCLDY (SCALE 4-7)  11
TOTAL FM JUL 1     0    CLOUDY (SCALE 8-10)  2
DPTR FM NORMAL     0

[CDD (BASE 65) ]
TOTAL THIS MO.   597
DPTR FM NORMAL   -49    [PRESSURE DATA]
TOTAL FM JAN 1  4349    HIGHEST SLP M ON M
DPTR FM NORMAL   234    LOWEST  SLP 29.54 ON  5

[REMARKS]
